000
CDUS43 KBIS 230734
CLIBIS


CLIMATE REPORT
NATIONAL WEATHER SERVICE BISMARCK ND
233 AM CDT THU MAY 23 2019


...................................

...THE BISMARCK ND CLIMATE SUMMARY FOR MAY 22 2019...

CLIMATE NORMAL PERIOD 1981 TO 2010
CLIMATE RECORD PERIOD 1875 TO 2019


WEATHER ITEM   OBSERVED TIME   RECORD YEAR NORMAL DEPARTURE LAST
                VALUE   (LST)  VALUE       VALUE  FROM      YEAR
                                                  NORMAL
..................................................................
TEMPERATURE (F)
 YESTERDAY
  MAXIMUM         55   1208 AM  93    1980  70    -15       85
  MINIMUM         43    630 AM  24    1963  45     -2       48
                                      1882
  AVERAGE         49                        58     -9       67

PRECIPITATION (IN)
  YESTERDAY        0.30          1.22 1927   0.08   0.22     0.18
  MONTH TO DATE    2.01                      1.61   0.40     1.10
  SINCE MAR 1      4.14                      3.74   0.40     3.29
  SINCE JAN 1      5.94                      4.68   1.26     4.04

SNOWFALL (IN)
  YESTERDAY       MM             0.0  2002   0.0   MM        0.0
                                      2001
  MONTH TO DATE    0.0                       0.4   -0.4       T
  SINCE MAR 1     17.0                      13.7    3.3     26.3
  SINCE JUL 1     60.3                      51.2    9.1     44.1
  SNOW DEPTH       0

DEGREE DAYS
 HEATING
  YESTERDAY       16                         8      8        0
  MONTH TO DATE  338                       248     90      174
  SINCE MAR 1   2259                      1972    287     2219
  SINCE JUL 1   9106                      8403    703     8535

 COOLING
  YESTERDAY        0                         1     -1        2
  MONTH TO DATE    3                         4     -1        6
  SINCE MAR 1      3                         5     -2        7
  SINCE JAN 1      3                         5     -2        7
..................................................................


WIND (MPH)
  HIGHEST WIND SPEED    26   HIGHEST WIND DIRECTION     E (70)
  HIGHEST GUST SPEED    34   HIGHEST GUST DIRECTION    NE (60)
  AVERAGE WIND SPEED    13.4


SKY COVER
  POSSIBLE SUNSHINE  MM
  AVERAGE SKY COVER 1.0


WEATHER CONDITIONS
 THE FOLLOWING WEATHER WAS RECORDED YESTERDAY.
  RAIN
  LIGHT RAIN
  FOG


RELATIVE HUMIDITY (PERCENT)
 HIGHEST    96           600 AM
 LOWEST     47          1200 AM
 AVERAGE    72

..........................................................


THE BISMARCK ND CLIMATE NORMALS FOR TODAY
                         NORMAL    RECORD    YEAR
 MAXIMUM TEMPERATURE (F)   70        96      1928
 MINIMUM TEMPERATURE (F)   45        28      2002
                                             1992


SUNRISE AND SUNSET
MAY 23 2019...........SUNRISE   600 AM CDT   SUNSET   920 PM CDT
MAY 24 2019...........SUNRISE   559 AM CDT   SUNSET   921 PM CDT


-  INDICATES NEGATIVE NUMBERS.
R  INDICATES RECORD WAS SET OR TIED.
MM INDICATES DATA IS MISSING.
T  INDICATES TRACE AMOUNT.




$$
