000
CDUS43 KBIS 190732
CLIBIS


CLIMATE REPORT
NATIONAL WEATHER SERVICE BISMARCK ND
231 AM CDT TUE MAR 19 2019


...................................

...THE BISMARCK ND CLIMATE SUMMARY FOR MARCH 18 2019...

CLIMATE NORMAL PERIOD 1981 TO 2010
CLIMATE RECORD PERIOD 1875 TO 2019


WEATHER ITEM   OBSERVED TIME   RECORD YEAR NORMAL DEPARTURE LAST
                VALUE   (LST)  VALUE       VALUE  FROM      YEAR
                                                  NORMAL
..................................................................
TEMPERATURE (F)
 YESTERDAY
  MAXIMUM         38    316 PM  79    2012  41     -3       34
  MINIMUM          9    414 AM -20    1875  20    -11       16
  AVERAGE         24                        31     -7       25

PRECIPITATION (IN)
  YESTERDAY        T             0.52 1968   0.03  -0.03     0.06
  MONTH TO DATE    0.99                      0.46   0.53     0.75
  SINCE MAR 1      0.99                      0.46   0.53     0.75
  SINCE JAN 1      2.79                      1.40   1.39     1.50

SNOWFALL (IN)
  YESTERDAY        0.0           5.2  1886   0.3   -0.3      0.2
  MONTH TO DATE   13.2                       5.6    7.6      8.7
  SINCE MAR 1     13.2                       5.6    7.6      8.7
  SINCE JUL 1     56.5                      43.1   13.4     26.5
  SNOW DEPTH       9

DEGREE DAYS
 HEATING
  YESTERDAY       41                        34      7       40
  MONTH TO DATE  918                       686    232      726
  SINCE MAR 1    918                       686    232      726
  SINCE JUL 1   7765                      7117    648     7042

 COOLING
  YESTERDAY        0                         0      0        0
  MONTH TO DATE    0                         0      0        0
  SINCE MAR 1      0                         0      0        0
  SINCE JAN 1      0                         0      0        0
..................................................................


WIND (MPH)
  HIGHEST WIND SPEED    17   HIGHEST WIND DIRECTION    SW (220)
  HIGHEST GUST SPEED    22   HIGHEST GUST DIRECTION     S (200)
  AVERAGE WIND SPEED     5.5


SKY COVER
  POSSIBLE SUNSHINE  MM
  AVERAGE SKY COVER 0.4


WEATHER CONDITIONS
 THE FOLLOWING WEATHER WAS RECORDED YESTERDAY.
  NO SIGNIFICANT WEATHER WAS OBSERVED.


RELATIVE HUMIDITY (PERCENT)
 HIGHEST    92           100 AM
 LOWEST     53          1100 AM
 AVERAGE    73

..........................................................


THE BISMARCK ND CLIMATE NORMALS FOR TODAY
                         NORMAL    RECORD    YEAR
 MAXIMUM TEMPERATURE (F)   42        70      1910
 MINIMUM TEMPERATURE (F)   21       -14      1875


SUNRISE AND SUNSET
MARCH 19 2019.........SUNRISE   748 AM CDT   SUNSET   754 PM CDT
MARCH 20 2019.........SUNRISE   746 AM CDT   SUNSET   755 PM CDT


-  INDICATES NEGATIVE NUMBERS.
R  INDICATES RECORD WAS SET OR TIED.
MM INDICATES DATA IS MISSING.
T  INDICATES TRACE AMOUNT.




$$
