000
CDUS43 KGRR 260553
CLIBIV


CLIMATE REPORT
NATIONAL WEATHER SERVICE GRAND RAPIDS, MI
152 AM EDT SUN MAY 26 2019


...................................

...THE HOLLAND/TULIP CITY MI CLIMATE SUMMARY FOR MAY 25 2019...

CLIMATE NORMAL PERIOD 1981 TO 2010
CLIMATE RECORD PERIOD 1996 TO 2019


WEATHER ITEM   OBSERVED TIME   NORMAL DEPARTURE LAST
                VALUE   (LST)  VALUE  FROM      YEAR
                                      NORMAL
......................................................
TEMPERATURE (F)
 YESTERDAY
  MAXIMUM         75    520 PM  72      3       84
  MINIMUM         63    145 AM  52     11       61
  AVERAGE         69            62      7       73

PRECIPITATION (IN)
  YESTERDAY        0.01          0.10  -0.09     0.00
  MONTH TO DATE    4.35          2.67   1.68     5.32
  SINCE MAR 1     10.36          8.19   2.17     8.90
  SINCE JAN 1     14.23         12.08   2.15    14.52

DEGREE DAYS
 HEATING
  YESTERDAY        0             5     -5        0
  MONTH TO DATE  266           205     61      118
  SINCE MAR 1   1779          1584    195     1807
  SINCE JUL 1   6500          6084    416     6314

 COOLING
  YESTERDAY        4             2      2        8
  MONTH TO DATE    4            24    -20       23
  SINCE MAR 1      4            28    -24       23
  SINCE JAN 1      4            28    -24       23
......................................................


WIND (MPH)
  RESULTANT WIND SPEED  10   RESULTANT WIND DIRECTION  SW (240)
  HIGHEST WIND SPEED    23   HIGHEST WIND DIRECTION    SW (240)
  HIGHEST GUST SPEED    32   HIGHEST GUST DIRECTION    SW (230)
  AVERAGE WIND SPEED    12.5


SKY COVER
  AVERAGE SKY COVER 0.5


WEATHER CONDITIONS
 THE FOLLOWING WEATHER WAS RECORDED YESTERDAY.
  THUNDERSTORM
  LIGHT RAIN


RELATIVE HUMIDITY (PERCENT)
 HIGHEST    87           300 AM
 LOWEST     68          1000 AM
 AVERAGE    78

..........................................................


THE HOLLAND/TULIP CITY MI CLIMATE NORMALS FOR TODAY
                         NORMAL
 MAXIMUM TEMPERATURE (F)   72
 MINIMUM TEMPERATURE (F)   52


SUNRISE AND SUNSET
MAY 26 2019...........SUNRISE   613 AM EDT   SUNSET   911 PM EDT
MAY 27 2019...........SUNRISE   612 AM EDT   SUNSET   912 PM EDT


-  INDICATES NEGATIVE NUMBERS.
R  INDICATES RECORD WAS SET OR TIED.
MM INDICATES DATA IS MISSING.
T  INDICATES TRACE AMOUNT.




$$
