000
CDUS46 KBOI 220932
CLIBKE


CLIMATE REPORT
NATIONAL WEATHER SERVICE BOISE ID
332 AM MDT WED MAY 22 2019


...................................

...THE BAKER OR CLIMATE SUMMARY FOR MAY 21 2019...

CLIMATE NORMAL PERIOD 1981 TO 2010
CLIMATE RECORD PERIOD 1928 TO 2019


WEATHER ITEM   OBSERVED TIME   RECORD YEAR NORMAL DEPARTURE LAST
                VALUE   (LST)  VALUE       VALUE  FROM      YEAR
                                                  NORMAL
..................................................................
TEMPERATURE (F)
 YESTERDAY
  MAXIMUM         59    156 PM  89    2000  67     -8       77
                                      1967
  MINIMUM         43    724 AM  26    2009  38      5       51
  AVERAGE         51                        52     -1       64

PRECIPITATION (IN)
  YESTERDAY        0.16          0.69 1998   0.05   0.11     0.00
  MONTH TO DATE    0.58                      0.95  -0.37     0.66
  SINCE OCT 1      6.18                      6.51  -0.33     4.81
  SINCE JAN 1      5.05                      4.00   1.05     3.55

DEGREE DAYS
 HEATING
  YESTERDAY       14                        13      1        1
  MONTH TO DATE  232                       320    -88      156
  SINCE MAR 1   1634                      1813   -179     1481
  SINCE JUL 1   6482                      7333   -851     6240

 COOLING
  YESTERDAY        0                         0      0        0
  MONTH TO DATE    0                         0      0        0
  SINCE MAR 1      0                         0      0        0
  SINCE JAN 1      0                         0      0        0
..................................................................


WIND (MPH)
  RESULTANT WIND SPEED   8   RESULTANT WIND DIRECTION   N (340)
  HIGHEST WIND SPEED    22   HIGHEST WIND DIRECTION     N (350)
  HIGHEST GUST SPEED    27   HIGHEST GUST DIRECTION     N (340)
  AVERAGE WIND SPEED     9.1


SKY COVER
  AVERAGE SKY COVER 0.8


WEATHER CONDITIONS
 THE FOLLOWING WEATHER WAS RECORDED YESTERDAY.
  LIGHT RAIN
  FOG


RELATIVE HUMIDITY (PERCENT)
 HIGHEST    89           200 AM
 LOWEST     51           400 PM
 AVERAGE    70

..........................................................


THE BAKER OR CLIMATE NORMALS FOR TODAY
                         NORMAL    RECORD    YEAR
 MAXIMUM TEMPERATURE (F)   68        89      2001
                                             1958
                                             1956
 MINIMUM TEMPERATURE (F)   38        30      2013
                                             1966


SUNRISE AND SUNSET
MAY 22 2019...........SUNRISE   516 AM PDT   SUNSET   821 PM PDT
MAY 23 2019...........SUNRISE   515 AM PDT   SUNSET   822 PM PDT


-  INDICATES NEGATIVE NUMBERS.
R  INDICATES RECORD WAS SET OR TIED.
MM INDICATES DATA IS MISSING.
T  INDICATES TRACE AMOUNT.




$$
