000
CDUS46 KBOI 240932
CLIBKE


CLIMATE REPORT
NATIONAL WEATHER SERVICE BOISE ID
331 AM MDT SUN MAR 24 2019


...................................

...THE BAKER OR CLIMATE SUMMARY FOR MARCH 23 2019...

CLIMATE NORMAL PERIOD 1981 TO 2010
CLIMATE RECORD PERIOD 1928 TO 2019


WEATHER ITEM   OBSERVED TIME   RECORD YEAR NORMAL DEPARTURE LAST
                VALUE   (LST)  VALUE       VALUE  FROM      YEAR
                                                  NORMAL
..................................................................
TEMPERATURE (F)
 YESTERDAY
  MAXIMUM         50   1114 AM  72    1939  53     -3       52
  MINIMUM         38    458 AM  12    2013  27     11       28
  AVERAGE         44                        40      4       40

PRECIPITATION (IN)
  YESTERDAY        0.26          0.65 2002   0.02   0.24     0.00
  MONTH TO DATE    0.61                      0.60   0.01     0.82
  SINCE OCT 1      4.20                      4.49  -0.29     3.36
  SINCE JAN 1      3.07                      1.98   1.09     2.10

DEGREE DAYS
 HEATING
  YESTERDAY       21                        26     -5       25
  MONTH TO DATE  711                       652     59      595
  SINCE MAR 1    711                       652     59      595
  SINCE JUL 1   5559                      6172   -613     5354

 COOLING
  YESTERDAY        0                         0      0        0
  MONTH TO DATE    0                         0      0        0
  SINCE MAR 1      0                         0      0        0
  SINCE JAN 1      0                         0      0        0
..................................................................


WIND (MPH)
  RESULTANT WIND SPEED   5   RESULTANT WIND DIRECTION   W (280)
  HIGHEST WIND SPEED    16   HIGHEST WIND DIRECTION    NW (300)
  HIGHEST GUST SPEED    20   HIGHEST GUST DIRECTION    NW (330)
  AVERAGE WIND SPEED     7.2


SKY COVER
  AVERAGE SKY COVER 1.0


WEATHER CONDITIONS
 THE FOLLOWING WEATHER WAS RECORDED YESTERDAY.
  LIGHT RAIN


RELATIVE HUMIDITY (PERCENT)
 HIGHEST   100          1100 PM
 LOWEST     65          1200 AM
 AVERAGE    83

..........................................................


THE BAKER OR CLIMATE NORMALS FOR TODAY
                         NORMAL    RECORD    YEAR
 MAXIMUM TEMPERATURE (F)   53        71      1939
 MINIMUM TEMPERATURE (F)   27        11      2013


SUNRISE AND SUNSET
MARCH 24 2019.........SUNRISE   647 AM PDT   SUNSET   709 PM PDT
MARCH 25 2019.........SUNRISE   645 AM PDT   SUNSET   710 PM PDT


-  INDICATES NEGATIVE NUMBERS.
R  INDICATES RECORD WAS SET OR TIED.
MM INDICATES DATA IS MISSING.
T  INDICATES TRACE AMOUNT.




$$
