000
CDUS41 KRLX 210718
CLIBKW


CLIMATE REPORT
NATIONAL WEATHER SERVICE CHARLESTON WV
317 AM EDT SAT APR 21 2018


...................................

...THE BECKLEY WV CLIMATE SUMMARY FOR APRIL 20 2018...

CLIMATE NORMAL PERIOD 1981 TO 2010
CLIMATE RECORD PERIOD 1963 TO 2018


WEATHER ITEM   OBSERVED TIME   RECORD YEAR NORMAL DEPARTURE LAST
                VALUE   (LST)  VALUE       VALUE  FROM      YEAR
                                                  NORMAL
..................................................................
TEMPERATURE (F)
 YESTERDAY
  MAXIMUM         54    520 PM  85    1976  64    -10       77
  MINIMUM         31    607 AM  18    1904  43    -12       55
  AVERAGE         43                        54    -11       66

PRECIPITATION (IN)
  YESTERDAY        0.00          2.06 1940   0.12  -0.12     0.40
  MONTH TO DATE    3.45                      2.18   1.27     2.01
  SINCE JAN 1     16.69                     11.32   5.37    12.55

SNOWFALL (IN)
  YESTERDAY        0.0           9.0  1901   0.0    0.0      0.0
  MONTH TO DATE    3.5                       2.7    0.8      1.8
  SINCE SEP 1     54.5                      61.7   -7.2     26.0
  SNOW DEPTH       0

DEGREE DAYS
 HEATING
  YESTERDAY       22                        12     10        0
  MONTH TO DATE  355                       292     63      168
  SINCE MAR 1   1212                      1004    208      862
  SINCE JUL 1   4902                      5005   -103     3996

 COOLING
  YESTERDAY        0                         0      0        1
  MONTH TO DATE   10                         0     10        7
  SINCE MAR 1     11                         1     10        7
  SINCE JAN 1     12                         1     11        7
..................................................................


WIND (MPH)
  HIGHEST WIND SPEED    20   HIGHEST WIND DIRECTION     N (350)
  HIGHEST GUST SPEED    24   HIGHEST GUST DIRECTION    NW (330)
  AVERAGE WIND SPEED     7.7


SKY COVER
  POSSIBLE SUNSHINE  MM
  AVERAGE SKY COVER 0.0


WEATHER CONDITIONS
 THE FOLLOWING WEATHER WAS RECORDED YESTERDAY.
  NO SIGNIFICANT WEATHER WAS OBSERVED.


RELATIVE HUMIDITY (PERCENT)
 HIGHEST    72           500 AM
 LOWEST     24           200 PM
 AVERAGE    48

..........................................................


THE BECKLEY WV CLIMATE NORMALS FOR TODAY
                         NORMAL    RECORD    YEAR
 MAXIMUM TEMPERATURE (F)   65        83      1985
                                             1963
 MINIMUM TEMPERATURE (F)   43        19      1956


SUNRISE AND SUNSET
APRIL 21 2018.........SUNRISE   641 AM EDT   SUNSET   806 PM EDT
APRIL 22 2018.........SUNRISE   640 AM EDT   SUNSET   807 PM EDT


-  INDICATES NEGATIVE NUMBERS.
R  INDICATES RECORD WAS SET OR TIED.
MM INDICATES DATA IS MISSING.
T  INDICATES TRACE AMOUNT.




$$
