000
CDUS41 KRLX 250718
CLIBKW


CLIMATE REPORT
NATIONAL WEATHER SERVICE CHARLESTON WV
317 AM EDT TUE JUN 25 2019


...................................

...THE BECKLEY WV CLIMATE SUMMARY FOR JUNE 24 2019...

CLIMATE NORMAL PERIOD 1981 TO 2010
CLIMATE RECORD PERIOD 1893 TO 2019


WEATHER ITEM   OBSERVED TIME   RECORD YEAR NORMAL DEPARTURE LAST
                VALUE   (LST)  VALUE       VALUE  FROM      YEAR
                                                  NORMAL
..................................................................
TEMPERATURE (F)
 YESTERDAY
  MAXIMUM         85    425 PM  90    1949  79      6       80
                                      1931
                                      1914
  MINIMUM         65    533 AM  40    1918  60      5       65
  AVERAGE         75                        69      6       73

PRECIPITATION (IN)
  YESTERDAY        0.09          1.78 1912   0.14  -0.05     0.40
  MONTH TO DATE    2.52                      3.18  -0.66     4.07
  SINCE JAN 1     22.86                     20.34   2.52    26.55

DEGREE DAYS
 HEATING
  YESTERDAY        0                         0      0        0
  MONTH TO DATE   33                        38     -5        6
  SINCE JUN 1     33                        38     -5        6
  SINCE JUL 1   4784                      5339   -555     5078

 COOLING
  YESTERDAY       10                         5      5        8
  MONTH TO DATE   59                        80    -21      116
  SINCE JUN 1     59                        80    -21      116
  SINCE JAN 1    179                       121     58      252
..................................................................


WIND (MPH)
  HIGHEST WIND SPEED    20   HIGHEST WIND DIRECTION    SW (210)
  HIGHEST GUST SPEED    28   HIGHEST GUST DIRECTION    SW (220)
  AVERAGE WIND SPEED     8.0


SKY COVER
  POSSIBLE SUNSHINE  MM
  AVERAGE SKY COVER 0.2


WEATHER CONDITIONS
 THE FOLLOWING WEATHER WAS RECORDED YESTERDAY.
  THUNDERSTORM
  LIGHT RAIN
  FOG
  HAZE


RELATIVE HUMIDITY (PERCENT)
 HIGHEST    93           400 AM
 LOWEST     48           400 PM
 AVERAGE    71

..........................................................


THE BECKLEY WV CLIMATE NORMALS FOR TODAY
                         NORMAL    RECORD    YEAR
 MAXIMUM TEMPERATURE (F)   79        91      1914
 MINIMUM TEMPERATURE (F)   60        38      1979


SUNRISE AND SUNSET
JUNE 25 2019..........SUNRISE   604 AM EDT   SUNSET   850 PM EDT
JUNE 26 2019..........SUNRISE   604 AM EDT   SUNSET   850 PM EDT


-  INDICATES NEGATIVE NUMBERS.
R  INDICATES RECORD WAS SET OR TIED.
MM INDICATES DATA IS MISSING.
T  INDICATES TRACE AMOUNT.




$$
