000
CDUS41 KRLX 260735
CLIBKW


CLIMATE REPORT
NATIONAL WEATHER SERVICE CHARLESTON WV
335 AM EDT TUE MAR 26 2019


...................................

...THE BECKLEY WV CLIMATE SUMMARY FOR MARCH 25 2019...

CLIMATE NORMAL PERIOD 1981 TO 2010
CLIMATE RECORD PERIOD 1893 TO 2019


WEATHER ITEM   OBSERVED TIME   RECORD YEAR NORMAL DEPARTURE LAST
                VALUE   (LST)  VALUE       VALUE  FROM      YEAR
                                                  NORMAL
..................................................................
TEMPERATURE (F)
 YESTERDAY
  MAXIMUM         55   1051 AM  82    1954  55      0       46
  MINIMUM         40   1159 PM   5    1940  35      5       20
  AVERAGE         48                        45      3       33

PRECIPITATION (IN)
  YESTERDAY        0.04          1.28 1935   0.12  -0.08     0.00
  MONTH TO DATE    2.41                      2.86  -0.45     3.17
  SINCE JAN 1     11.97                      8.43   3.54    12.47

SNOWFALL (IN)
  YESTERDAY       MM             6.0  1909   0.2   MM        0.0
                                      2001
  MONTH TO DATE    8.2                       7.4    0.8     21.6
  SINCE SEP 1     40.3                      57.9  -17.6     51.1
  SNOW DEPTH       0

DEGREE DAYS
 HEATING
  YESTERDAY       17                        20     -3       32
  MONTH TO DATE  656                       597     59      759
  SINCE MAR 1    656                       597     59      759
  SINCE JUL 1   4329                      4598   -269     4449

 COOLING
  YESTERDAY        0                         0      0        0
  MONTH TO DATE    0                         0      0        0
  SINCE MAR 1      0                         0      0        0
  SINCE JAN 1      0                         0      0        1
..................................................................


WIND (MPH)
  HIGHEST WIND SPEED    22   HIGHEST WIND DIRECTION     N (350)
  HIGHEST GUST SPEED    28   HIGHEST GUST DIRECTION     N (360)
  AVERAGE WIND SPEED     5.7


SKY COVER
  POSSIBLE SUNSHINE  MM
  AVERAGE SKY COVER 0.7


WEATHER CONDITIONS
 THE FOLLOWING WEATHER WAS RECORDED YESTERDAY.
  LIGHT RAIN
  FOG
  FOG W/VISIBILITY <= 1/4 MILE


RELATIVE HUMIDITY (PERCENT)
 HIGHEST    93           500 PM
 LOWEST     30          1200 AM
 AVERAGE    62

..........................................................


THE BECKLEY WV CLIMATE NORMALS FOR TODAY
                         NORMAL    RECORD    YEAR
 MAXIMUM TEMPERATURE (F)   55        80      1910
 MINIMUM TEMPERATURE (F)   35        -2      1940


SUNRISE AND SUNSET
MARCH 26 2019.........SUNRISE   719 AM EDT   SUNSET   742 PM EDT
MARCH 27 2019.........SUNRISE   718 AM EDT   SUNSET   743 PM EDT


-  INDICATES NEGATIVE NUMBERS.
R  INDICATES RECORD WAS SET OR TIED.
MM INDICATES DATA IS MISSING.
T  INDICATES TRACE AMOUNT.




$$
