000
CDUS41 KRNK 252129
CLIBLF


CLIMATE REPORT
NATIONAL WEATHER SERVICE BLACKSBURG VA
528 PM EDT MON MAR 25 2019


...................................

...THE BLUEFIELD WV CLIMATE SUMMARY FOR MARCH 25 2019...
VALID TODAY AS OF 0500 PM LOCAL TIME.

CLIMATE NORMAL PERIOD 1981 TO 2010
CLIMATE RECORD PERIOD 1909 TO 2019


WEATHER ITEM   OBSERVED TIME   RECORD YEAR NORMAL DEPARTURE LAST
                VALUE   (LST)  VALUE       VALUE  FROM      YEAR
                                                  NORMAL
..................................................................
TEMPERATURE (F)
 TODAY
  MAXIMUM         56   1017 AM  83    1954  57     -1       42
  MINIMUM         47    405 PM  10    1960  39      8       27
  AVERAGE         52                        48      4       35

PRECIPITATION (IN)
  TODAY            0.11          3.58 1935   0.12  -0.01      T
  MONTH TO DATE    1.41                      2.83  -1.42     4.38
  SINCE MAR 1      1.41                      2.83  -1.42     4.38
  SINCE JAN 1      9.72                      8.49   1.23    11.06

SNOWFALL (IN)
  TODAY            0.0                                        T
  MONTH TO DATE    1.8                                      32.3
  SINCE MAR 1      1.8                                      32.3
  SINCE JUL 1     30.8                                      47.0
  SNOW DEPTH       0

DEGREE DAYS
 HEATING
  TODAY           13                        17     -4       30
  MONTH TO DATE  656                       520    136      752
  SINCE MAR 1    656                       520    136      752
  SINCE JUL 1   4392                      4013    379     4482

 COOLING
  TODAY            0                         0      0        0
  MONTH TO DATE    0                         0      0        0
  SINCE MAR 1      0                         0      0        0
  SINCE JAN 1      0                         0      0        2
..................................................................


WIND (MPH)
  HIGHEST WIND SPEED    21   HIGHEST WIND DIRECTION     W (250)
  HIGHEST GUST SPEED    27   HIGHEST GUST DIRECTION     W (250)
  AVERAGE WIND SPEED     7.5


SKY COVER
  AVERAGE SKY COVER 0.6


WEATHER CONDITIONS
 THE FOLLOWING WEATHER WAS RECORDED TODAY.
  LIGHT RAIN
  FOG


RELATIVE HUMIDITY (PERCENT)
 HIGHEST    86           200 PM
 LOWEST     32          1200 AM
 AVERAGE    59

..........................................................


THE BLUEFIELD WV CLIMATE NORMALS FOR TOMORROW
                         NORMAL    RECORD    YEAR
 MAXIMUM TEMPERATURE (F)   58        85      1908
 MINIMUM TEMPERATURE (F)   39         9      1940


SUNRISE AND SUNSET
MARCH 25 2019.........SUNRISE   721 AM EDT   SUNSET   741 PM EDT
MARCH 26 2019.........SUNRISE   720 AM EDT   SUNSET   742 PM EDT


-  INDICATES NEGATIVE NUMBERS.
R  INDICATES RECORD WAS SET OR TIED.
MM INDICATES DATA IS MISSING.
T  INDICATES TRACE AMOUNT.




$$
