000
CDUS41 KRNK 232133
CLIBLF


CLIMATE REPORT
NATIONAL WEATHER SERVICE BLACKSBURG VA
522 PM EDT TUE JUL 23 2019


...................................

...THE BLUEFIELD WV CLIMATE SUMMARY FOR JULY 23 2019...
VALID TODAY AS OF 0500 PM LOCAL TIME.

CLIMATE NORMAL PERIOD 1981 TO 2010
CLIMATE RECORD PERIOD 1909 TO 2019


WEATHER ITEM   OBSERVED TIME   RECORD YEAR NORMAL DEPARTURE LAST
                VALUE   (LST)  VALUE       VALUE  FROM      YEAR
                                                  NORMAL
..................................................................
TEMPERATURE (F)
 TODAY
  MAXIMUM         69    338 PM  94    1934  81    -12       77
  MINIMUM         58    749 AM  43    1947  65     -7       61
  AVERAGE         64                        73     -9       69

PRECIPITATION (IN)
  TODAY            0.75          2.05 1975   0.14   0.61      T
  MONTH TO DATE    3.01                      3.16  -0.15     2.02
  SINCE JUN 1      5.83                      7.30  -1.47     3.33
  SINCE JAN 1     25.33                     24.12   1.21    23.51

SNOWFALL (IN)
  TODAY            0.0                                       0.0
  MONTH TO DATE    0.0                                       0.0
  SINCE JUN 1      0.0                                       0.0
  SINCE JUL 1      0.0                                       0.0
  SNOW DEPTH       0

DEGREE DAYS
 HEATING
  TODAY            1                         0      1        0
  MONTH TO DATE    1                         0      1        0
  SINCE JUN 1     48                        22     26       10
  SINCE JUL 1      1                         0      1        0

 COOLING
  TODAY            0                         8     -8        4
  MONTH TO DATE  174                       184    -10      138
  SINCE JUN 1    243                       350   -107      271
  SINCE JAN 1    322                       441   -119      366
..................................................................


WIND (MPH)
  HIGHEST WIND SPEED    13   HIGHEST WIND DIRECTION     N (10)
  HIGHEST GUST SPEED    19   HIGHEST GUST DIRECTION     N (10)
  AVERAGE WIND SPEED     4.9


SKY COVER
  AVERAGE SKY COVER 1.0


WEATHER CONDITIONS
 THE FOLLOWING WEATHER WAS RECORDED TODAY.
  HEAVY RAIN
  RAIN
  LIGHT RAIN
  FOG


RELATIVE HUMIDITY (PERCENT)
 HIGHEST   100           100 AM
 LOWEST     59           300 PM
 AVERAGE    80

..........................................................


THE BLUEFIELD WV CLIMATE NORMALS FOR TOMORROW
                         NORMAL    RECORD    YEAR
 MAXIMUM TEMPERATURE (F)   81        93      1934
                                             1933
 MINIMUM TEMPERATURE (F)   65        45      1947


SUNRISE AND SUNSET
JULY 23 2019..........SUNRISE   622 AM EDT   SUNSET   840 PM EDT
JULY 24 2019..........SUNRISE   623 AM EDT   SUNSET   839 PM EDT


-  INDICATES NEGATIVE NUMBERS.
R  INDICATES RECORD WAS SET OR TIED.
MM INDICATES DATA IS MISSING.
T  INDICATES TRACE AMOUNT.

REMARKS:
DUE TO MISSING TEMPERATURES ON MAY 10 AND JULY 11-12, ALL
TEMPERATURE AND COOLING DEGREE DAY INFORMATION WILL BE CALCULATED
WITHOUT DATA FROM THESE DATES.


$$
