859
CDUS41 KRNK 212129
CLIBLF


CLIMATE REPORT
NATIONAL WEATHER SERVICE BLACKSBURG VA
527 PM EDT TUE MAY 21 2019


...................................

...THE BLUEFIELD WV CLIMATE SUMMARY FOR MAY 21 2019...
VALID TODAY AS OF 0500 PM LOCAL TIME.

CLIMATE NORMAL PERIOD 1981 TO 2010
CLIMATE RECORD PERIOD 1909 TO 2019


WEATHER ITEM   OBSERVED TIME   RECORD YEAR NORMAL DEPARTURE LAST
                VALUE   (LST)  VALUE       VALUE  FROM      YEAR
                                                  NORMAL
..................................................................
TEMPERATURE (F)
 TODAY
  MAXIMUM         72    407 PM  90    1941  73     -1       78
  MINIMUM         50    533 AM  33    2002  54     -4       61
  AVERAGE         61                        64     -3       70

PRECIPITATION (IN)
  TODAY            0.00          1.82 1970   0.14  -0.14     0.02
  MONTH TO DATE    4.31                      2.82   1.49     4.31
  SINCE MAR 1      9.70                      9.67   0.03    12.39
  SINCE JAN 1     18.01                     15.33   2.68    19.07

SNOWFALL (IN)
  TODAY            0.0                                       0.0
  MONTH TO DATE    0.0                                       0.0
  SINCE MAR 1      1.8                                      33.8
  SINCE JUL 1     30.8                                      48.5
  SNOW DEPTH       0

DEGREE DAYS
 HEATING
  TODAY            4                         4      0        0
  MONTH TO DATE   82                       108    -26       38
  SINCE MAR 1   1119                      1045     74     1391
  SINCE JUL 1   4855                      4538    317     5121

 COOLING
  TODAY            0                         2     -2        5
  MONTH TO DATE   28                        33     -5       53
  SINCE MAR 1     33                        61    -28       57
  SINCE JAN 1     33                        61    -28       59
..................................................................


WIND (MPH)
  HIGHEST WIND SPEED     9   HIGHEST WIND DIRECTION     N (340)
  HIGHEST GUST SPEED    13   HIGHEST GUST DIRECTION    NW (330)
  AVERAGE WIND SPEED     3.5


SKY COVER
  AVERAGE SKY COVER 0.0


WEATHER CONDITIONS
 THE FOLLOWING WEATHER WAS RECORDED TODAY.
  NO SIGNIFICANT WEATHER WAS OBSERVED.


RELATIVE HUMIDITY (PERCENT)
 HIGHEST    96           600 AM
 LOWEST     44           200 PM
 AVERAGE    70

..........................................................


THE BLUEFIELD WV CLIMATE NORMALS FOR TOMORROW
                         NORMAL    RECORD    YEAR
 MAXIMUM TEMPERATURE (F)   73        92      1941
 MINIMUM TEMPERATURE (F)   55        30      2002
                                             1954


SUNRISE AND SUNSET
MAY 21 2019...........SUNRISE   612 AM EDT   SUNSET   831 PM EDT
MAY 22 2019...........SUNRISE   611 AM EDT   SUNSET   832 PM EDT


-  INDICATES NEGATIVE NUMBERS.
R  INDICATES RECORD WAS SET OR TIED.
MM INDICATES DATA IS MISSING.
T  INDICATES TRACE AMOUNT.

REMARKS:
DUE TO A MISSING LOW TEMPERATURE ON MAY 10, ALL TEMPERATURE AND
COOLING DEGREE DAY STATISTICS WILL BE CALCULATED WITHOUT DATA FROM
THIS DATE


$$
