000
CDUS46 KSEW 240829
CLIBLI


CLIMATE REPORT
NATIONAL WEATHER SERVICE SEATTLE WA
128 AM PDT SUN MAR 24 2019


...................................

...THE BELLINGHAM WA AIRPORT CLIMATE SUMMARY FOR MARCH 23 2019...

CLIMATE NORMAL PERIOD 1981 TO 2010
CLIMATE RECORD PERIOD 1949 TO 2019


WEATHER ITEM   OBSERVED TIME   RECORD YEAR NORMAL DEPARTURE LAST
                VALUE   (LST)  VALUE       VALUE  FROM      YEAR
                                                  NORMAL
..................................................................
TEMPERATURE (F)
 YESTERDAY
  MAXIMUM         60   1242 PM  62    2001  53      7       47
  MINIMUM         39   1148 PM  28    1973  37      2       36
                                      1965
                                      1955
  AVERAGE         50                        45      5       42

PRECIPITATION (IN)
  YESTERDAY        0.02          0.65 1961   0.11  -0.09      T
  MONTH TO DATE    0.72                      2.35  -1.63     1.91
  SINCE OCT 1     19.09                     23.74  -4.65    28.74
  SINCE JAN 1      6.68                     10.04  -3.36    11.12

DEGREE DAYS
 HEATING
  YESTERDAY       15                        20     -5       23
  MONTH TO DATE  514                       491     23      502
  SINCE MAR 1    514                       491     23      502

 COOLING
  YESTERDAY        0                         0      0        0
  MONTH TO DATE    0                         0      0        0
  SINCE MAR 1      0                         0      0        0
  SINCE JAN 1      0                         0      0        0
..................................................................


WIND (MPH)
  RESULTANT WIND SPEED   2   RESULTANT WIND DIRECTION  SW (210)
  HIGHEST WIND SPEED    12   HIGHEST WIND DIRECTION    SE (150)
  HIGHEST GUST SPEED    13   HIGHEST GUST DIRECTION    SE (140)
  AVERAGE WIND SPEED     3.4


SKY COVER
  AVERAGE SKY COVER 0.6


WEATHER CONDITIONS
 THE FOLLOWING WEATHER WAS RECORDED YESTERDAY.
  LIGHT RAIN


RELATIVE HUMIDITY (PERCENT)
 HIGHEST    93           700 AM
 LOWEST     47           500 PM
 AVERAGE    70

..........................................................


THE BELLINGHAM WA AIRPORT CLIMATE NORMALS FOR TODAY
                         NORMAL    RECORD    YEAR
 MAXIMUM TEMPERATURE (F)   54        64      2010
 MINIMUM TEMPERATURE (F)   38        22      1955


SUNRISE AND SUNSET
MARCH 24 2019.........SUNRISE   705 AM PDT   SUNSET   729 PM PDT
MARCH 25 2019.........SUNRISE   703 AM PDT   SUNSET   730 PM PDT


-  INDICATES NEGATIVE NUMBERS.
R  INDICATES RECORD WAS SET OR TIED.
MM INDICATES DATA IS MISSING.
T  INDICATES TRACE AMOUNT.




$$
