000
CDUS46 KSEW 260833
CLIBLI


CLIMATE REPORT
NATIONAL WEATHER SERVICE SEATTLE WA
133 AM PDT THU APR 26 2018


...................................

...THE BELLINGHAM WA AIRPORT CLIMATE SUMMARY FOR APRIL 25 2018...

CLIMATE NORMAL PERIOD 1981 TO 2010
CLIMATE RECORD PERIOD 1949 TO 2018


WEATHER ITEM   OBSERVED TIME   RECORD YEAR NORMAL DEPARTURE LAST
                VALUE   (LST)  VALUE       VALUE  FROM      YEAR
                                                  NORMAL
..................................................................
TEMPERATURE (F)
 YESTERDAY
  MAXIMUM         70    215 PM  76    1992  58     12       57
  MINIMUM         39    514 AM  29    1955  41     -2       49
  AVERAGE         55                        50      5       53

PRECIPITATION (IN)
  YESTERDAY        0.00          0.39 1977   0.08  -0.08      T
  MONTH TO DATE    3.05                      2.30   0.75     2.69
  SINCE OCT 1     33.14                     26.91   6.23    33.67
  SINCE JAN 1     15.52                     13.21   2.31    14.55

DEGREE DAYS
 HEATING
  YESTERDAY       10                        15     -5       12
  MONTH TO DATE  407                       423    -16      354
  SINCE MAR 1   1070                      1066      4      960

 COOLING
  YESTERDAY        0                         0      0        0
  MONTH TO DATE    0                         0      0        0
  SINCE MAR 1      0                         0      0        0
  SINCE JAN 1      0                         0      0        0
..................................................................


WIND (MPH)
  RESULTANT WIND SPEED   3   RESULTANT WIND DIRECTION  NW (300)
  HIGHEST WIND SPEED    14   HIGHEST WIND DIRECTION     W (280)
  HIGHEST GUST SPEED    19   HIGHEST GUST DIRECTION     W (290)
  AVERAGE WIND SPEED     3.9


SKY COVER
  AVERAGE SKY COVER 0.0


WEATHER CONDITIONS
 THE FOLLOWING WEATHER WAS RECORDED YESTERDAY.
  NO SIGNIFICANT WEATHER WAS OBSERVED.


RELATIVE HUMIDITY (PERCENT)
 HIGHEST   100           600 AM
 LOWEST     37          1100 AM
 AVERAGE    69

..........................................................


THE BELLINGHAM WA AIRPORT CLIMATE NORMALS FOR TODAY
                         NORMAL    RECORD    YEAR
 MAXIMUM TEMPERATURE (F)   59        74      1987
 MINIMUM TEMPERATURE (F)   41        31      1969


SUNRISE AND SUNSET
APRIL 26 2018.........SUNRISE   558 AM PDT   SUNSET   818 PM PDT
APRIL 27 2018.........SUNRISE   557 AM PDT   SUNSET   820 PM PDT


-  INDICATES NEGATIVE NUMBERS.
R  INDICATES RECORD WAS SET OR TIED.
MM INDICATES DATA IS MISSING.
T  INDICATES TRACE AMOUNT.




$$
