000
CDUS46 KSEW 260831
CLIBLI


CLIMATE REPORT
NATIONAL WEATHER SERVICE SEATTLE WA
131 AM PDT SUN MAY 26 2019


...................................

...THE BELLINGHAM WA AIRPORT CLIMATE SUMMARY FOR MAY 25 2019...

CLIMATE NORMAL PERIOD 1981 TO 2010
CLIMATE RECORD PERIOD 1949 TO 2019


WEATHER ITEM   OBSERVED TIME   RECORD YEAR NORMAL DEPARTURE LAST
                VALUE   (LST)  VALUE       VALUE  FROM      YEAR
                                                  NORMAL
..................................................................
TEMPERATURE (F)
 YESTERDAY
  MAXIMUM         56    317 PM  80    1979  64     -8       64
  MINIMUM         52   1123 PM  35    1972  47      5       52
  AVERAGE         54                        56     -2       58

PRECIPITATION (IN)
  YESTERDAY        0.31          0.61 1984   0.08   0.23      T
  MONTH TO DATE    1.20                      1.99  -0.79     0.17
  SINCE OCT 1     24.81                     29.29  -4.48    33.47
  SINCE JAN 1     12.40                     15.59  -3.19    15.85

DEGREE DAYS
 HEATING
  YESTERDAY       11                         9      2        7
  MONTH TO DATE  183                       291   -108      163
  SINCE MAR 1   1246                      1432   -186     1288

 COOLING
  YESTERDAY        0                         0      0        0
  MONTH TO DATE    0                         0      0        1
  SINCE MAR 1      0                         0      0        1
  SINCE JAN 1      0                         0      0        1
..................................................................


WIND (MPH)
  RESULTANT WIND SPEED   4   RESULTANT WIND DIRECTION   S (180)
  HIGHEST WIND SPEED    14   HIGHEST WIND DIRECTION     S (170)
  HIGHEST GUST SPEED    20   HIGHEST GUST DIRECTION     S (170)
  AVERAGE WIND SPEED     4.3


SKY COVER
  AVERAGE SKY COVER 1.0


WEATHER CONDITIONS
 THE FOLLOWING WEATHER WAS RECORDED YESTERDAY.
  RAIN
  LIGHT RAIN
  FOG


RELATIVE HUMIDITY (PERCENT)
 HIGHEST    96          1100 PM
 LOWEST     72           400 AM
 AVERAGE    84

..........................................................


THE BELLINGHAM WA AIRPORT CLIMATE NORMALS FOR TODAY
                         NORMAL    RECORD    YEAR
 MAXIMUM TEMPERATURE (F)   64        84      2005
 MINIMUM TEMPERATURE (F)   48        38      1951


SUNRISE AND SUNSET
MAY 26 2019...........SUNRISE   516 AM PDT   SUNSET   859 PM PDT
MAY 27 2019...........SUNRISE   515 AM PDT   SUNSET   900 PM PDT


-  INDICATES NEGATIVE NUMBERS.
R  INDICATES RECORD WAS SET OR TIED.
MM INDICATES DATA IS MISSING.
T  INDICATES TRACE AMOUNT.




$$
