658
CDUS44 KOHX 230040
CLIBNA


CLIMATE REPORT
NATIONAL WEATHER SERVICE NASHVILLE TN
740 PM CDT FRI MAR 22 2019


...................................

...THE NASHVILLE CLIMATE SUMMARY FOR MARCH 22 2019...
VALID TODAY AS OF 0700 PM LOCAL TIME.

CLIMATE NORMAL PERIOD 1981 TO 2010
CLIMATE RECORD PERIOD 1871 TO 2019


WEATHER ITEM   OBSERVED TIME   RECORD YEAR NORMAL DEPARTURE
                VALUE   (LST)  VALUE       VALUE  FROM
                                                  NORMAL
...............................................................
TEMPERATURE (F)
 TODAY
  MAXIMUM         69    335 PM  88    1907  63      6
  MINIMUM         33    558 AM  14    1876  41     -8
  AVERAGE         51                        52     -1

PRECIPITATION (IN)
  TODAY            0.00          4.63 1952   0.14  -0.14
  MONTH TO DATE    2.94                      2.89   0.05
  SINCE JAN 1     20.95                     10.58  10.37

SNOWFALL (IN)
  TODAY            0.0           8.2  1968
  MONTH TO DATE    0.0
  SINCE MAR 1      0.0
  SINCE JUL 1      0.5

DEGREE DAYS
 HEATING
  TODAY           14                                0
  MONTH TO DATE  397                               33
  SINCE MAR 1    397                               33
  SINCE JUL 1   2962                             -340

 COOLING
  TODAY            0                                0
  MONTH TO DATE    3                                3
  SINCE MAR 1      3                                3
  SINCE JAN 1      3                                3
...............................................................


WIND (MPH)
  HIGHEST WIND SPEED    20   HIGHEST WIND DIRECTION    NW (330)
  HIGHEST GUST SPEED    26   HIGHEST GUST DIRECTION    NW (310)
  AVERAGE WIND SPEED     7.9




RELATIVE HUMIDITY (PERCENT)
 HIGHEST    82
 LOWEST     17
 AVERAGE    50

..........................................................


THE NASHVILLE CLIMATE NORMALS FOR TOMORROW
                         NORMAL    RECORD    YEAR
 MAXIMUM TEMPERATURE (F)   63        87      1935
 MINIMUM TEMPERATURE (F)   41        16      1968


SUNRISE AND SUNSET
MARCH 22 2019.........SUNRISE   648 AM CDT   SUNSET   700 PM CDT
MARCH 23 2019.........SUNRISE   646 AM CDT   SUNSET   701 PM CDT


-  INDICATES NEGATIVE NUMBERS.
R  INDICATES RECORD WAS SET OR TIED.
MM INDICATES DATA IS MISSING.
T  INDICATES TRACE AMOUNT.




$$
