000
CDUS44 KOHX 220045
CLIBNA


CLIMATE REPORT
NATIONAL WEATHER SERVICE NASHVILLE TN
744 PM CDT TUE MAY 21 2019


...................................

...THE NASHVILLE CLIMATE SUMMARY FOR MAY 21 2019...
VALID TODAY AS OF 0700 PM LOCAL TIME.

CLIMATE NORMAL PERIOD 1981 TO 2010
CLIMATE RECORD PERIOD 1871 TO 2019


WEATHER ITEM   OBSERVED TIME   RECORD YEAR NORMAL DEPARTURE
                VALUE   (LST)  VALUE       VALUE  FROM
                                                  NORMAL
...............................................................
TEMPERATURE (F)
 TODAY
  MAXIMUM         91    322 PM  94    1941  79     12
  MINIMUM         60    512 AM  40    1894  58      2
  AVERAGE         76                        69      7

PRECIPITATION (IN)
  TODAY            0.00          1.85 1983   0.16  -0.16
  MONTH TO DATE    1.57                      3.88  -2.31
  SINCE JAN 1     29.45                     19.68   9.77

SNOWFALL (IN)
  TODAY            0.0           0.0  2002
                                      2001
  MONTH TO DATE    0.0
  SINCE MAR 1      0.0
  SINCE JUL 1      0.5

DEGREE DAYS
 HEATING
  TODAY            0                               -1
  MONTH TO DATE   27                              -21
  SINCE MAR 1    655                              -83
  SINCE JUL 1   3220                             -456

 COOLING
  TODAY           11                                6
  MONTH TO DATE  118                               46
  SINCE MAR 1    177                               60
  SINCE JAN 1    177                               60
...............................................................


WIND (MPH)
  HIGHEST WIND SPEED    20   HIGHEST WIND DIRECTION     S (170)
  HIGHEST GUST SPEED    26   HIGHEST GUST DIRECTION     S (180)
  AVERAGE WIND SPEED     8.7




RELATIVE HUMIDITY (PERCENT)
 HIGHEST    84
 LOWEST     36
 AVERAGE    60

..........................................................


THE NASHVILLE CLIMATE NORMALS FOR TOMORROW
                         NORMAL    RECORD    YEAR
 MAXIMUM TEMPERATURE (F)   80        95      1941
 MINIMUM TEMPERATURE (F)   59        41      2002


SUNRISE AND SUNSET
MAY 21 2019...........SUNRISE   537 AM CDT   SUNSET   750 PM CDT
MAY 22 2019...........SUNRISE   536 AM CDT   SUNSET   751 PM CDT


-  INDICATES NEGATIVE NUMBERS.
R  INDICATES RECORD WAS SET OR TIED.
MM INDICATES DATA IS MISSING.
T  INDICATES TRACE AMOUNT.




$$
