000
CDUS44 KOHX 220035
CLIBNA


CLIMATE REPORT
NATIONAL WEATHER SERVICE NASHVILLE TN
734 PM CDT SAT APR 21 2018


...................................

...THE NASHVILLE CLIMATE SUMMARY FOR APRIL 21 2018...
VALID TODAY AS OF 0500 PM LOCAL TIME.

CLIMATE NORMAL PERIOD 1981 TO 2010
CLIMATE RECORD PERIOD 1871 TO 2018


WEATHER ITEM   OBSERVED TIME   RECORD YEAR NORMAL DEPARTURE
                VALUE   (LST)  VALUE       VALUE  FROM
                                                  NORMAL
...............................................................
TEMPERATURE (F)
 TODAY
  MAXIMUM         76    129 PM  89    1963  72      4
  MINIMUM         40    602 AM  29    1983  49     -9
  AVERAGE         58                        61     -3

PRECIPITATION (IN)
  TODAY            0.00          2.15 1984   0.14  -0.14
  MONTH TO DATE    3.02                      2.61   0.41
  SINCE JAN 1     20.39                     14.41   5.98

SNOWFALL (IN)
  TODAY            0.0           0.0  2002
                                      2001
  MONTH TO DATE    0.0
  SINCE MAR 1      0.6
  SINCE JUL 1      3.0

DEGREE DAYS
 HEATING
  TODAY            7                                1
  MONTH TO DATE  250                               74
  SINCE MAR 1    694                               45
  SINCE JUL 1   3341                             -246

 COOLING
  TODAY            0                               -2
  MONTH TO DATE   11                              -11
  SINCE MAR 1     13                              -17
  SINCE JAN 1     34                                4
...............................................................


WIND (MPH)
  HIGHEST WIND SPEED    14   HIGHEST WIND DIRECTION    SE (130)
  HIGHEST GUST SPEED    18   HIGHEST GUST DIRECTION    SE (140)
  AVERAGE WIND SPEED     4.2




RELATIVE HUMIDITY (PERCENT)
 HIGHEST    85
 LOWEST     21
 AVERAGE    53

..........................................................


THE NASHVILLE CLIMATE NORMALS FOR TOMORROW
                         NORMAL    RECORD    YEAR
 MAXIMUM TEMPERATURE (F)   72        86      1987
                                             1980
                                             1963
 MINIMUM TEMPERATURE (F)   50        32      1978


SUNRISE AND SUNSET
APRIL 21 2018.........SUNRISE   606 AM CDT   SUNSET   726 PM CDT
APRIL 22 2018.........SUNRISE   605 AM CDT   SUNSET   726 PM CDT


-  INDICATES NEGATIVE NUMBERS.
R  INDICATES RECORD WAS SET OR TIED.
MM INDICATES DATA IS MISSING.
T  INDICATES TRACE AMOUNT.




$$
