000
CDUS45 KBOI 230137
CLIBNO


CLIMATE REPORT
NATIONAL WEATHER SERVICE BOISE ID
737 PM MDT FRI MAR 22 2019


...................................

...THE BURNS OR CLIMATE SUMMARY FOR MARCH 22 2019...
VALID TODAY AS OF 0600 PM LOCAL TIME.

CLIMATE NORMAL PERIOD 1981 TO 2010
CLIMATE RECORD PERIOD 1938 TO 2019


WEATHER ITEM   OBSERVED TIME   RECORD YEAR NORMAL DEPARTURE LAST
                VALUE   (LST)  VALUE       VALUE  FROM      YEAR
                                                  NORMAL
..................................................................
TEMPERATURE (F)
 TODAY
  MAXIMUM         59    206 PM  71    1960  51      8       51
                                      1940
  MINIMUM         27    626 AM  11    1952  27      0       25
  AVERAGE         43                        39      4       38

PRECIPITATION (IN)
  TODAY            0.00          0.39 2005   0.04  -0.04     0.05
  MONTH TO DATE    0.56                      0.80  -0.24     0.78
  SINCE OCT 1      7.02                      6.51   0.51     5.29
  SINCE JAN 1      4.80                      3.01   1.79     2.63

DEGREE DAYS
 HEATING
  TODAY           22                        26     -4       27
  MONTH TO DATE  662                       632     30      631
  SINCE MAR 1    662                       632     30      631
  SINCE JUL 1   6212                      6160     52     5904

 COOLING
  TODAY            0                         0      0        0
  MONTH TO DATE    0                         0      0        0
  SINCE MAR 1      0                         0      0        0
  SINCE JAN 1      0                         0      0        0
..................................................................


WIND (MPH)
  HIGHEST WIND SPEED    21   HIGHEST WIND DIRECTION    SW (220)
  HIGHEST GUST SPEED    27   HIGHEST GUST DIRECTION     S (200)
  AVERAGE WIND SPEED     9.2



WEATHER CONDITIONS
 THE FOLLOWING WEATHER WAS RECORDED TODAY.
  FOG
  FOG W/VISIBILITY <= 1/4 MILE


RELATIVE HUMIDITY (PERCENT)
 HIGHEST    92           800 AM
 LOWEST     35           300 PM
 AVERAGE    64

..........................................................


THE BURNS OR CLIMATE NORMALS FOR TOMORROW
                         NORMAL    RECORD    YEAR
 MAXIMUM TEMPERATURE (F)   52        75      1940
 MINIMUM TEMPERATURE (F)   27        13      2013


SUNRISE AND SUNSET
MARCH 22 2019.........SUNRISE   656 AM PDT   SUNSET   710 PM PDT
MARCH 23 2019.........SUNRISE   654 AM PDT   SUNSET   712 PM PDT


-  INDICATES NEGATIVE NUMBERS.
R  INDICATES RECORD WAS SET OR TIED.
MM INDICATES DATA IS MISSING.
T  INDICATES TRACE AMOUNT.




$$
