000
CDUS45 KBOI 270123
CLIBOI


CLIMATE REPORT
NATIONAL WEATHER SERVICE BOISE ID
722 PM MDT SUN MAY 26 2019


...................................

...THE BOISE ID CLIMATE SUMMARY FOR MAY 26 2019...
VALID TODAY AS OF 0600 PM LOCAL TIME.

CLIMATE NORMAL PERIOD 1981 TO 2010
CLIMATE RECORD PERIOD 1875 TO 2019


WEATHER ITEM   OBSERVED TIME   RECORD YEAR NORMAL DEPARTURE LAST
                VALUE   (LST)  VALUE       VALUE  FROM      YEAR
                                                  NORMAL
..................................................................
TEMPERATURE (F)
 TODAY
  MAXIMUM         73    348 PM  98    1966  75     -2       73
  MINIMUM         49    346 AM  33    1973  49      0       54
                                      1922
  AVERAGE         61                        62     -1       64

PRECIPITATION (IN)
  TODAY            0.06          0.97 1998   0.04   0.02     0.06
  MONTH TO DATE    2.59                      1.18   1.41     1.67
  SINCE OCT 1     14.29                      9.68   4.61     9.88
  SINCE JAN 1     10.68                      6.03   4.65     6.49

DEGREE DAYS
 HEATING
  TODAY            4                         5     -1        1
  MONTH TO DATE  168                       203    -35       78
  SINCE MAR 1   1192                      1268    -76     1093
  SINCE JUL 1   5162                      5427   -265     5094

 COOLING
  TODAY            0                         2     -2        0
  MONTH TO DATE   18                        31    -13       41
  SINCE MAR 1     20                        34    -14       46
  SINCE JAN 1     20                        34    -14       46
..................................................................


WIND (MPH)
  HIGHEST WIND SPEED    33   HIGHEST WIND DIRECTION     S (180)
  HIGHEST GUST SPEED    44   HIGHEST GUST DIRECTION     S (170)
  AVERAGE WIND SPEED     7.4



WEATHER CONDITIONS
 THE FOLLOWING WEATHER WAS RECORDED TODAY.
  THUNDERSTORM


RELATIVE HUMIDITY (PERCENT)
 HIGHEST    93           500 AM
 LOWEST     31           300 PM
 AVERAGE    62

..........................................................


THE BOISE ID CLIMATE NORMALS FOR TOMORROW
                         NORMAL    RECORD    YEAR
 MAXIMUM TEMPERATURE (F)   75        94      1983
 MINIMUM TEMPERATURE (F)   49        32      1991


SUNRISE AND SUNSET
MAY 26 2019...........SUNRISE   610 AM MDT   SUNSET   914 PM MDT
MAY 27 2019...........SUNRISE   610 AM MDT   SUNSET   915 PM MDT


-  INDICATES NEGATIVE NUMBERS.
R  INDICATES RECORD WAS SET OR TIED.
MM INDICATES DATA IS MISSING.
T  INDICATES TRACE AMOUNT.




$$
