000
CDUS45 KBOI 220122
CLIBOI


CLIMATE REPORT
NATIONAL WEATHER SERVICE BOISE ID
721 PM MDT THU MAR 21 2019


...................................

...THE BOISE ID CLIMATE SUMMARY FOR MARCH 21 2019...
VALID TODAY AS OF 0600 PM LOCAL TIME.

CLIMATE NORMAL PERIOD 1981 TO 2010
CLIMATE RECORD PERIOD 1875 TO 2019


WEATHER ITEM   OBSERVED TIME   RECORD YEAR NORMAL DEPARTURE LAST
                VALUE   (LST)  VALUE       VALUE  FROM      YEAR
                                                  NORMAL
..................................................................
TEMPERATURE (F)
 TODAY
  MAXIMUM         61    400 PM  77    1928  56      5       62
  MINIMUM         36        MM  18    1897  36      0       42
  AVERAGE         49                        46      3       52

PRECIPITATION (IN)
  TODAY            0.00          0.55 1920   0.04  -0.04     0.15
  MONTH TO DATE    0.26                      0.92  -0.66     1.13
  SINCE OCT 1      8.66                      6.80   1.86     6.44
  SINCE JAN 1      5.05                      3.15   1.90     3.05

DEGREE DAYS
 HEATING
  TODAY           16                        19     -3       13
  MONTH TO DATE  508                       455     53      448
  SINCE MAR 1    508                       455     53      448
  SINCE JUL 1   4478                      4614   -136     4449

 COOLING
  TODAY            0                         0      0        0
  MONTH TO DATE    0                         0      0        0
  SINCE MAR 1      0                         0      0        0
  SINCE JAN 1      0                         0      0        0
..................................................................


WIND (MPH)
  HIGHEST WIND SPEED     9   HIGHEST WIND DIRECTION     E (110)
  HIGHEST GUST SPEED    MM   HIGHEST GUST DIRECTION    MM
  AVERAGE WIND SPEED     4.6



WEATHER CONDITIONS
 THE FOLLOWING WEATHER WAS RECORDED TODAY.
  LIGHT SNOW


RELATIVE HUMIDITY (PERCENT)
 HIGHEST    54           400 AM
 LOWEST     20           400 PM
 AVERAGE    37

..........................................................


THE BOISE ID CLIMATE NORMALS FOR TOMORROW
                         NORMAL    RECORD    YEAR
 MAXIMUM TEMPERATURE (F)   56        71      1961
                                             1960
                                             1939
 MINIMUM TEMPERATURE (F)   36        12      1898


SUNRISE AND SUNSET
MARCH 21 2019.........SUNRISE   747 AM MDT   SUNSET   758 PM MDT
MARCH 22 2019.........SUNRISE   745 AM MDT   SUNSET   759 PM MDT


-  INDICATES NEGATIVE NUMBERS.
R  INDICATES RECORD WAS SET OR TIED.
MM INDICATES DATA IS MISSING.
T  INDICATES TRACE AMOUNT.




$$
