000
CDUS45 KRIW 180738
CLIBPI


CLIMATE REPORT
NATIONAL WEATHER SERVICE RIVERTON WY
136 AM MDT MON MAR 18 2019


...................................

...THE BIG PINEY WY CLIMATE SUMMARY FOR MARCH 17 2019...

CLIMATE NORMAL PERIOD 1981 TO 2010
CLIMATE RECORD PERIOD 1976 TO 2019


WEATHER ITEM   OBSERVED TIME   RECORD YEAR NORMAL DEPARTURE LAST
                VALUE   (LST)  VALUE       VALUE  FROM      YEAR
                                                  NORMAL
..................................................................
TEMPERATURE (F)
 YESTERDAY
  MAXIMUM         31    204 PM  64    2007  42    -11       41
  MINIMUM         -2    623 AM -14    1980  14    -16       23
  AVERAGE         15                        28    -13       32

PRECIPITATION (IN)
  YESTERDAY        0.00          0.14 1983   0.01  -0.01     0.02
  MONTH TO DATE    0.15                      0.20  -0.05     0.18
  SINCE MAR 1      0.15                      0.20  -0.05     0.18
  SINCE JAN 1      0.31                      0.86  -0.55     0.23

DEGREE DAYS
 HEATING
  YESTERDAY       50                        37     13       33
  MONTH TO DATE  878                       693    185      647
  SINCE MAR 1    878                       693    185      647
  SINCE JUL 1   8391                      8216    175     7144

 COOLING
  YESTERDAY        0                         0      0        0
  MONTH TO DATE    0                         0      0        0
  SINCE MAR 1      0                         0      0        0
  SINCE JAN 1      0                         0      0        0
..................................................................


WIND (MPH)
  HIGHEST WIND SPEED    10   HIGHEST WIND DIRECTION     E (70)
  HIGHEST GUST SPEED    11   HIGHEST GUST DIRECTION     E (70)
  AVERAGE WIND SPEED     5.3


SKY COVER
  POSSIBLE SUNSHINE  MM
  AVERAGE SKY COVER 0.1


WEATHER CONDITIONS
 THE FOLLOWING WEATHER WAS RECORDED YESTERDAY.
  FOG
  HAZE


RELATIVE HUMIDITY (PERCENT)
 HIGHEST    91           100 AM
 LOWEST     57           100 PM
 AVERAGE    74

..........................................................


THE BIG PINEY WY CLIMATE NORMALS FOR TODAY
                         NORMAL    RECORD    YEAR
 MAXIMUM TEMPERATURE (F)   42        62      2007
 MINIMUM TEMPERATURE (F)   15        -6      2002


SUNRISE AND SUNSET
MARCH 18 2019.........SUNRISE   727 AM MDT   SUNSET   730 PM MDT
MARCH 19 2019.........SUNRISE   726 AM MDT   SUNSET   731 PM MDT


-  INDICATES NEGATIVE NUMBERS.
R  INDICATES RECORD WAS SET OR TIED.
MM INDICATES DATA IS MISSING.
T  INDICATES TRACE AMOUNT.




$$
