000
CDUS45 KRIW 210734
CLIBPI


CLIMATE REPORT
NATIONAL WEATHER SERVICE RIVERTON WY
132 AM MDT MON MAY 21 2018


...................................

...THE BIG PINEY WY CLIMATE SUMMARY FOR MAY 20 2018...

CLIMATE NORMAL PERIOD 1981 TO 2010
CLIMATE RECORD PERIOD 1976 TO 2018


WEATHER ITEM   OBSERVED TIME   RECORD YEAR NORMAL DEPARTURE LAST
                VALUE   (LST)  VALUE       VALUE  FROM      YEAR
                                                  NORMAL
..................................................................
TEMPERATURE (F)
 YESTERDAY
  MAXIMUM         66    307 PM  78    2008  63      3       59
                                      2006
  MINIMUM         34    428 AM  18    1977  31      3       26
  AVERAGE         50                        47      3       43

PRECIPITATION (IN)
  YESTERDAY        T             0.32 2016   0.03  -0.03      T
  MONTH TO DATE    1.32                      0.53   0.79     0.93
  SINCE MAR 1      1.96                      1.50   0.46     3.55
  SINCE JAN 1      2.01                      2.16  -0.15     5.29

DEGREE DAYS
 HEATING
  YESTERDAY       15                        18     -3       22
  MONTH TO DATE  347                       417    -70      389
  SINCE MAR 1   2304                      2425   -121     2352
  SINCE JUL 1   8801                      9948  -1147     9782

 COOLING
  YESTERDAY        0                         0      0        0
  MONTH TO DATE    0                         0      0        0
  SINCE MAR 1      0                         0      0        0
  SINCE JAN 1      0                         0      0        0
..................................................................


WIND (MPH)
  HIGHEST WIND SPEED    26   HIGHEST WIND DIRECTION     W (280)
  HIGHEST GUST SPEED    33   HIGHEST GUST DIRECTION     W (280)
  AVERAGE WIND SPEED     4.6


SKY COVER
  POSSIBLE SUNSHINE  MM
  AVERAGE SKY COVER 0.4


WEATHER CONDITIONS
 THE FOLLOWING WEATHER WAS RECORDED YESTERDAY.
  THUNDERSTORM
  LIGHT RAIN


RELATIVE HUMIDITY (PERCENT)
 HIGHEST    92           300 AM
 LOWEST     30           400 PM
 AVERAGE    61

..........................................................


THE BIG PINEY WY CLIMATE NORMALS FOR TODAY
                         NORMAL    RECORD    YEAR
 MAXIMUM TEMPERATURE (F)   63        81      2012
 MINIMUM TEMPERATURE (F)   32        13      2001
                                             1984


SUNRISE AND SUNSET
MAY 21 2018...........SUNRISE   553 AM MDT   SUNSET   842 PM MDT
MAY 22 2018...........SUNRISE   552 AM MDT   SUNSET   843 PM MDT


-  INDICATES NEGATIVE NUMBERS.
R  INDICATES RECORD WAS SET OR TIED.
MM INDICATES DATA IS MISSING.
T  INDICATES TRACE AMOUNT.




$$
