000
CDUS44 KLCH 250915
CLIBPT


CLIMATE REPORT
NATIONAL WEATHER SERVICE LAKE CHARLES, LA
415 AM CDT MON MAR 25 2019


...................................

...THE BEAUMONT PORT ARTHUR CLIMATE SUMMARY FOR MARCH 24 2019...

CLIMATE NORMAL PERIOD 1981 TO 2010
CLIMATE RECORD PERIOD 1901 TO 2019


WEATHER ITEM   OBSERVED TIME   RECORD YEAR NORMAL DEPARTURE LAST
                VALUE   (LST)  VALUE       VALUE  FROM      YEAR
                                                  NORMAL
..................................................................
TEMPERATURE (F)
 YESTERDAY
  MAXIMUM         79    103 PM  86    1916  74      5       77
  MINIMUM         62    631 AM  34    1952  54      8       65
  AVERAGE         71                        64      7       71

PRECIPITATION (IN)
  YESTERDAY        0.00          1.42 1974   0.12  -0.12      T
  MONTH TO DATE    0.37                      2.73  -2.36     0.81
  SINCE MAR 1      0.37                      2.73  -2.36     0.81
  SINCE JAN 1      8.89                     11.57  -2.68    14.74

SNOWFALL (IN)
  YESTERDAY        0.0           0.0    MM   0.0    0.0      0.0
  MONTH TO DATE    0.0                       0.0    0.0      0.0
  SINCE MAR 1      0.0                       0.0    0.0      0.0
  SINCE JUL 1      0.0                       T      0.0      3.1
  SNOW DEPTH       0

DEGREE DAYS
 HEATING
  YESTERDAY        0                         4     -4        0
  MONTH TO DATE  120                       127     -7       75
  SINCE MAR 1    120                       127     -7       75
  SINCE JUL 1   1085                      1340   -255     1190

 COOLING
  YESTERDAY        6                         2      4        6
  MONTH TO DATE   65                        37     28       65
  SINCE MAR 1     65                        37     28       65
  SINCE JAN 1    109                        63     46      170
..................................................................


WIND (MPH)
  HIGHEST WIND SPEED    18   HIGHEST WIND DIRECTION     S (170)
  HIGHEST GUST SPEED    24   HIGHEST GUST DIRECTION    SE (140)
  AVERAGE WIND SPEED     9.5


SKY COVER
  POSSIBLE SUNSHINE  MM
  AVERAGE SKY COVER 0.8


WEATHER CONDITIONS
 THE FOLLOWING WEATHER WAS RECORDED YESTERDAY.
  NO SIGNIFICANT WEATHER WAS OBSERVED.


RELATIVE HUMIDITY (PERCENT)
 HIGHEST    90          1200 AM
 LOWEST     60          1100 AM
 AVERAGE    75

..........................................................


THE BEAUMONT PORT ARTHUR CLIMATE NORMALS FOR TODAY
                         NORMAL    RECORD    YEAR
 MAXIMUM TEMPERATURE (F)   74        89      1917
 MINIMUM TEMPERATURE (F)   54        36      2006
                                             1912


SUNRISE AND SUNSET
MARCH 25 2019.........SUNRISE   714 AM CDT   SUNSET   730 PM CDT
MARCH 26 2019.........SUNRISE   713 AM CDT   SUNSET   731 PM CDT


-  INDICATES NEGATIVE NUMBERS.
R  INDICATES RECORD WAS SET OR TIED.
MM INDICATES DATA IS MISSING.
T  INDICATES TRACE AMOUNT.




$$
