000
CDUS44 KLCH 222209
CLIBPT


CLIMATE REPORT
NATIONAL WEATHER SERVICE LAKE CHARLES, LA
506 PM CDT WED MAY 22 2019


...................................

...THE BEAUMONT PORT ARTHUR CLIMATE SUMMARY FOR MAY 22 2019...
VALID TODAY AS OF 0500 PM LOCAL TIME.

CLIMATE NORMAL PERIOD 1981 TO 2010
CLIMATE RECORD PERIOD 1901 TO 2019


WEATHER ITEM   OBSERVED TIME   RECORD YEAR NORMAL DEPARTURE LAST
                VALUE   (LST)  VALUE       VALUE  FROM      YEAR
                                                  NORMAL
..................................................................
TEMPERATURE (F)
 TODAY
  MAXIMUM         87    308 PM  98    2005  86      1       89
                                      1905
  MINIMUM         78    502 AM  57    2001  69      9       71
  AVERAGE         83                        77      6       80

PRECIPITATION (IN)
  TODAY            0.00          4.39 2016   0.17  -0.17     0.11
  MONTH TO DATE    8.56                      3.69   4.87     1.68
  SINCE MAR 1     12.48                     10.43   2.05     6.49
  SINCE JAN 1     21.00                     19.27   1.73    20.42

SNOWFALL (IN)
  TODAY            0.0           0.0    MM   0.0    0.0      0.0
  MONTH TO DATE    0.0                       0.0    0.0      0.0
  SINCE MAR 1      0.0                       0.0    0.0      0.0
  SINCE JUL 1      0.0                       T      0.0      3.1
  SNOW DEPTH       0

DEGREE DAYS
 HEATING
  TODAY            0                         0      0        0
  MONTH TO DATE    0                         0      0        0
  SINCE MAR 1    178                       187     -9      138
  SINCE JUL 1   1143                      1400   -257     1253

 COOLING
  TODAY           18                        12      6       15
  MONTH TO DATE  271                       219     52      306
  SINCE MAR 1    523                       420    103      497
  SINCE JAN 1    567                       446    121      602
..................................................................


WIND (MPH)
  HIGHEST WIND SPEED    26   HIGHEST WIND DIRECTION    SE (150)
  HIGHEST GUST SPEED    35   HIGHEST GUST DIRECTION    SE (150)
  AVERAGE WIND SPEED    15.9


SKY COVER
  POSSIBLE SUNSHINE  MM
  AVERAGE SKY COVER 0.9


WEATHER CONDITIONS
 THE FOLLOWING WEATHER WAS RECORDED TODAY.
  NO SIGNIFICANT WEATHER WAS OBSERVED.


RELATIVE HUMIDITY (PERCENT)
 HIGHEST    85          1200 AM
 LOWEST     65          1000 AM
 AVERAGE    75

..........................................................


THE BEAUMONT PORT ARTHUR CLIMATE NORMALS FOR TOMORROW
                         NORMAL    RECORD    YEAR
 MAXIMUM TEMPERATURE (F)   86        97      1905
 MINIMUM TEMPERATURE (F)   69        51      2001


SUNRISE AND SUNSET
MAY 22 2019...........SUNRISE   619 AM CDT   SUNSET   807 PM CDT
MAY 23 2019...........SUNRISE   619 AM CDT   SUNSET   807 PM CDT


-  INDICATES NEGATIVE NUMBERS.
R  INDICATES RECORD WAS SET OR TIED.
MM INDICATES DATA IS MISSING.
T  INDICATES TRACE AMOUNT.




$$
