000
CDUS43 KDLH 252236
CLIBRD


CLIMATE REPORT
NATIONAL WEATHER SERVICE DULUTH MN
530 PM CDT MON MAR 25 2019


...................................

...THE BRAINERD CLIMATE SUMMARY FOR MARCH 25 2019...
VALID TODAY AS OF 0500 PM LOCAL TIME.

CLIMATE NORMAL PERIOD 1981 TO 2010
CLIMATE RECORD PERIOD 1899 TO 2019


WEATHER ITEM   OBSERVED TIME   RECORD YEAR NORMAL DEPARTURE LAST
                VALUE   (LST)  VALUE       VALUE  FROM      YEAR
                                                  NORMAL
..................................................................
TEMPERATURE (F)
 TODAY
  MAXIMUM         41    351 PM  67    1968  43     -2       39
                                      1963
  MINIMUM         14    635 AM -20    1974  22     -8       25
  AVERAGE         28                        33     -5       32

PRECIPITATION (IN)
  TODAY           MM             1.02 1988   0.06  MM        0.03
  MONTH TO DATE    1.85                      1.18   0.67     1.13
  SINCE MAR 1      1.85                      1.18   0.67     1.13
  SINCE JAN 1      3.78                      2.62   1.16     2.58

SNOWFALL (IN)
  TODAY           MM             6.0  1954   0.2   MM
  MONTH TO DATE    9.3                       7.3    2.0
  SNOW DEPTH      MM

DEGREE DAYS
 HEATING
  TODAY           37                        32      5       33
  MONTH TO DATE 1088                       933    155      954
  SINCE MAR 1   1088                       933    155      954
  SINCE JUL 1   8127                      7445    682     7695

 COOLING
  TODAY            0                         0      0        0
  MONTH TO DATE    0                         0      0        0
  SINCE MAR 1      0                         0      0        0
  SINCE JAN 1      0                         0      0        0
..................................................................


WIND (MPH)
  HIGHEST WIND SPEED     9   HIGHEST WIND DIRECTION    SE (150)
  HIGHEST GUST SPEED    12   HIGHEST GUST DIRECTION    NE (60)
  AVERAGE WIND SPEED    2.3


SKY COVER
  AVERAGE SKY COVER 0.0


WEATHER CONDITIONS
 THE FOLLOWING WEATHER WAS RECORDED TODAY.
  NO SIGNIFICANT WEATHER WAS OBSERVED.


RELATIVE HUMIDITY (PERCENT)
 HIGHEST    74           700 AM
 LOWEST     15          1200 PM
 AVERAGE    45

..........................................................


THE BRAINERD CLIMATE NORMALS FOR TOMORROW
                         NORMAL    RECORD    YEAR
 MAXIMUM TEMPERATURE (F)   43        79      2007
 MINIMUM TEMPERATURE (F)   23       -21      1996


SUNRISE AND SUNSET
MARCH 25 2019.........SUNRISE   710 AM CDT   SUNSET   736 PM CDT
MARCH 26 2019.........SUNRISE   708 AM CDT   SUNSET   737 PM CDT


-  INDICATES NEGATIVE NUMBERS.
R  INDICATES RECORD WAS SET OR TIED.
MM INDICATES DATA IS MISSING.
T  INDICATES TRACE AMOUNT.




$$
