013
CDUS43 KDLH 212231
CLIBRD


CLIMATE REPORT
NATIONAL WEATHER SERVICE DULUTH MN
530 PM CDT TUE MAY 21 2019


...................................

...THE BRAINERD CLIMATE SUMMARY FOR MAY 21 2019...
VALID TODAY AS OF 0500 PM LOCAL TIME.

CLIMATE NORMAL PERIOD 1981 TO 2010
CLIMATE RECORD PERIOD 1899 TO 2019


WEATHER ITEM   OBSERVED TIME   RECORD YEAR NORMAL DEPARTURE LAST
                VALUE   (LST)  VALUE       VALUE  FROM      YEAR
                                                  NORMAL
..................................................................
TEMPERATURE (F)
 TODAY
  MAXIMUM         67    250 PM  86    1930  69     -2       65
  MINIMUM         39    252 AM  26    1918  46     -7       43
  AVERAGE         53                        58     -5       54

PRECIPITATION (IN)
  TODAY            0.00          1.86 1953   0.11  -0.11     0.01
  MONTH TO DATE    2.82                      2.25   0.57     0.24
  SINCE MAR 1      7.06                      6.12   0.94     3.21
  SINCE JAN 1      8.99                      7.56   1.43     4.66

SNOWFALL (IN)
  TODAY            0.0           0.0  2017   0.0    0.0
                                      2016
                                      2015
  MONTH TO DATE    T                         0.3   -0.3
  SNOW DEPTH       0

DEGREE DAYS
 HEATING
  TODAY           12                         8      4       11
  MONTH TO DATE  337                       229    108      176
  SINCE MAR 1   2224                      1985    239     2291
  SINCE JUL 1   9263                      8497    766     9032

 COOLING
  TODAY            0                         1     -1        0
  MONTH TO DATE    0                         6     -6        8
  SINCE MAR 1      0                         7     -7        8
  SINCE JAN 1      0                         7     -7        8
..................................................................


WIND (MPH)
  HIGHEST WIND SPEED    18   HIGHEST WIND DIRECTION    SE (130)
  HIGHEST GUST SPEED    30   HIGHEST GUST DIRECTION     E (100)
  AVERAGE WIND SPEED     6.4


SKY COVER
  AVERAGE SKY COVER 0.0


WEATHER CONDITIONS
 THE FOLLOWING WEATHER WAS RECORDED TODAY.
  NO SIGNIFICANT WEATHER WAS OBSERVED.


RELATIVE HUMIDITY (PERCENT)
 HIGHEST    86           500 AM
 LOWEST     26           300 PM
 AVERAGE    56

..........................................................


THE BRAINERD CLIMATE NORMALS FOR TOMORROW
                         NORMAL    RECORD    YEAR
 MAXIMUM TEMPERATURE (F)   69        95      1964
 MINIMUM TEMPERATURE (F)   46        27      1926


SUNRISE AND SUNSET
MAY 21 2019...........SUNRISE   537 AM CDT   SUNSET   850 PM CDT
MAY 22 2019...........SUNRISE   536 AM CDT   SUNSET   851 PM CDT


-  INDICATES NEGATIVE NUMBERS.
R  INDICATES RECORD WAS SET OR TIED.
MM INDICATES DATA IS MISSING.
T  INDICATES TRACE AMOUNT.




$$
