000
CDUS43 KDVN 192132
CLIBRL


CLIMATE REPORT
NATIONAL WEATHER SERVICE QUAD CITIES IA IL
431 PM CDT TUE MAR 19 2019


...................................

...THE BURLINGTON IA CLIMATE SUMMARY FOR MARCH 19 2019...
VALID TODAY AS OF 0400 PM LOCAL TIME.

CLIMATE NORMAL PERIOD 1981 TO 2010
CLIMATE RECORD PERIOD 1897 TO 2019


WEATHER ITEM   OBSERVED TIME   RECORD YEAR NORMAL DEPARTURE LAST
                VALUE   (LST)  VALUE       VALUE  FROM      YEAR
                                                  NORMAL
..................................................................
TEMPERATURE (F)
 TODAY
  MAXIMUM         54    159 PM  81    2012  53      1       56
  MINIMUM         29    508 AM  -5    1923  33     -4       36
  AVERAGE         42                        43     -1       46

PRECIPITATION (IN)
  TODAY            0.00         MM      MM   0.09  -0.09     0.00
  MONTH TO DATE    1.55                      1.66  -0.11     1.33
  SINCE MAR 1      1.55                      1.66  -0.11     1.33
  SINCE JAN 1      5.96                      4.52   1.44     5.42

DEGREE DAYS
 HEATING
  TODAY           23                        22      1       19
  MONTH TO DATE  621                       496    125      517
  SINCE MAR 1    621                       496    125      517
  SINCE JUL 1   5453                      4874    579     5010

 COOLING
  TODAY            0                         0      0        0
  MONTH TO DATE    0                         0      0        0
  SINCE MAR 1      0                         0      0        0
  SINCE JAN 1      0                         0      0        0
..................................................................


WIND (MPH)
  HIGHEST WIND SPEED    14   HIGHEST WIND DIRECTION     S (200)
  HIGHEST GUST SPEED    19   HIGHEST GUST DIRECTION     S (180)
  AVERAGE WIND SPEED     5.3


SKY COVER
  POSSIBLE SUNSHINE  MM
  AVERAGE SKY COVER 0.0


WEATHER CONDITIONS
 THE FOLLOWING WEATHER WAS RECORDED TODAY.
  NO SIGNIFICANT WEATHER WAS OBSERVED.


RELATIVE HUMIDITY (PERCENT)
 HIGHEST    75           400 AM
 LOWEST     38           100 PM
 AVERAGE    57

..........................................................


THE BURLINGTON IA CLIMATE NORMALS FOR TOMORROW
                         NORMAL    RECORD    YEAR
 MAXIMUM TEMPERATURE (F)   54        80      2012
 MINIMUM TEMPERATURE (F)   33         4      1906


SUNRISE AND SUNSET
MARCH 19 2019.........SUNRISE   710 AM CDT   SUNSET   715 PM CDT
MARCH 20 2019.........SUNRISE   708 AM CDT   SUNSET   716 PM CDT


-  INDICATES NEGATIVE NUMBERS.
R  INDICATES RECORD WAS SET OR TIED.
MM INDICATES DATA IS MISSING.
T  INDICATES TRACE AMOUNT.




$$
