000
CDUS43 KDVN 230925
CLIBRL


CLIMATE REPORT
NATIONAL WEATHER SERVICE QUAD CITIES IA IL
424 AM CDT THU MAY 23 2019


...................................

...THE BURLINGTON IA CLIMATE SUMMARY FOR MAY 22 2019...

CLIMATE NORMAL PERIOD 1981 TO 2010
CLIMATE RECORD PERIOD 1897 TO 2019


WEATHER ITEM   OBSERVED TIME   RECORD YEAR NORMAL DEPARTURE LAST
                VALUE   (LST)  VALUE       VALUE  FROM      YEAR
                                                  NORMAL
..................................................................
TEMPERATURE (F)
 YESTERDAY
  MAXIMUM         80    306 PM  94    1925  76      4       80
  MINIMUM         58    529 AM  35    1963  55      3       54
  AVERAGE         69                        66      3       67

PRECIPITATION (IN)
  YESTERDAY        0.61         MM      MM   0.16   0.45     0.00
  MONTH TO DATE    4.70                      3.51   1.19     2.10
  SINCE MAR 1     12.48                     10.06   2.42     5.59
  SINCE JAN 1     16.89                     12.92   3.97     9.68

DEGREE DAYS
 HEATING
  YESTERDAY        0                         3     -3        0
  MONTH TO DATE  173                       106     67       10
  SINCE MAR 1   1410                      1190    220     1444
  SINCE JUL 1   6242                      5568    674     5937

 COOLING
  YESTERDAY        4                         3      1        2
  MONTH TO DATE   24                        44    -20       89
  SINCE MAR 1     27                        64    -37       91
  SINCE JAN 1     27                        64    -37       91
..................................................................


WIND (MPH)
  HIGHEST WIND SPEED    24   HIGHEST WIND DIRECTION    SW (230)
  HIGHEST GUST SPEED    36   HIGHEST GUST DIRECTION    SW (220)
  AVERAGE WIND SPEED    12.4


SKY COVER
  POSSIBLE SUNSHINE  MM
  AVERAGE SKY COVER 0.6


WEATHER CONDITIONS
 THE FOLLOWING WEATHER WAS RECORDED YESTERDAY.
  THUNDERSTORM
  HEAVY RAIN
  RAIN
  LIGHT RAIN
  FOG


RELATIVE HUMIDITY (PERCENT)
 HIGHEST    93           100 AM
 LOWEST     48           100 PM
 AVERAGE    71

..........................................................


THE BURLINGTON IA CLIMATE NORMALS FOR TODAY
                         NORMAL    RECORD    YEAR
 MAXIMUM TEMPERATURE (F)   77        92      1939
 MINIMUM TEMPERATURE (F)   55        34      1963


SUNRISE AND SUNSET
MAY 23 2019...........SUNRISE   541 AM CDT   SUNSET   822 PM CDT
MAY 24 2019...........SUNRISE   540 AM CDT   SUNSET   823 PM CDT


-  INDICATES NEGATIVE NUMBERS.
R  INDICATES RECORD WAS SET OR TIED.
MM INDICATES DATA IS MISSING.
T  INDICATES TRACE AMOUNT.




$$
