000
CDUS44 KBRO 222128
CLIBRO


CLIMATE REPORT
NATIONAL WEATHER SERVICE BROWNSVILLE TX
428 PM CDT FRI MAR 22 2019


...................................

...THE BROWNSVILLE CLIMATE SUMMARY FOR MARCH 22 2019...
VALID TODAY AS OF 0400 PM LOCAL TIME.

CLIMATE NORMAL PERIOD 1981 TO 2010
CLIMATE RECORD PERIOD 1878 TO 2019


WEATHER ITEM   OBSERVED TIME   RECORD YEAR NORMAL DEPARTURE LAST
                VALUE   (LST)  VALUE       VALUE  FROM      YEAR
                                                  NORMAL
..................................................................
TEMPERATURE (F)
 TODAY
  MAXIMUM         79    258 PM  95    1901  80     -1       83
  MINIMUM         63    243 AM  38    1989  61      2       63
  AVERAGE         71                        70      1       73

PRECIPITATION (IN)
  TODAY            0.00          1.02 1925   0.05  -0.05     0.00
  MONTH TO DATE    1.79                      0.81   0.98     0.26
  SINCE MAR 1      1.79                      0.81   0.98     0.26
  SINCE JAN 1      3.69                      3.16   0.53     2.49

SNOWFALL (IN)
  TODAY            0.0
  MONTH TO DATE    0.0
  SINCE MAR 1      0.0
  SINCE JUL 1      0.0
  SNOW DEPTH       0

DEGREE DAYS
 HEATING
  TODAY            0                         1     -1        0
  MONTH TO DATE   76                        35     41        0
  SINCE MAR 1     76                        35     41        0
  SINCE JUL 1    493                       538    -45      482

 COOLING
  TODAY            6                         6      0        8
  MONTH TO DATE  141                       111     30      192
  SINCE MAR 1    141                       111     30      192
  SINCE JAN 1    348                       252     96      457
..................................................................


WIND (MPH)
  HIGHEST WIND SPEED    22   HIGHEST WIND DIRECTION    SE (130)
  HIGHEST GUST SPEED    27   HIGHEST GUST DIRECTION    SE (130)
  AVERAGE WIND SPEED    11.3


SKY COVER
  POSSIBLE SUNSHINE  MM
  AVERAGE SKY COVER 0.6


WEATHER CONDITIONS
 THE FOLLOWING WEATHER WAS RECORDED TODAY.
  NO SIGNIFICANT WEATHER WAS OBSERVED.


RELATIVE HUMIDITY (PERCENT)
 HIGHEST    93           200 AM
 LOWEST     62          1100 AM
 AVERAGE    78

..........................................................


THE BROWNSVILLE CLIMATE NORMALS FOR TOMORROW
                         NORMAL    RECORD    YEAR
 MAXIMUM TEMPERATURE (F)   80        98      1899
 MINIMUM TEMPERATURE (F)   61        40      1914


SUNRISE AND SUNSET
MARCH 22 2019.........SUNRISE   732 AM CDT   SUNSET   742 PM CDT
MARCH 23 2019.........SUNRISE   731 AM CDT   SUNSET   742 PM CDT


-  INDICATES NEGATIVE NUMBERS.
R  INDICATES RECORD WAS SET OR TIED.
MM INDICATES DATA IS MISSING.
T  INDICATES TRACE AMOUNT.




$$
