689
CDUS44 KBRO 270628
CLIBRO


CLIMATE REPORT
NATIONAL WEATHER SERVICE BROWNSVILLE TX
127 AM CDT MON MAY 27 2019


...................................

...THE BROWNSVILLE CLIMATE SUMMARY FOR MAY 26 2019...

CLIMATE NORMAL PERIOD 1981 TO 2010
CLIMATE RECORD PERIOD 1878 TO 2019


WEATHER ITEM   OBSERVED TIME   RECORD YEAR NORMAL DEPARTURE LAST
                VALUE   (LST)  VALUE       VALUE  FROM      YEAR
                                                  NORMAL
..................................................................
TEMPERATURE (F)
 YESTERDAY
  MAXIMUM         92    305 PM  98    1928  90      2       97
  MINIMUM         78   1159 PM  50    1901  74      4       75
  AVERAGE         85                        82      3       86

PRECIPITATION (IN)
  YESTERDAY        0.00          0.60 1933   0.09  -0.09     0.00
  MONTH TO DATE    1.15                      2.18  -1.03     0.68
  SINCE MAR 1      3.78                      4.95  -1.17     3.07
  SINCE JAN 1      5.68                      7.30  -1.62     5.30

SNOWFALL (IN)
  YESTERDAY        0.0
  MONTH TO DATE    0.0
  SINCE MAR 1      0.0
  SINCE JUL 1      0.0
  SNOW DEPTH       0

DEGREE DAYS
 HEATING
  YESTERDAY        0                         0      0        0
  MONTH TO DATE    0                         0      0        0
  SINCE MAR 1     95                        51     44        3
  SINCE JUL 1    512                       554    -42      485

 COOLING
  YESTERDAY       20                        17      3       21
  MONTH TO DATE  490                       389    101      466
  SINCE MAR 1   1052                       865    187     1079
  SINCE JAN 1   1259                      1006    253     1344
..................................................................


WIND (MPH)
  HIGHEST WIND SPEED    22   HIGHEST WIND DIRECTION    SE (140)
  HIGHEST GUST SPEED    30   HIGHEST GUST DIRECTION     S (160)
  AVERAGE WIND SPEED    13.2


SKY COVER
  POSSIBLE SUNSHINE  MM
  AVERAGE SKY COVER 0.5


WEATHER CONDITIONS
 THE FOLLOWING WEATHER WAS RECORDED YESTERDAY.
  NO SIGNIFICANT WEATHER WAS OBSERVED.


RELATIVE HUMIDITY (PERCENT)
 HIGHEST    91           200 AM
 LOWEST     49           200 PM
 AVERAGE    70

..........................................................


THE BROWNSVILLE CLIMATE NORMALS FOR TODAY
                         NORMAL    RECORD    YEAR
 MAXIMUM TEMPERATURE (F)   90        99      1973
 MINIMUM TEMPERATURE (F)   74        60      1913
                                             1901


SUNRISE AND SUNSET
MAY 27 2019...........SUNRISE   639 AM CDT   SUNSET   815 PM CDT
MAY 28 2019...........SUNRISE   639 AM CDT   SUNSET   815 PM CDT


-  INDICATES NEGATIVE NUMBERS.
R  INDICATES RECORD WAS SET OR TIED.
MM INDICATES DATA IS MISSING.
T  INDICATES TRACE AMOUNT.




$$
