000
CDUS44 KBRO 192126
CLIBRO


CLIMATE REPORT
NATIONAL WEATHER SERVICE BROWNSVILLE TX
425 PM CDT THU APR 19 2018


...................................

...THE BROWNSVILLE CLIMATE SUMMARY FOR APRIL 19 2018...
VALID TODAY AS OF 0400 PM LOCAL TIME.

CLIMATE NORMAL PERIOD 1981 TO 2010
CLIMATE RECORD PERIOD 1878 TO 2018


WEATHER ITEM   OBSERVED TIME   RECORD YEAR NORMAL DEPARTURE LAST
                VALUE   (LST)  VALUE       VALUE  FROM      YEAR
                                                  NORMAL
..................................................................
TEMPERATURE (F)
 TODAY
  MAXIMUM         83    218 PM  95    1884  84     -1       89
  MINIMUM         69    316 AM  51    2008  67      2       67
                                      1940
  AVERAGE         76                        75      1       78

PRECIPITATION (IN)
  TODAY            0.00          0.99 1935   0.07  -0.07     0.00
  MONTH TO DATE    0.94                      1.01  -0.07     0.49
  SINCE MAR 1      1.43                      2.24  -0.81     2.33
  SINCE JAN 1      3.66                      4.59  -0.93     3.87

SNOWFALL (IN)
  TODAY            0.0           0.0  2002   0.0
                                      2001
  MONTH TO DATE    0.0                       0.0
  SINCE MAR 1      0.0                       0.0
  SINCE JUL 1      0.3                       0.0

DEGREE DAYS
 HEATING
  TODAY            0                         0      0        0
  MONTH TO DATE    3                         6     -3        0
  SINCE MAR 1      3                        49    -46        2
  SINCE JUL 1    485                       552    -67      201

 COOLING
  TODAY           11                        11      0       13
  MONTH TO DATE  187                       174     13      244
  SINCE MAR 1    494                       348    146      538
  SINCE JAN 1    759                       489    270      925
..................................................................


WIND (MPH)
  HIGHEST WIND SPEED    18   HIGHEST WIND DIRECTION    NE (30)
  HIGHEST GUST SPEED    26   HIGHEST GUST DIRECTION    NE (50)
  AVERAGE WIND SPEED     8.4


SKY COVER
  POSSIBLE SUNSHINE  MM
  AVERAGE SKY COVER 0.8


WEATHER CONDITIONS
 THE FOLLOWING WEATHER WAS RECORDED TODAY.
  NO SIGNIFICANT WEATHER WAS OBSERVED.


RELATIVE HUMIDITY (PERCENT)
 HIGHEST   100           100 AM
 LOWEST     58          1100 AM
 AVERAGE    79

..........................................................


THE BROWNSVILLE CLIMATE NORMALS FOR TOMORROW
                         NORMAL    RECORD    YEAR
 MAXIMUM TEMPERATURE (F)   84        95      1916
 MINIMUM TEMPERATURE (F)   67        48      2013
                                             1884


SUNRISE AND SUNSET
APRIL 19 2018.........SUNRISE   703 AM CDT   SUNSET   755 PM CDT
APRIL 20 2018.........SUNRISE   702 AM CDT   SUNSET   756 PM CDT


-  INDICATES NEGATIVE NUMBERS.
R  INDICATES RECORD WAS SET OR TIED.
MM INDICATES DATA IS MISSING.
T  INDICATES TRACE AMOUNT.




$$
