000
CDAK49 PAFG 220038
CLIBRW

CLIMATE REPORT
NATIONAL WEATHER SERVICE FAIRBANKS AK
438 PM AKDT TUE MAY 21 2019


...................................

...THE UTQIAGVIK (BARROW) AK CLIMATE SUMMARY FOR MAY 21 2019...
VALID TODAY AS OF 0400 PM LOCAL TIME.

CLIMATE NORMAL PERIOD 1981 TO 2010
CLIMATE RECORD PERIOD 1920 TO 2019


WEATHER ITEM   OBSERVED TIME   RECORD YEAR NORMAL DEPARTURE LAST
                VALUE   (LST)  VALUE       VALUE  FROM      YEAR
                                                  NORMAL
..................................................................
TEMPERATURE (F)
 TODAY
  MAXIMUM         34    206 PM  47    2015  28      6       33
  MINIMUM         30    138 AM   4    1924  20     10       20
  AVERAGE         32                        24      8       27

PRECIPITATION (IN)
  TODAY            0.01          0.24 1933   0.01   0.00     0.00
  MONTH TO DATE    0.04                      0.11  -0.07     0.09
  SINCE MAR 1      0.80                      0.36   0.44     0.69
  SINCE JAN 1      1.21                      0.63   0.58     1.09

SNOWFALL (IN)
  TODAY            0.1           3.6  1933   0.1    0.0      0.0
  MONTH TO DATE    0.2                       1.9   -1.7      1.4
  SINCE MAR 1      9.6                       7.2    2.4      8.1
  SINCE JUL 1     43.7                      36.2    7.5     35.3
  SNOW DEPTH       5

DEGREE DAYS
 HEATING
  TODAY           33                        41     -8       38
  MONTH TO DATE  821                       980   -159      940
  SINCE MAR 1   4367                      5283   -916     4724
  SINCE JUL 1  15849                     18140  -2291    15327

 COOLING
  TODAY            0                         0      0        0
  MONTH TO DATE    0                         0      0        0
  SINCE MAR 1      0                         0      0        0
  SINCE JAN 1      0                         0      0        0
..................................................................


WIND (MPH)
  HIGHEST GUST SPEED    13   HIGHEST GUST DIRECTION     E (80)


SKY COVER
  AVERAGE SKY COVER 0.7


WEATHER CONDITIONS
 THE FOLLOWING WEATHER WAS RECORDED TODAY.
  LIGHT SNOW
  FOG


RELATIVE HUMIDITY (PERCENT)
 HIGHEST    92
 LOWEST     82
 AVERAGE    87

..........................................................


THE UTQIAGVIK (BARROW) AK CLIMATE NORMALS FOR TOMORROW
                         NORMAL    RECORD    YEAR
 MAXIMUM TEMPERATURE (F)   29        42      1965
 MINIMUM TEMPERATURE (F)   21         2      1924


SUNRISE AND SUNSET
MAY 21 2019...........SUN ABOVE VISIBLE HORIZON.
MAY 22 2019...........SUN ABOVE VISIBLE HORIZON.

-  INDICATES NEGATIVE NUMBERS.
R  INDICATES RECORD WAS SET OR TIED.
MM INDICATES DATA IS MISSING.
T  INDICATES TRACE AMOUNT.

&&

SNOW DEPTH IS MEASURED AT 3AM AKST/4AM AKDT.

----------------------------
AVAILABLE DAYLIGHT

AMOUNT OF DAYLIGHT TODAY  (HOUR:MIN)........24:00
GAIN/LOSS SINCE YESTERDAY (HOUR:MIN:SEC)....+0:00:00

$$
HFL MAY 19
