622
CDAK49 PAFG 230046
CLIBRW

CLIMATE REPORT
NATIONAL WEATHER SERVICE FAIRBANKS AK
446 PM AKDT FRI MAR 22 2019


...................................

...THE UTQIAGVIK (BARROW) AK CLIMATE SUMMARY FOR MARCH 22 2019...
VALID TODAY AS OF 0400 PM LOCAL TIME.

CLIMATE NORMAL PERIOD 1981 TO 2010
CLIMATE RECORD PERIOD 1920 TO 2019


WEATHER ITEM   OBSERVED TIME   RECORD YEAR NORMAL DEPARTURE LAST
                VALUE   (LST)  VALUE       VALUE  FROM      YEAR
                                                  NORMAL
..................................................................
TEMPERATURE (F)
 TODAY
  MAXIMUM         -3    259 PM  27    2002  -5      2        5
  MINIMUM        -19   1229 AM -38    1966 -19      0      -10
  AVERAGE        -11                       -12      1       -2

PRECIPITATION (IN)
  TODAY            0.00          0.63 2017   0.00   0.00     0.03
  MONTH TO DATE    0.27                      0.06   0.21     0.48
  SINCE MAR 1      0.27                      0.06   0.21     0.48
  SINCE JAN 1      0.68                      0.33   0.35     0.88

SNOWFALL (IN)
  TODAY            0.0           1.1  1982   0.1   -0.1      0.3
  MONTH TO DATE    4.0                       1.5    2.5      4.9
  SINCE MAR 1      4.0                       1.5    2.5      4.9
  SINCE JUL 1     38.1                      30.5    7.6     32.1
  SNOW DEPTH       9

DEGREE DAYS
 HEATING
  TODAY           76                        77     -1       67
  MONTH TO DATE 1419                      1729   -310     1461
  SINCE MAR 1   1419                      1729   -310     1461
  SINCE JUL 1  12901                     14586  -1685    12064

 COOLING
  TODAY            0                         0      0        0
  MONTH TO DATE    0                         0      0        0
  SINCE MAR 1      0                         0      0        0
  SINCE JAN 1      0                         0      0        0
..................................................................


WIND (MPH)
  HIGHEST GUST SPEED    33   HIGHEST GUST DIRECTION    NE (60)


SKY COVER
  AVERAGE SKY COVER 0.5


WEATHER CONDITIONS
 THE FOLLOWING WEATHER WAS RECORDED TODAY.
  FOG
  HAZE
  BLOWING SNOW


RELATIVE HUMIDITY (PERCENT)
 HIGHEST    86
 LOWEST     75
 AVERAGE    81

..........................................................


THE UTQIAGVIK (BARROW) AK CLIMATE NORMALS FOR TOMORROW
                         NORMAL    RECORD    YEAR
 MAXIMUM TEMPERATURE (F)   -5        28      1965
 MINIMUM TEMPERATURE (F)  -18       -42      1925


SUNRISE AND SUNSET
MARCH 22 2019.........SUNRISE   816 AM AKDT  SUNSET   855 PM AKDT
MARCH 23 2019.........SUNRISE   811 AM AKDT  SUNSET   900 PM AKDT

-  INDICATES NEGATIVE NUMBERS.
R  INDICATES RECORD WAS SET OR TIED.
MM INDICATES DATA IS MISSING.
T  INDICATES TRACE AMOUNT.

&&

SNOW DEPTH IS MEASURED AT 3AM AKST/4AM AKDT.

----------------------------
AVAILABLE DAYLIGHT

AMOUNT OF DAYLIGHT TODAY  (HOUR:MIN)........12:40
GAIN/LOSS SINCE YESTERDAY (HOUR:MIN:SEC)....+0:09:20

$$
HFL MAR 19
