000
CDUS43 KGRR 220527
CLIBTL


CLIMATE REPORT
NATIONAL WEATHER SERVICE GRAND RAPIDS, MI
126 AM EDT WED MAY 22 2019


...................................

...THE BATTLE CREEK MI CLIMATE SUMMARY FOR MAY 21 2019...

CLIMATE NORMAL PERIOD 1981 TO 2010
CLIMATE RECORD PERIOD 1998 TO 2019


WEATHER ITEM   OBSERVED TIME   NORMAL DEPARTURE LAST
                VALUE   (LST)  VALUE  FROM      YEAR
                                      NORMAL
......................................................
TEMPERATURE (F)
 YESTERDAY
  MAXIMUM         58    357 PM  72    -14       62
  MINIMUM         37    249 AM  47    -10       56
  AVERAGE         48            60    -12       59

PRECIPITATION (IN)
  YESTERDAY        0.00          0.13  -0.13     0.59
  MONTH TO DATE    3.08          2.50   0.58     6.26
  SINCE MAR 1      8.90          7.21   1.69    10.40
  SINCE JAN 1     10.98         10.21   0.77    16.75

DEGREE DAYS
 HEATING
  YESTERDAY       17             7     10        6
  MONTH TO DATE  209           192     17       79
  SINCE MAR 1   1703          1616     87     1746
  SINCE JUL 1   6417          6581   -164     6407

 COOLING
  YESTERDAY        0             1     -1        0
  MONTH TO DATE    5            15    -10       26
  SINCE MAR 1      5            22    -17       26
  SINCE JAN 1      5            22    -17       26
......................................................


WIND (MPH)
  RESULTANT WIND SPEED   6   RESULTANT WIND DIRECTION   E (110)
  HIGHEST WIND SPEED    15   HIGHEST WIND DIRECTION     E (90)
  HIGHEST GUST SPEED    24   HIGHEST GUST DIRECTION     E (70)
  AVERAGE WIND SPEED     7.5


SKY COVER
  AVERAGE SKY COVER 0.4


WEATHER CONDITIONS
 THE FOLLOWING WEATHER WAS RECORDED YESTERDAY.
  NO SIGNIFICANT WEATHER WAS OBSERVED.


RELATIVE HUMIDITY (PERCENT)
 HIGHEST    92          1200 AM
 LOWEST     47          1100 PM
 AVERAGE    70

..........................................................


THE BATTLE CREEK MI CLIMATE NORMALS FOR TODAY
                         NORMAL
 MAXIMUM TEMPERATURE (F)   72
 MINIMUM TEMPERATURE (F)   48


SUNRISE AND SUNSET
MAY 22 2019...........SUNRISE   614 AM EDT   SUNSET   902 PM EDT
MAY 23 2019...........SUNRISE   613 AM EDT   SUNSET   903 PM EDT


-  INDICATES NEGATIVE NUMBERS.
R  INDICATES RECORD WAS SET OR TIED.
MM INDICATES DATA IS MISSING.
T  INDICATES TRACE AMOUNT.




$$
