000
CDUS45 KMSO 210738
CLIBTM


CLIMATE REPORT
NATIONAL WEATHER SERVICE MISSOULA, MT
137 AM MDT THU MAR 21 2019


...................................

...THE BUTTE MT CLIMATE SUMMARY FOR MARCH 20 2019...

CLIMATE NORMAL PERIOD 1981 TO 2010
CLIMATE RECORD PERIOD 1895 TO 2019


WEATHER ITEM   OBSERVED TIME   RECORD YEAR NORMAL DEPARTURE LAST
                VALUE   (LST)  VALUE       VALUE  FROM      YEAR
                                                  NORMAL
..................................................................
TEMPERATURE (F)
 YESTERDAY
  MAXIMUM         54    416 PM  65    1910  45      9       42
  MINIMUM          8    546 AM -17    1955  21    -13       24
  AVERAGE         31                        33     -2       33

PRECIPITATION (IN)
  YESTERDAY        0.00          0.48 1952   0.02  -0.02     0.00
  MONTH TO DATE    0.21                      0.44  -0.23     0.30
  SINCE OCT 1      3.02                      3.23  -0.21     3.06
  SINCE JAN 1      1.40                      1.34   0.06     1.62

SNOWFALL (IN)
  YESTERDAY       MM
  MONTH TO DATE   MM
  SINCE JAN 1     MM
  SINCE JUL 1     MM
  SNOW DEPTH      MM

DEGREE DAYS
 HEATING
  YESTERDAY       34                        32      2       32
  MONTH TO DATE 1026                       707    319      770
  SINCE MAR 1   1026                       707    319      770
  SINCE JUL 1   7783                      7276    507     7258

 COOLING
  YESTERDAY        0                         0      0        0
  MONTH TO DATE    0                         0      0        0
  SINCE MAR 1      0                         0      0        0
  SINCE JAN 1      0                         0      0        0
..................................................................


WIND (MPH)
  HIGHEST WIND SPEED     8   HIGHEST WIND DIRECTION    SE (120)
  HIGHEST GUST SPEED    11   HIGHEST GUST DIRECTION    NW (300)
  AVERAGE WIND SPEED     2.8


SKY COVER
  POSSIBLE SUNSHINE  MM
  AVERAGE SKY COVER 0.0


WEATHER CONDITIONS
 THE FOLLOWING WEATHER WAS RECORDED YESTERDAY.
  NO SIGNIFICANT WEATHER WAS OBSERVED.


RELATIVE HUMIDITY (PERCENT)
 HIGHEST    84           300 AM
 LOWEST     28           300 PM
 AVERAGE    56

..........................................................


THE BUTTE MT CLIMATE NORMALS FOR TODAY
                         NORMAL    RECORD    YEAR
 MAXIMUM TEMPERATURE (F)   45        67      1928
 MINIMUM TEMPERATURE (F)   21       -14      1943


SUNRISE AND SUNSET
MARCH 21 2019.........SUNRISE   731 AM MDT   SUNSET   744 PM MDT
MARCH 22 2019.........SUNRISE   729 AM MDT   SUNSET   745 PM MDT


-  INDICATES NEGATIVE NUMBERS.
R  INDICATES RECORD WAS SET OR TIED.
MM INDICATES DATA IS MISSING.
T  INDICATES TRACE AMOUNT.




$$
