000
CDUS44 KLIX 230728
CLIBTR


CLIMATE REPORT
NATIONAL WEATHER SERVICE NEW ORLEANS
226 AM CDT THU MAY 23 2019


...................................

...THE BATON ROUGE  ASOS CLIMATE SUMMARY FOR MAY 22 2019...

CLIMATE NORMAL PERIOD 1981 TO 2010
CLIMATE RECORD PERIOD 1894 TO 2019


WEATHER ITEM   OBSERVED TIME   RECORD YEAR NORMAL DEPARTURE LAST
                VALUE   (LST)  VALUE       VALUE  FROM      YEAR
                                                  NORMAL
..................................................................
TEMPERATURE (F)
 YESTERDAY
  MAXIMUM         92    301 PM  95    1922  88      4       93
                                      1915
  MINIMUM         75    544 AM  51    2002  67      8       71
                                      1954
  AVERAGE         84                        77      7       82

PRECIPITATION (IN)
  YESTERDAY        0.00          4.98 1916   0.16  -0.16     0.02
  MONTH TO DATE    9.70                      3.37   6.33     2.06
  SINCE MAR 1     20.77                     12.24   8.53    12.59
  SINCE JAN 1     26.85                     23.00   3.85    23.78

SNOWFALL (IN)
  YESTERDAY        0.0
  MONTH TO DATE    0.0
  SINCE MAR 1      0.0
  SINCE JUL 1      0.0
  SNOW DEPTH       0

DEGREE DAYS
 HEATING
  YESTERDAY        0                         0      0        0
  MONTH TO DATE    0                         0      0        0
  SINCE MAR 1    243                       218     25      206
  SINCE JUL 1   1391                      1553   -162     1491

 COOLING
  YESTERDAY       19                        12      7       17
  MONTH TO DATE  257                       215     42      294
  SINCE MAR 1    456                       415     41      427
  SINCE JAN 1    523                       446     77      546
..................................................................


WIND (MPH)
  HIGHEST WIND SPEED    20   HIGHEST WIND DIRECTION    SE (150)
  HIGHEST GUST SPEED    24   HIGHEST GUST DIRECTION    SE (150)
  AVERAGE WIND SPEED    10.7


SKY COVER
  POSSIBLE SUNSHINE  MM
  AVERAGE SKY COVER 0.4


WEATHER CONDITIONS
 THE FOLLOWING WEATHER WAS RECORDED YESTERDAY.
  FOG


RELATIVE HUMIDITY (PERCENT)
 HIGHEST    94           400 AM
 LOWEST     52           200 PM
 AVERAGE    73

..........................................................


THE BATON ROUGE  ASOS CLIMATE NORMALS FOR TODAY
                         NORMAL    RECORD    YEAR
 MAXIMUM TEMPERATURE (F)   88        94      2005
                                             1918
                                             1915
 MINIMUM TEMPERATURE (F)   67        49      2002
                                             2001


SUNRISE AND SUNSET
MAY 23 2019...........SUNRISE   606 AM CDT   SUNSET   757 PM CDT
MAY 24 2019...........SUNRISE   605 AM CDT   SUNSET   758 PM CDT


-  INDICATES NEGATIVE NUMBERS.
R  INDICATES RECORD WAS SET OR TIED.
MM INDICATES DATA IS MISSING.
T  INDICATES TRACE AMOUNT.




$$
