000
CDUS44 KLIX 250712
CLIBTR


CLIMATE REPORT
NATIONAL WEATHER SERVICE NEW ORLEANS
NATIONAL WEATHER SERVICE NEW ORL
211 AM CDT WED APR 25 2018


...................................

...THE BATON ROUGE  ASOS CLIMATE SUMMARY FOR APRIL 24 2018...

CLIMATE NORMAL PERIOD 1981 TO 2010
CLIMATE RECORD PERIOD 1894 TO 2018


WEATHER ITEM   OBSERVED TIME   RECORD YEAR NORMAL DEPARTURE LAST
                VALUE   (LST)  VALUE       VALUE  FROM      YEAR
                                                  NORMAL
..................................................................
TEMPERATURE (F)
 YESTERDAY
  MAXIMUM         79    338 PM  91    1999  81     -2       79
                                      1958
  MINIMUM         54    524 AM  44    2012  59     -5       50
  AVERAGE         67                        70     -3       65

PRECIPITATION (IN)
  YESTERDAY        0.00          4.10 1953   0.14  -0.14     0.00
  MONTH TO DATE    5.16                      3.63   1.53     4.54
  SINCE MAR 1     10.24                      8.04   2.20     8.28
  SINCE JAN 1     21.43                     18.80   2.63    19.71

SNOWFALL (IN)
  YESTERDAY        0.0
  MONTH TO DATE    0.0
  SINCE MAR 1      0.0
  SINCE JUL 1      4.0
  SNOW DEPTH       0

DEGREE DAYS
 HEATING
  YESTERDAY        0                         1     -1        0
  MONTH TO DATE   73                        48     25       11
  SINCE MAR 1    203                       215    -12       95
  SINCE JUL 1   1488                      1550    -62      799

 COOLING
  YESTERDAY        2                         6     -4        0
  MONTH TO DATE   35                       103    -68      143
  SINCE MAR 1    116                       161    -45      281
  SINCE JAN 1    235                       192     43      424
..................................................................


WIND (MPH)
  HIGHEST WIND SPEED    20   HIGHEST WIND DIRECTION     W (280)
  HIGHEST GUST SPEED    26   HIGHEST GUST DIRECTION     W (280)
  AVERAGE WIND SPEED     5.5


SKY COVER
  POSSIBLE SUNSHINE  MM
  AVERAGE SKY COVER 0.1


WEATHER CONDITIONS
 THE FOLLOWING WEATHER WAS RECORDED YESTERDAY.
  FOG
  HAZE


RELATIVE HUMIDITY (PERCENT)
 HIGHEST    93          1200 AM
 LOWEST     40           200 PM
 AVERAGE    67

..........................................................


THE BATON ROUGE  ASOS CLIMATE NORMALS FOR TODAY
                         NORMAL    RECORD    YEAR
 MAXIMUM TEMPERATURE (F)   81        89      2011
                                             1967
                                             1925
 MINIMUM TEMPERATURE (F)   59        42      1910


SUNRISE AND SUNSET
APRIL 25 2018.........SUNRISE   627 AM CDT   SUNSET   739 PM CDT
APRIL 26 2018.........SUNRISE   626 AM CDT   SUNSET   740 PM CDT


-  INDICATES NEGATIVE NUMBERS.
R  INDICATES RECORD WAS SET OR TIED.
MM INDICATES DATA IS MISSING.
T  INDICATES TRACE AMOUNT.




$$
