000
CDUS44 KLIX 192126
CLIBTR


CLIMATE REPORT
NATIONAL WEATHER SERVICE NEW ORLEANS
NATIONAL WEATHER SERVICE NEW ORL
426 PM CDT TUE MAR 19 2019


...................................

...THE BATON ROUGE  ASOS CLIMATE SUMMARY FOR MARCH 19 2019...
VALID TODAY AS OF 0400 PM LOCAL TIME.

CLIMATE NORMAL PERIOD 1981 TO 2010
CLIMATE RECORD PERIOD 1894 TO 2019


WEATHER ITEM   OBSERVED TIME   RECORD YEAR NORMAL DEPARTURE LAST
                VALUE   (LST)  VALUE       VALUE  FROM      YEAR
                                                  NORMAL
..................................................................
TEMPERATURE (F)
 TODAY
  MAXIMUM         70    259 PM  87    1921  74     -4       85
  MINIMUM         44    631 AM  30    1923  51     -7       65
  AVERAGE         57

PRECIPITATION (IN)
  TODAY            0.00          3.80 1905   0.12  -0.12      T
  MONTH TO DATE    0.91                      2.67  -1.76     4.40
  SINCE MAR 1      0.91                      2.67  -1.76     4.40
  SINCE JAN 1      6.99                     13.43  -6.44    15.59

SNOWFALL (IN)
  TODAY            0.0
  MONTH TO DATE    0.0
  SINCE MAR 1      0.0
  SINCE JUL 1      0.0
  SNOW DEPTH       0

DEGREE DAYS
 HEATING
  TODAY            8                         5      3        0
  MONTH TO DATE  135                       121     14      101
  SINCE MAR 1    135                       121     14      101
  SINCE JUL 1   1283                      1456   -173     1386

 COOLING
  TODAY            0                         2     -2       10
  MONTH TO DATE   53                        31     22       37
  SINCE MAR 1     53                        31     22       37
  SINCE JAN 1    120                        62     58      156
..................................................................


WIND (MPH)
  HIGHEST WIND SPEED    18   HIGHEST WIND DIRECTION     N (20)
  HIGHEST GUST SPEED    25   HIGHEST GUST DIRECTION    NE (50)
  AVERAGE WIND SPEED     8.6


SKY COVER
  POSSIBLE SUNSHINE  MM
  AVERAGE SKY COVER 0.0


WEATHER CONDITIONS
 THE FOLLOWING WEATHER WAS RECORDED TODAY.
  NO SIGNIFICANT WEATHER WAS OBSERVED.


RELATIVE HUMIDITY (PERCENT)
 HIGHEST    86           100 AM
 LOWEST     23           200 PM
 AVERAGE    55

..........................................................


THE BATON ROUGE  ASOS CLIMATE NORMALS FOR TOMORROW
                         NORMAL    RECORD    YEAR
 MAXIMUM TEMPERATURE (F)   74        90      1921
 MINIMUM TEMPERATURE (F)   51        27      1965


SUNRISE AND SUNSET
MARCH 19 2019.........SUNRISE   710 AM CDT   SUNSET   715 PM CDT
MARCH 20 2019.........SUNRISE   709 AM CDT   SUNSET   716 PM CDT


-  INDICATES NEGATIVE NUMBERS.
R  INDICATES RECORD WAS SET OR TIED.
MM INDICATES DATA IS MISSING.
T  INDICATES TRACE AMOUNT.




$$
