000
CDUS41 KBTV 222057
CLIBTV


CLIMATE REPORT
NATIONAL WEATHER SERVICE BURLINGTON VT
456 PM EDT WED MAY 22 2019


...................................

...THE BURLINGTON VT CLIMATE SUMMARY FOR MAY 22 2019...
VALID TODAY AS OF 0400 PM LOCAL TIME.

CLIMATE NORMAL PERIOD 1981 TO 2010
CLIMATE RECORD PERIOD 1884 TO 2019


WEATHER ITEM   OBSERVED TIME   RECORD YEAR NORMAL DEPARTURE LAST
                VALUE   (LST)  VALUE       VALUE  FROM      YEAR
                                                  NORMAL
..................................................................
TEMPERATURE (F)
 TODAY
  MAXIMUM         65    259 PM  93    1977  69     -4       69
  MINIMUM         45    441 AM  31    1936  47     -2       53
  AVERAGE         55                        58     -3       61

PRECIPITATION (IN)
  TODAY            0.00          1.43 2013   0.12  -0.12     0.48
  MONTH TO DATE    3.50                      2.35   1.15     1.77
  SINCE MAR 1      9.34                      7.39   1.95     9.24
  SINCE JAN 1     14.97                     11.21   3.76    13.18

SNOWFALL (IN)
  TODAY            0.0           0.0  2002   0.0    0.0      0.0
                                      2001
  MONTH TO DATE    0.0                       0.0    0.0      0.0
  SINCE MAR 1     16.4                      20.4   -4.0     34.3
  SINCE JUL 1    103.6                      81.2   22.4     88.7
  SNOW DEPTH       0

DEGREE DAYS
 HEATING
  TODAY           10                         7      3        4
  MONTH TO DATE  247                       231     16      119
  SINCE MAR 1   1890                      1895     -5     1868
  SINCE JUL 1   7278                      7305    -27     6665

 COOLING
  TODAY            0                         1     -1        0
  MONTH TO DATE    1                         5     -4       14
  SINCE MAR 1      1                         7     -6       14
  SINCE JAN 1      1                         7     -6       14
..................................................................


WIND (MPH)
  HIGHEST WIND SPEED    20   HIGHEST WIND DIRECTION    NW (320)
  HIGHEST GUST SPEED    22   HIGHEST GUST DIRECTION    NW (330)
  AVERAGE WIND SPEED     9.6


SKY COVER
  POSSIBLE SUNSHINE  MM
  AVERAGE SKY COVER 0.4


WEATHER CONDITIONS
 THE FOLLOWING WEATHER WAS RECORDED TODAY.
  NO SIGNIFICANT WEATHER WAS OBSERVED.


RELATIVE HUMIDITY (PERCENT)
 HIGHEST    77           600 AM
 LOWEST     34           100 PM
 AVERAGE    56

..........................................................


THE BURLINGTON VT CLIMATE NORMALS FOR TOMORROW
                         NORMAL    RECORD    YEAR
 MAXIMUM TEMPERATURE (F)   69        91      1992
                                             1977
                                             1975
 MINIMUM TEMPERATURE (F)   48        31      1967
                                             1935


SUNRISE AND SUNSET
MAY 22 2019...........SUNRISE   518 AM EDT   SUNSET   821 PM EDT
MAY 23 2019...........SUNRISE   518 AM EDT   SUNSET   822 PM EDT


-  INDICATES NEGATIVE NUMBERS.
R  INDICATES RECORD WAS SET OR TIED.
MM INDICATES DATA IS MISSING.
T  INDICATES TRACE AMOUNT.




$$
