601
CDUS41 KBTV 260537
CLIBTV


CLIMATE REPORT
NATIONAL WEATHER SERVICE BURLINGTON VT
136 AM EDT TUE MAR 26 2019


...................................

...THE BURLINGTON VT CLIMATE SUMMARY FOR MARCH 25 2019...

CLIMATE NORMAL PERIOD 1981 TO 2010
CLIMATE RECORD PERIOD 1884 TO 2019


WEATHER ITEM   OBSERVED TIME   RECORD YEAR NORMAL DEPARTURE LAST
                VALUE   (LST)  VALUE       VALUE  FROM      YEAR
                                                  NORMAL
..................................................................
TEMPERATURE (F)
 YESTERDAY
  MAXIMUM         36    348 PM  68    1996  44     -8       40
                                      1987
  MINIMUM         20   1142 PM   0    1960  26     -6       25
  AVERAGE         28                        35     -7       33

PRECIPITATION (IN)
  YESTERDAY        0.00          0.85 1913   0.07  -0.07      T
  MONTH TO DATE    2.01                      1.76   0.25     2.03
  SINCE MAR 1      2.01                      1.76   0.25     2.03
  SINCE JAN 1      7.64                      5.58   2.06     5.97

SNOWFALL (IN)
  YESTERDAY        0.0           2.0  1930   0.4   -0.4       T
  MONTH TO DATE   14.9                      13.8    1.1     30.1
  SINCE MAR 1     14.9                      13.8    1.1     30.1
  SINCE JUL 1    102.1                      74.6   27.5     84.5
  SNOW DEPTH       0

DEGREE DAYS
 HEATING
  YESTERDAY       37                        30      7       32
  MONTH TO DATE  911                       882     29      889
  SINCE MAR 1    911                       882     29      889
  SINCE JUL 1   6299                      6292      7     5686

 COOLING
  YESTERDAY        0                         0      0        0
  MONTH TO DATE    0                         0      0        0
  SINCE MAR 1      0                         0      0        0
  SINCE JAN 1      0                         0      0        0
..................................................................


WIND (MPH)
  HIGHEST WIND SPEED    18   HIGHEST WIND DIRECTION    NW (330)
  HIGHEST GUST SPEED    21   HIGHEST GUST DIRECTION    NW (330)
  AVERAGE WIND SPEED     7.4


SKY COVER
  POSSIBLE SUNSHINE  MM
  AVERAGE SKY COVER 0.1


WEATHER CONDITIONS
 THE FOLLOWING WEATHER WAS RECORDED YESTERDAY.
  NO SIGNIFICANT WEATHER WAS OBSERVED.


RELATIVE HUMIDITY (PERCENT)
 HIGHEST    72           100 AM
 LOWEST     20           400 PM
 AVERAGE    46

..........................................................


THE BURLINGTON VT CLIMATE NORMALS FOR TODAY
                         NORMAL    RECORD    YEAR
 MAXIMUM TEMPERATURE (F)   44        71      1945
 MINIMUM TEMPERATURE (F)   26        -4      1960


SUNRISE AND SUNSET
MARCH 26 2019.........SUNRISE   645 AM EDT   SUNSET   712 PM EDT
MARCH 27 2019.........SUNRISE   643 AM EDT   SUNSET   713 PM EDT


-  INDICATES NEGATIVE NUMBERS.
R  INDICATES RECORD WAS SET OR TIED.
MM INDICATES DATA IS MISSING.
T  INDICATES TRACE AMOUNT.

&&

LAKE CHAMPLAIN DATA:
LEVEL...............97.15 FEET
TEMPERATURE.........34 DEGREES

MOUNT MANSFIELD DATA:
HIGH................30 DEGREES
LOW.................6 DEGREES
PRECIPITATION.......0.09 INCHES
SNOW AT STAKE.......122 INCHES

$$
