000
CDUS41 KBUF 192045
CLIBUF


CLIMATE REPORT
NATIONAL WEATHER SERVICE BUFFALO NY
444 PM EDT SUN MAY 19 2019


...................................

...THE BUFFALO NY CLIMATE SUMMARY FOR MAY 19 2019...
VALID TODAY AS OF 0400 PM LOCAL TIME.

CLIMATE NORMAL PERIOD 1981 TO 2010
CLIMATE RECORD PERIOD 1871 TO 2019


WEATHER ITEM   OBSERVED TIME   RECORD YEAR NORMAL DEPARTURE LAST
                VALUE   (LST)  VALUE       VALUE  FROM      YEAR
                                                  NORMAL
..................................................................
TEMPERATURE (F)
 TODAY
  MAXIMUM         83    248 PM  86    1962  68     15       80
  MINIMUM         61    544 AM  34    2002  48     13       61
  AVERAGE         72                        58     14       71

PRECIPITATION (IN)
  TODAY            0.08          3.41 1986   0.11  -0.03     0.45
  MONTH TO DATE    2.86                      2.01   0.85     1.49
  SINCE MAR 1      8.66                      7.89   0.77     8.41
  SINCE JAN 1     17.65                     13.56   4.09    15.75

SNOWFALL (IN)
  TODAY            0.0           T    2002   0.0    0.0      0.0
                                      1976
  MONTH TO DATE    0.0                       0.3   -0.3      0.0
  SINCE MAR 1     11.0                      15.9   -4.9     29.1
  SINCE JUL 1    118.8                      94.7   24.1    112.3
  SNOW DEPTH       0

DEGREE DAYS
 HEATING
  TODAY            0                         8     -8        0
  MONTH TO DATE  228                       198     30       61
  SINCE MAR 1   1859                      1735    124     1863
  SINCE JUL 1   6604                      6479    125     6373

 COOLING
  TODAY            7                         1      6        6
  MONTH TO DATE    7                         7      0       28
  SINCE MAR 1      7                        10     -3       28
  SINCE JAN 1      7                        10     -3       28
..................................................................


WIND (MPH)
  HIGHEST WIND SPEED    24   HIGHEST WIND DIRECTION    SW (240)
  HIGHEST GUST SPEED    29   HIGHEST GUST DIRECTION    SW (230)
  AVERAGE WIND SPEED     9.0


SKY COVER
  AVERAGE SKY COVER 0.6


WEATHER CONDITIONS
 THE FOLLOWING WEATHER WAS RECORDED TODAY.
  THUNDERSTORM
  LIGHT RAIN


RELATIVE HUMIDITY (PERCENT)
 HIGHEST    90           600 AM
 LOWEST     54          1000 AM
 AVERAGE    72

..........................................................


THE BUFFALO NY CLIMATE NORMALS FOR TOMORROW
                         NORMAL    RECORD    YEAR
 MAXIMUM TEMPERATURE (F)   68        89      2012
 MINIMUM TEMPERATURE (F)   49        32      1907


SUNRISE AND SUNSET
MAY 19 2019...........SUNRISE   548 AM EDT   SUNSET   835 PM EDT
MAY 20 2019...........SUNRISE   547 AM EDT   SUNSET   836 PM EDT


-  INDICATES NEGATIVE NUMBERS.
R  INDICATES RECORD WAS SET OR TIED.
MM INDICATES DATA IS MISSING.
T  INDICATES TRACE AMOUNT.




$$
