000
CDUS46 KLOX 270124
CLIBUR


CLIMATE REPORT
NATIONAL WEATHER SERVICE LOS ANGELES/OXNARD CA
624 PM PDT SUN MAY 26 2019


...................................

...THE BOB HOPE AIRPORT (BURBANK) CA CLIMATE SUMMARY FOR MAY 26 2019...
VALID TODAY AS OF 0600 PM LOCAL TIME.

CLIMATE NORMAL PERIOD 1981 TO 2010
CLIMATE RECORD PERIOD 1939 TO 2019


WEATHER ITEM   OBSERVED TIME   RECORD YEAR NORMAL DEPARTURE LAST
                VALUE   (LST)  VALUE       VALUE  FROM      YEAR
                                                  NORMAL
..................................................................
TEMPERATURE (F)
 TODAY
  MAXIMUM         58    420 PM 100    1974  77    -19       69
  MINIMUM         53    844 AM  42    1977  56     -3       53
  AVERAGE         56                        66    -10       61

PRECIPITATION (IN)
  TODAY            0.01R         0.01 1985   0.01   0.00     0.00
  MONTH TO DATE    0.86                      0.32   0.54     0.07
  SINCE OCT 1     18.83                     16.85   1.98     6.30
  SINCE JAN 1     14.85                     12.41   2.44     6.22

SNOWFALL (IN)
  TODAY            0.0
  MONTH TO DATE    0.0
  SINCE MAR 1      0.0
  SINCE JUL 1      0.0

DEGREE DAYS
 HEATING
  TODAY            9                         1      8        4
  MONTH TO DATE   96                        52     44       60
  SINCE MAR 1    355                       408    -53      321
  SINCE JUL 1   1387                      1549   -162      827

 COOLING
  TODAY            0                         3     -3        0
  MONTH TO DATE    5                        55    -50       47
  SINCE MAR 1     63                       100    -37      107
  SINCE JAN 1     63                       106    -43      141
..................................................................


WIND (MPH)
  HIGHEST WIND SPEED    15   HIGHEST WIND DIRECTION    SE (150)
  HIGHEST GUST SPEED    20   HIGHEST GUST DIRECTION    SE (120)
  AVERAGE WIND SPEED     8.1


SKY COVER
  POSSIBLE SUNSHINE  MM
  AVERAGE SKY COVER 1.0


WEATHER CONDITIONS
 THE FOLLOWING WEATHER WAS RECORDED TODAY.
  LIGHT RAIN


RELATIVE HUMIDITY (PERCENT)
 HIGHEST    89           700 AM
 LOWEST     67           100 PM
 AVERAGE    78

..........................................................


THE BOB HOPE AIRPORT (BURBANK) CA CLIMATE NORMALS FOR TOMORROW
                         NORMAL    RECORD    YEAR
 MAXIMUM TEMPERATURE (F)   77       100      1973
 MINIMUM TEMPERATURE (F)   56        46      1946


SUNRISE AND SUNSET
MAY 26 2019...........SUNRISE   545 AM PDT   SUNSET   756 PM PDT
MAY 27 2019...........SUNRISE   545 AM PDT   SUNSET   757 PM PDT


-  INDICATES NEGATIVE NUMBERS.
R  INDICATES RECORD WAS SET OR TIED.
MM INDICATES DATA IS MISSING.
T  INDICATES TRACE AMOUNT.




$$
