224
CDUS43 KLMK 212030
CLIBWG


CLIMATE REPORT
NATIONAL WEATHER SERVICE LOUISVILLE KY
429 PM EDT TUE MAY 21 2019


...................................

...THE BOWLING GREEN CLIMATE SUMMARY FOR MAY 21 2019...
VALID TODAY AS OF 0400 PM LOCAL TIME.

CLIMATE NORMAL PERIOD 1981 TO 2010
CLIMATE RECORD PERIOD 1870 TO 2019


WEATHER ITEM   OBSERVED TIME   RECORD YEAR NORMAL DEPARTURE LAST
                VALUE   (LST)  VALUE       VALUE  FROM      YEAR
                                                  NORMAL
..................................................................
TEMPERATURE (F)
 TODAY
  MAXIMUM         88    200 PM  96    1941  79      9       86
  MINIMUM         58    530 AM  38    1954  57      1       67
  AVERAGE         73                        68      5       77

PRECIPITATION (IN)
  TODAY            0.00          1.99 1987   0.18  -0.18     0.52
  MONTH TO DATE    1.97                      3.88  -1.91     3.29
  SINCE MAR 1      9.36                     12.63  -3.27    11.38
  SINCE JAN 1     23.79                     20.20   3.59    22.25

SNOWFALL (IN)
  TODAY            0.0           0.0    MM   0.0    0.0      0.0
  MONTH TO DATE    0.0                       0.0    0.0      0.0
  SINCE MAR 1      T                         1.3   -1.3      2.6
  SINCE JUL 1      5.1                       9.1   -4.0     11.0
  SNOW DEPTH       0

DEGREE DAYS
 HEATING
  TODAY            0                         2     -2        0
  MONTH TO DATE   36                        63    -27        2
  SINCE MAR 1    804                       834    -30      912
  SINCE JUL 1   3752                      4032   -280     3926

 COOLING
  TODAY            8                         5      3       12
  MONTH TO DATE   91                        62     29      182
  SINCE MAR 1    125                        98     27      193
  SINCE JAN 1    125                        98     27      208
..................................................................


WIND (MPH)
  HIGHEST WIND SPEED    15   HIGHEST WIND DIRECTION    SE (150)
  HIGHEST GUST SPEED    21   HIGHEST GUST DIRECTION     S (160)
  AVERAGE WIND SPEED     7.8


SKY COVER
  POSSIBLE SUNSHINE  MM
  AVERAGE SKY COVER 0.1


WEATHER CONDITIONS
 THE FOLLOWING WEATHER WAS RECORDED TODAY.
  NO SIGNIFICANT WEATHER WAS OBSERVED.


RELATIVE HUMIDITY (PERCENT)
 HIGHEST    86           500 AM
 LOWEST     46           200 PM
 AVERAGE    66

..........................................................


THE BOWLING GREEN CLIMATE NORMALS FOR TOMORROW
                         NORMAL    RECORD    YEAR
 MAXIMUM TEMPERATURE (F)   79        96      1925
 MINIMUM TEMPERATURE (F)   57        35      2002


SUNRISE AND SUNSET
MAY 21 2019...........SUNRISE   433 AM CST   SUNSET   652 PM CST
MAY 22 2019...........SUNRISE   433 AM CST   SUNSET   652 PM CST


-  INDICATES NEGATIVE NUMBERS.
R  INDICATES RECORD WAS SET OR TIED.
MM INDICATES DATA IS MISSING.
T  INDICATES TRACE AMOUNT.




$$
