000
CDUS43 KLMK 260626
CLIBWG


CLIMATE REPORT
NATIONAL WEATHER SERVICE LOUISVILLE KY
226 AM EDT TUE MAR 26 2019


...................................

...THE BOWLING GREEN KY CLIMATE SUMMARY FOR MARCH 25 2019...

CLIMATE NORMAL PERIOD 1981 TO 2010
CLIMATE RECORD PERIOD 1870 TO 2019


WEATHER ITEM   OBSERVED TIME   RECORD YEAR NORMAL DEPARTURE LAST
                VALUE   (LST)  VALUE       VALUE  FROM      YEAR
                                                  NORMAL
..................................................................
TEMPERATURE (F)
 YESTERDAY
  MAXIMUM         64   1022 AM  90    1929  63      1       51
                                      1907
  MINIMUM         44   1159 PM  20    1960  39      5       40
  AVERAGE         54                        51      3       46

PRECIPITATION (IN)
  YESTERDAY        0.32          1.65 1965   0.15   0.17     0.00
  MONTH TO DATE    2.07                      3.50  -1.43     2.47
  SINCE MAR 1      2.07                      3.50  -1.43     2.47
  SINCE JAN 1     16.50                     11.07   5.43    13.34

SNOWFALL (IN)
  YESTERDAY        0.0           0.5  2013   0.0    0.0      0.0
  MONTH TO DATE    T                         0.9   -0.9      2.3
  SINCE MAR 1      T                         0.9   -0.9      2.3
  SINCE JUL 1      5.1                       8.7   -3.6     10.7
  SNOW DEPTH       0

DEGREE DAYS
 HEATING
  YESTERDAY       11                        14     -3       19
  MONTH TO DATE  511                       442     69      489
  SINCE MAR 1    511                       442     69      489
  SINCE JUL 1   3459                      3640   -181     3503

 COOLING
  YESTERDAY        0                         0      0        0
  MONTH TO DATE    2                         0      2        0
  SINCE MAR 1      2                         0      2        0
  SINCE JAN 1      2                         0      2       15
..................................................................


WIND (MPH)
  HIGHEST WIND SPEED    17   HIGHEST WIND DIRECTION    NW (330)
  HIGHEST GUST SPEED    31   HIGHEST GUST DIRECTION    NW (330)
  AVERAGE WIND SPEED     8.0


SKY COVER
  POSSIBLE SUNSHINE  MM
  AVERAGE SKY COVER 0.9


WEATHER CONDITIONS
 THE FOLLOWING WEATHER WAS RECORDED YESTERDAY.
  THUNDERSTORM
  RAIN
  LIGHT RAIN
  FOG
  HAZE


RELATIVE HUMIDITY (PERCENT)
 HIGHEST    89           300 AM
 LOWEST     49          1200 AM
 AVERAGE    69

..........................................................


THE BOWLING GREEN KY CLIMATE NORMALS FOR TODAY
                         NORMAL    RECORD    YEAR
 MAXIMUM TEMPERATURE (F)   63        87      1910
 MINIMUM TEMPERATURE (F)   40        14      1955


SUNRISE AND SUNSET
MARCH 26 2019.........SUNRISE   641 AM CDT   SUNSET   703 PM CDT
MARCH 27 2019.........SUNRISE   639 AM CDT   SUNSET   704 PM CDT


-  INDICATES NEGATIVE NUMBERS.
R  INDICATES RECORD WAS SET OR TIED.
MM INDICATES DATA IS MISSING.
T  INDICATES TRACE AMOUNT.




$$
