000
CDUS41 KLWX 180528
CLIBWI


CLIMATE REPORT
NATIONAL WEATHER SERVICE BALTIMORE MD/WASHINGTON DC
127 AM EDT MON MAR 18 2019


...................................

...THE BALTIMORE MD CLIMATE SUMMARY FOR MARCH 17 2019...

CLIMATE NORMAL PERIOD 1981 TO 2010
CLIMATE RECORD PERIOD 1871 TO 2019


WEATHER ITEM   OBSERVED TIME   RECORD YEAR NORMAL DEPARTURE LAST
                VALUE   (LST)  VALUE       VALUE  FROM      YEAR
                                                  NORMAL
..................................................................
TEMPERATURE (F)
 YESTERDAY
  MAXIMUM         51    453 PM  85    1945  54     -3       44
  MINIMUM         28    638 AM  15    1900  34     -6       24
  AVERAGE         40                        44     -4       34

PRECIPITATION (IN)
  YESTERDAY        0.00          1.29 1968   0.13  -0.13      T
  MONTH TO DATE    2.26                      2.04   0.22     1.03
  SINCE MAR 1      2.26                      2.04   0.22     1.03
  SINCE JAN 1      9.05                      7.99   1.06     7.33

SNOWFALL (IN)
  YESTERDAY        0.0           5.0  1931   0.1   -0.1
  MONTH TO DATE    2.6                       1.5    1.1
  SINCE JUL 1     18.2                      19.7   -1.5
  SNOW DEPTH       0

DEGREE DAYS
 HEATING
  YESTERDAY       25                        21      4       31
  MONTH TO DATE  414                       403     11      448
  SINCE MAR 1    414                       403     11      448
  SINCE JUL 1   3827                      3998   -171     3760

 COOLING
  YESTERDAY        0                         0      0        0
  MONTH TO DATE    1                         0      1        0
  SINCE MAR 1      1                         0      1        0
  SINCE JAN 1      1                         0      1        1
..................................................................


WIND (MPH)
  HIGHEST WIND SPEED    17   HIGHEST WIND DIRECTION     W (280)
  HIGHEST GUST SPEED    27   HIGHEST GUST DIRECTION    NW (330)
  AVERAGE WIND SPEED     5.2


SKY COVER
  POSSIBLE SUNSHINE  MM
  AVERAGE SKY COVER 0.4


WEATHER CONDITIONS
 THE FOLLOWING WEATHER WAS RECORDED YESTERDAY.
  NO SIGNIFICANT WEATHER WAS OBSERVED.


RELATIVE HUMIDITY (PERCENT)
 HIGHEST    69           400 AM
 LOWEST     26           400 PM
 AVERAGE    48

..........................................................


THE BALTIMORE MD CLIMATE NORMALS FOR TODAY
                         NORMAL    RECORD    YEAR
 MAXIMUM TEMPERATURE (F)   54        81      2011
 MINIMUM TEMPERATURE (F)   34         9      1877


SUNRISE AND SUNSET
MARCH 18 2019.........SUNRISE   714 AM EDT   SUNSET   716 PM EDT
MARCH 19 2019.........SUNRISE   712 AM EDT   SUNSET   717 PM EDT


-  INDICATES NEGATIVE NUMBERS.
R  INDICATES RECORD WAS SET OR TIED.
MM INDICATES DATA IS MISSING.
T  INDICATES TRACE AMOUNT.




$$
