000
CDUS45 KRIW 260757
CLIBYG


CLIMATE REPORT
NATIONAL WEATHER SERVICE RIVERTON WY
156 AM MDT SUN MAY 26 2019


...................................

...THE BUFFALO WY CLIMATE SUMMARY FOR MAY 25 2019...

CLIMATE NORMAL PERIOD 1981 TO 2010
CLIMATE RECORD PERIOD 1998 TO 2019


WEATHER ITEM   OBSERVED TIME   RECORD YEAR NORMAL DEPARTURE LAST
                VALUE   (LST)  VALUE       VALUE  FROM      YEAR
                                                  NORMAL
..................................................................
TEMPERATURE (F)
 YESTERDAY
  MAXIMUM         69    401 PM  83    2006  66      3       82
  MINIMUM         36    301 AM  33    2012  42     -6       51
  AVERAGE         53                        54     -1       67

PRECIPITATION (IN)
  YESTERDAY        0.00          0.58 2012   0.08  -0.08     0.00
  MONTH TO DATE    3.50                      2.07   1.43     0.95
  SINCE MAR 1      5.20                      4.29   0.91     2.61
  SINCE JAN 1      5.33                      5.06   0.27     2.95

DEGREE DAYS
 HEATING
  YESTERDAY       12                        11      1        0
  MONTH TO DATE  480                       348    132      235
  SINCE MAR 1   2183                      1952    231     1828
  SINCE JUL 1   7537                      7192    345     6972

 COOLING
  YESTERDAY        0                         0      0        2
  MONTH TO DATE    0                         0      0        2
  SINCE MAR 1      0                         0      0        2
  SINCE JAN 1      0                         0      0        2
..................................................................


WIND (MPH)
  HIGHEST WIND SPEED    23   HIGHEST WIND DIRECTION     S (170)
  HIGHEST GUST SPEED    29   HIGHEST GUST DIRECTION     S (170)
  AVERAGE WIND SPEED     9.2


SKY COVER
  POSSIBLE SUNSHINE  MM
  AVERAGE SKY COVER 0.1


WEATHER CONDITIONS
 THE FOLLOWING WEATHER WAS RECORDED YESTERDAY.
  NO SIGNIFICANT WEATHER WAS OBSERVED.


RELATIVE HUMIDITY (PERCENT)
 HIGHEST    92           300 AM
 LOWEST     30           400 PM
 AVERAGE    61

..........................................................


THE BUFFALO WY CLIMATE NORMALS FOR TODAY
                         NORMAL    RECORD    YEAR
 MAXIMUM TEMPERATURE (F)   66        88      2018
 MINIMUM TEMPERATURE (F)   43        31      2007


SUNRISE AND SUNSET
MAY 26 2019...........SUNRISE   530 AM MDT   SUNSET   839 PM MDT
MAY 27 2019...........SUNRISE   529 AM MDT   SUNSET   840 PM MDT


-  INDICATES NEGATIVE NUMBERS.
R  INDICATES RECORD WAS SET OR TIED.
MM INDICATES DATA IS MISSING.
T  INDICATES TRACE AMOUNT.




$$
