000
CDUS45 KRIW 240029
CLIBYG


CLIMATE REPORT
NATIONAL WEATHER SERVICE RIVERTON WY
628 PM MDT SAT MAR 23 2019


...................................

...THE BUFFALO WY CLIMATE SUMMARY FOR MARCH 23 2019...
VALID TODAY AS OF 0500 PM LOCAL TIME.

CLIMATE NORMAL PERIOD 1981 TO 2010
CLIMATE RECORD PERIOD 1998 TO 2019


WEATHER ITEM   OBSERVED TIME   RECORD YEAR NORMAL DEPARTURE LAST
                VALUE   (LST)  VALUE       VALUE  FROM      YEAR
                                                  NORMAL
..................................................................
TEMPERATURE (F)
 TODAY
  MAXIMUM         56        MM  76    2012  48      8       59
  MINIMUM         35    400 AM  10    2014  25     10       32
  AVERAGE         46

PRECIPITATION (IN)
  TODAY            0.00          0.45 2009   0.03  -0.03     0.11
  MONTH TO DATE    0.02                      0.59  -0.57     0.12
  SINCE MAR 1      0.02                      0.59  -0.57     0.12
  SINCE JAN 1      0.15                      1.36  -1.21     0.46

DEGREE DAYS
 HEATING
  TODAY           19                        29    -10       19
  MONTH TO DATE  870                       730    140      670
  SINCE MAR 1    870                       730    140      670
  SINCE JUL 1   6224                      5970    254     5814

 COOLING
  TODAY            0                         0      0        0
  MONTH TO DATE    0                         0      0        0
  SINCE MAR 1      0                         0      0        0
  SINCE JAN 1      0                         0      0        0
..................................................................


WIND (MPH)
  HIGHEST WIND SPEED    20   HIGHEST WIND DIRECTION     N (340)
  HIGHEST GUST SPEED    28   HIGHEST GUST DIRECTION     N (360)
  AVERAGE WIND SPEED    11.1


SKY COVER
  POSSIBLE SUNSHINE  MM
  AVERAGE SKY COVER 0.7


WEATHER CONDITIONS
 THE FOLLOWING WEATHER WAS RECORDED TODAY.
  NO SIGNIFICANT WEATHER WAS OBSERVED.


RELATIVE HUMIDITY (PERCENT)
 HIGHEST    82           300 AM
 LOWEST     35           100 PM
 AVERAGE    59

..........................................................


THE BUFFALO WY CLIMATE NORMALS FOR TOMORROW
                         NORMAL    RECORD    YEAR
 MAXIMUM TEMPERATURE (F)   48        70      2004
 MINIMUM TEMPERATURE (F)   25        10      2013


SUNRISE AND SUNSET
MARCH 23 2019.........SUNRISE   705 AM MDT   SUNSET   723 PM MDT
MARCH 24 2019.........SUNRISE   703 AM MDT   SUNSET   724 PM MDT


-  INDICATES NEGATIVE NUMBERS.
R  INDICATES RECORD WAS SET OR TIED.
MM INDICATES DATA IS MISSING.
T  INDICATES TRACE AMOUNT.




$$
