000
CDUS45 KPIH 200731
CLIBYI


CLIMATE REPORT
NATIONAL WEATHER SERVICE POCATELLO ID
130 AM MDT WED MAR 20 2019


...................................

...THE BURLEY ID CLIMATE SUMMARY FOR MARCH 19 2019...

CLIMATE NORMAL PERIOD 1981 TO 2010
CLIMATE RECORD PERIOD 1948 TO 2019


WEATHER ITEM   OBSERVED TIME   RECORD YEAR NORMAL DEPARTURE LAST
                VALUE   (LST)  VALUE       VALUE  FROM      YEAR
                                                  NORMAL
..................................................................
TEMPERATURE (F)
 YESTERDAY
  MAXIMUM         59    253 PM  78    1997  52      7       47
  MINIMUM         23    616 AM   7    1965  29     -6       27
  AVERAGE         41                        40      1       37

PRECIPITATION (IN)
  YESTERDAY        0.00          0.35 1950   0.03  -0.03     0.00
  MONTH TO DATE    0.31                      0.63  -0.32     0.69
  SINCE OCT 1      6.94                      5.14   1.80     4.33
  SINCE JAN 1      3.04                      2.31   0.73     2.71

SNOWFALL (IN)
  YESTERDAY       MM
  MONTH TO DATE   MM
  SINCE MAR 1     MM
  SINCE JUL 1     MM
  SNOW DEPTH      MM

DEGREE DAYS
 HEATING
  YESTERDAY       24                        25     -1       28
  MONTH TO DATE  548                       517     31      536
  SINCE MAR 1    548                       517     31      536
  SINCE JUL 1   4918                      5539   -621     4887

 COOLING
  YESTERDAY        0                         0      0        0
  MONTH TO DATE    0                         0      0        0
  SINCE MAR 1      0                         0      0        0
  SINCE JAN 1      0                         0      0        0
..................................................................


WIND (MPH)
  HIGHEST WIND SPEED    22   HIGHEST WIND DIRECTION     E (80)
  HIGHEST GUST SPEED    28   HIGHEST GUST DIRECTION     E (80)
  AVERAGE WIND SPEED     7.8


SKY COVER
  POSSIBLE SUNSHINE  MM
  AVERAGE SKY COVER 0.0


WEATHER CONDITIONS
 THE FOLLOWING WEATHER WAS RECORDED YESTERDAY.
  NO SIGNIFICANT WEATHER WAS OBSERVED.


RELATIVE HUMIDITY (PERCENT)
 HIGHEST    81           500 AM
 LOWEST     15           100 PM
 AVERAGE    48

..........................................................


THE BURLEY ID CLIMATE NORMALS FOR TODAY
                         NORMAL    RECORD    YEAR
 MAXIMUM TEMPERATURE (F)   52        73      1928
 MINIMUM TEMPERATURE (F)   29         7      1955


SUNRISE AND SUNSET
MARCH 20 2019.........SUNRISE   739 AM MDT   SUNSET   747 PM MDT
MARCH 21 2019.........SUNRISE   737 AM MDT   SUNSET   748 PM MDT


-  INDICATES NEGATIVE NUMBERS.
R  INDICATES RECORD WAS SET OR TIED.
MM INDICATES DATA IS MISSING.
T  INDICATES TRACE AMOUNT.




$$
