000
CDUS45 KPIH 262338
CLIBYI


CLIMATE REPORT
NATIONAL WEATHER SERVICE POCATELLO ID
536 PM MDT SUN MAY 26 2019


...................................

...THE BURLEY ID CLIMATE SUMMARY FOR MAY 26 2019...
VALID TODAY AS OF 0500 PM LOCAL TIME.

CLIMATE NORMAL PERIOD 1981 TO 2010
CLIMATE RECORD PERIOD 1948 TO 2019


WEATHER ITEM   OBSERVED TIME   RECORD YEAR NORMAL DEPARTURE LAST
                VALUE   (LST)  VALUE       VALUE  FROM      YEAR
                                                  NORMAL
..................................................................
TEMPERATURE (F)
 TODAY
  MAXIMUM         69    222 PM  91    1958  70     -1       74
                                      1936
  MINIMUM         45    524 AM  27    1978  44      1       49
                                      1920
  AVERAGE         57                        57      0       62

PRECIPITATION (IN)
  TODAY            T             0.78 2012   0.04  -0.04     0.32
  MONTH TO DATE    1.82                      1.19   0.63     1.45
  SINCE OCT 1     10.35                      7.82   2.53     6.97
  SINCE JAN 1      6.45                      4.99   1.46     5.35

SNOWFALL (IN)
  TODAY           MM
  MONTH TO DATE   MM
  SINCE MAR 1     MM
  SINCE JUL 1     MM
  SNOW DEPTH      MM

DEGREE DAYS
 HEATING
  TODAY            8                         8      0        3
  MONTH TO DATE  301                       303     -2      154
  SINCE MAR 1   1503                      1669   -166     1438
  SINCE JUL 1   5873                      6691   -818     5789

 COOLING
  TODAY            0                         0      0        0
  MONTH TO DATE    0                         0      0       12
  SINCE MAR 1      0                         0      0       12
  SINCE JAN 1      0                         0      0       12
..................................................................


WIND (MPH)
  HIGHEST WIND SPEED    22   HIGHEST WIND DIRECTION    SE (140)
  HIGHEST GUST SPEED    27   HIGHEST GUST DIRECTION    SE (140)
  AVERAGE WIND SPEED     4.7


SKY COVER
  POSSIBLE SUNSHINE  MM
  AVERAGE SKY COVER 0.3


WEATHER CONDITIONS
 THE FOLLOWING WEATHER WAS RECORDED TODAY.
  THUNDERSTORM
  LIGHT RAIN


RELATIVE HUMIDITY (PERCENT)
 HIGHEST    93           300 AM
 LOWEST     30           300 PM
 AVERAGE    62

..........................................................


THE BURLEY ID CLIMATE NORMALS FOR TOMORROW
                         NORMAL    RECORD    YEAR
 MAXIMUM TEMPERATURE (F)   70        91      1958
                                             1934
 MINIMUM TEMPERATURE (F)   44        29      1922


SUNRISE AND SUNSET
MAY 26 2019...........SUNRISE   604 AM MDT   SUNSET   901 PM MDT
MAY 27 2019...........SUNRISE   603 AM MDT   SUNSET   902 PM MDT


-  INDICATES NEGATIVE NUMBERS.
R  INDICATES RECORD WAS SET OR TIED.
MM INDICATES DATA IS MISSING.
T  INDICATES TRACE AMOUNT.




$$
