000
CDUS45 KTFX 200729
CLIBZN


CLIMATE REPORT
NATIONAL WEATHER SERVICE GREAT FALLS MT
127 AM MDT WED MAR 20 2019


...................................

...THE BOZEMAN/GALLATIN FIELD MT CLIMATE SUMMARY FOR MARCH 19 2019...

CLIMATE NORMAL PERIOD 1981 TO 2010
CLIMATE RECORD PERIOD 1935 TO 2019


WEATHER ITEM   OBSERVED TIME   RECORD YEAR NORMAL DEPARTURE LAST
                VALUE   (LST)  VALUE       VALUE  FROM      YEAR
                                                  NORMAL
..................................................................
TEMPERATURE (F)
 YESTERDAY
  MAXIMUM         37    251 PM  71    1997  51    -14       40
  MINIMUM          4    718 AM  -5    1943  25    -21       27
  AVERAGE         21                        38    -17       34

PRECIPITATION (IN)
  YESTERDAY        0.00          0.38 1982   0.03  -0.03     0.01
  MONTH TO DATE    0.13                      0.49  -0.36     0.48
  SINCE OCT 1      3.91                      3.78   0.13     4.93
  SINCE JAN 1      1.66                      1.40   0.26     1.95

SNOWFALL (IN)
  YESTERDAY        0.0           4.9  1948   0.2   -0.2      0.1
  MONTH TO DATE    2.8                       4.5   -1.7      6.1
  SINCE MAR 1      2.8                       4.5   -1.7      6.1
  SINCE JUL 1     54.6                      26.8   27.8     58.4
  SNOW DEPTH       8

DEGREE DAYS
 HEATING
  YESTERDAY       44                        27     17       31
  MONTH TO DATE 1070                       580    490      705
  SINCE MAR 1   1070                       580    490      705
  SINCE JUL 1   7361                      6160   1201     7025

 COOLING
  YESTERDAY        0                         0      0        0
  MONTH TO DATE    0                         0      0        0
  SINCE MAR 1      0                         0      0        0
  SINCE JAN 1      0                         0      0        0
..................................................................


WIND (MPH)
  HIGHEST WIND SPEED     6   HIGHEST WIND DIRECTION     S (200)
  HIGHEST GUST SPEED     6   HIGHEST GUST DIRECTION    SE (140)
  AVERAGE WIND SPEED     1.3


SKY COVER
  AVERAGE SKY COVER 0.0


WEATHER CONDITIONS
 THE FOLLOWING WEATHER WAS RECORDED YESTERDAY.
  FOG
  HAZE


RELATIVE HUMIDITY (PERCENT)
 HIGHEST    88
 LOWEST     56
 AVERAGE    72

..........................................................


THE BOZEMAN/GALLATIN FIELD MT CLIMATE NORMALS FOR TODAY
                         NORMAL    RECORD    YEAR
 MAXIMUM TEMPERATURE (F)   51        67      2016
                                             2015
                                             2007
 MINIMUM TEMPERATURE (F)   25       -11      1943


SUNRISE AND SUNSET
MARCH 20 2019.........SUNRISE   728 AM MDT   SUNSET   737 PM MDT
MARCH 21 2019.........SUNRISE   726 AM MDT   SUNSET   738 PM MDT


-  INDICATES NEGATIVE NUMBERS.
R  INDICATES RECORD WAS SET OR TIED.
MM INDICATES DATA IS MISSING.
T  INDICATES TRACE AMOUNT.




$$
