000
CDUS45 KTFX 230733
CLIBZN


CLIMATE REPORT
NATIONAL WEATHER SERVICE GREAT FALLS MT
130 AM MDT THU MAY 23 2019


...................................

...THE BOZEMAN/GALLATIN FIELD MT CLIMATE SUMMARY FOR MAY 22 2019...

CLIMATE NORMAL PERIOD 1981 TO 2010
CLIMATE RECORD PERIOD 1935 TO 2019


WEATHER ITEM   OBSERVED TIME   RECORD YEAR NORMAL DEPARTURE LAST
                VALUE   (LST)  VALUE       VALUE  FROM      YEAR
                                                  NORMAL
..................................................................
TEMPERATURE (F)
 YESTERDAY
  MAXIMUM         55    451 PM  87    1980  70    -15       72
  MINIMUM         37    546 AM  27    1984  41     -4       43
  AVERAGE         46                        55     -9       58

PRECIPITATION (IN)
  YESTERDAY        0.01          1.01 2002   0.09  -0.08     0.04
  MONTH TO DATE    1.08                      1.61  -0.53     1.13
  SINCE OCT 1      7.83                      7.44   0.39    10.01
  SINCE JAN 1      5.58                      5.06   0.52     7.03

SNOWFALL (IN)
  YESTERDAY        0.0           2.0  1966   0.1   -0.1      0.0
  MONTH TO DATE    0.0                       2.1   -2.1      0.0
  SINCE MAR 1      5.5                      17.3  -11.8     15.3
  SINCE JUL 1     57.3                      39.6   17.7     67.6
  SNOW DEPTH       0

DEGREE DAYS
 HEATING
  YESTERDAY       19                        10      9        7
  MONTH TO DATE  358                       278     80      249
  SINCE MAR 1   2480                      1759    721     2019
  SINCE JUL 1   8771                      7339   1432     8339

 COOLING
  YESTERDAY        0                         0      0        0
  MONTH TO DATE    0                         0      0        0
  SINCE MAR 1      0                         0      0        0
  SINCE JAN 1      0                         0      0        0
..................................................................


WIND (MPH)
  HIGHEST WIND SPEED    16   HIGHEST WIND DIRECTION     N (360)
  HIGHEST GUST SPEED    19   HIGHEST GUST DIRECTION     N (360)
  AVERAGE WIND SPEED     5.2


SKY COVER
  AVERAGE SKY COVER 0.9


WEATHER CONDITIONS
 THE FOLLOWING WEATHER WAS RECORDED YESTERDAY.
  LIGHT RAIN


RELATIVE HUMIDITY (PERCENT)
 HIGHEST    85
 LOWEST     45
 AVERAGE    65

..........................................................


THE BOZEMAN/GALLATIN FIELD MT CLIMATE NORMALS FOR TODAY
                         NORMAL    RECORD    YEAR
 MAXIMUM TEMPERATURE (F)   70        85      1985
 MINIMUM TEMPERATURE (F)   41        26      1986


SUNRISE AND SUNSET
MAY 23 2019...........SUNRISE   545 AM MDT   SUNSET   858 PM MDT
MAY 24 2019...........SUNRISE   544 AM MDT   SUNSET   859 PM MDT


-  INDICATES NEGATIVE NUMBERS.
R  INDICATES RECORD WAS SET OR TIED.
MM INDICATES DATA IS MISSING.
T  INDICATES TRACE AMOUNT.




$$
