000
CDUS45 KTFX 230727
CLIBZN


CLIMATE REPORT
NATIONAL WEATHER SERVICE GREAT FALLS MT
126 AM MDT WED MAY 23 2018


...................................

...THE BOZEMAN/GALLATIN FIELD MT CLIMATE SUMMARY FOR MAY 22 2018...

CLIMATE NORMAL PERIOD 1981 TO 2010
CLIMATE RECORD PERIOD 1935 TO 2018


WEATHER ITEM   OBSERVED TIME   RECORD YEAR NORMAL DEPARTURE LAST
                VALUE   (LST)  VALUE       VALUE  FROM      YEAR
                                                  NORMAL
..................................................................
TEMPERATURE (F)
 YESTERDAY
  MAXIMUM         72    140 PM  87    1980  70      2       68
  MINIMUM         43    445 AM  27    1984  41      2       40
  AVERAGE         58                        55      3       54

PRECIPITATION (IN)
  YESTERDAY        0.04          1.01 2002   0.09  -0.05     0.00
  MONTH TO DATE    1.13                      1.61  -0.48     1.67
  SINCE OCT 1     10.01                      7.44   2.57     8.83
  SINCE JAN 1      7.03                      5.06   1.97     5.50

SNOWFALL (IN)
  YESTERDAY        0.0           2.0  1966   0.1   -0.1      0.0
  MONTH TO DATE    0.0                       2.1   -2.1      1.0
  SINCE MAR 1     15.3                      17.3   -2.0      5.3
  SINCE JUL 1     67.6                      39.6   28.0     44.5
  SNOW DEPTH       0

DEGREE DAYS
 HEATING
  YESTERDAY        7                        10     -3       11
  MONTH TO DATE  249                       278    -29      321
  SINCE MAR 1   2019                      1759    260     1689
  SINCE JUL 1   8339                      7339   1000     7882

 COOLING
  YESTERDAY        0                         0      0        0
  MONTH TO DATE    0                         0      0        0
  SINCE MAR 1      0                         0      0        0
  SINCE JAN 1      0                         0      0        0
..................................................................


WIND (MPH)
  HIGHEST WIND SPEED    26   HIGHEST WIND DIRECTION     N (350)
  HIGHEST GUST SPEED    32   HIGHEST GUST DIRECTION     N (350)
  AVERAGE WIND SPEED     5.1


SKY COVER
  AVERAGE SKY COVER 0.5


WEATHER CONDITIONS
 THE FOLLOWING WEATHER WAS RECORDED YESTERDAY.
  THUNDERSTORM
  LIGHT RAIN
  FOG


RELATIVE HUMIDITY (PERCENT)
 HIGHEST   100
 LOWEST     51
 AVERAGE    76

..........................................................


THE BOZEMAN/GALLATIN FIELD MT CLIMATE NORMALS FOR TODAY
                         NORMAL    RECORD    YEAR
 MAXIMUM TEMPERATURE (F)   70        85      1985
 MINIMUM TEMPERATURE (F)   41        26      1986


SUNRISE AND SUNSET
MAY 23 2018...........SUNRISE   545 AM MDT   SUNSET   859 PM MDT
MAY 24 2018...........SUNRISE   544 AM MDT   SUNSET   900 PM MDT


-  INDICATES NEGATIVE NUMBERS.
R  INDICATES RECORD WAS SET OR TIED.
MM INDICATES DATA IS MISSING.
T  INDICATES TRACE AMOUNT.




$$
