000
CDUS42 KCAE 230608
CLICAE


CLIMATE REPORT
NATIONAL WEATHER SERVICE COLUMBIA SC
206 AM EDT SAT MAR 23 2019


...................................

...THE COLUMBIA METRO AIRPORT SC CLIMATE SUMMARY FOR MARCH 22 2019...

CLIMATE NORMAL PERIOD 1981 TO 2010
CLIMATE RECORD PERIOD 1887 TO 2019


WEATHER ITEM   OBSERVED TIME   RECORD YEAR NORMAL DEPARTURE LAST
                VALUE   (LST)  VALUE       VALUE  FROM      YEAR
                                                  NORMAL
..................................................................
TEMPERATURE (F)
 YESTERDAY
  MAXIMUM         69    443 PM  92    1907  70     -1       61
  MINIMUM         38    634 AM  26    1965  44     -6       32
  AVERAGE         54                        57     -3       47

PRECIPITATION (IN)
  YESTERDAY        0.00          0.85 1890   0.11  -0.11     0.00
  MONTH TO DATE    2.47                      2.71  -0.24     2.32
  SINCE MAR 1      2.47                      2.71  -0.24     2.32
  SINCE JAN 1      6.36                      9.90  -3.54     6.35

SNOWFALL (IN)
  YESTERDAY        0.0          MM      MM   0.0             0.0
  MONTH TO DATE    0.0                       0.1             0.0
  SINCE MAR 1      0.0                       0.1             0.0
  SINCE JUL 1      0.0                       1.5              T

DEGREE DAYS
 HEATING
  YESTERDAY       11                         8      3       18
  MONTH TO DATE  238                       242     -4      266
  SINCE MAR 1    238                       242     -4      266
  SINCE JUL 1   2084                      2341   -257     1990

 COOLING
  YESTERDAY        0                         1     -1        0
  MONTH TO DATE    6                        10     -4        7
  SINCE MAR 1      6                        10     -4        7
  SINCE JAN 1     15                        14      1       67
..................................................................


WIND (MPH)
  HIGHEST WIND SPEED    23   HIGHEST WIND DIRECTION     W (270)
  HIGHEST GUST SPEED    28   HIGHEST GUST DIRECTION     W (250)
  AVERAGE WIND SPEED    11.2


SKY COVER
  AVERAGE SKY COVER 0.1


WEATHER CONDITIONS
 THE FOLLOWING WEATHER WAS RECORDED YESTERDAY.
  NO SIGNIFICANT WEATHER WAS OBSERVED.


RELATIVE HUMIDITY (PERCENT)
 HIGHEST   100          1200 AM
 LOWEST     22           500 PM
 AVERAGE    61

..........................................................


THE COLUMBIA METRO AIRPORT SC CLIMATE NORMALS FOR TODAY
                         NORMAL    RECORD    YEAR
 MAXIMUM TEMPERATURE (F)   70        93      1907
 MINIMUM TEMPERATURE (F)   45        23      1986


SUNRISE AND SUNSET
MARCH 23 2019.........SUNRISE   724 AM EDT   SUNSET   738 PM EDT
MARCH 24 2019.........SUNRISE   723 AM EDT   SUNSET   739 PM EDT


-  INDICATES NEGATIVE NUMBERS.
R  INDICATES RECORD WAS SET OR TIED.
MM INDICATES DATA IS MISSING.
T  INDICATES TRACE AMOUNT.




$$
