000
CDUS42 KCAE 220552
CLICAE


CLIMATE REPORT
NATIONAL WEATHER SERVICE COLUMBIA SC
152 AM EDT WED MAY 22 2019


...................................

...THE COLUMBIA METRO AIRPORT SC CLIMATE SUMMARY FOR MAY 21 2019...

CLIMATE NORMAL PERIOD 1981 TO 2010
CLIMATE RECORD PERIOD 1887 TO 2019


WEATHER ITEM   OBSERVED TIME   RECORD YEAR NORMAL DEPARTURE LAST
                VALUE   (LST)  VALUE       VALUE  FROM      YEAR
                                                  NORMAL
..................................................................
TEMPERATURE (F)
 YESTERDAY
  MAXIMUM         94    444 PM  97    1996  85      9       89
                                      1962
                                      1948
  MINIMUM         65    554 AM  42    1894  61      4       70
  AVERAGE         80                        73      7       80

PRECIPITATION (IN)
  YESTERDAY        0.00          3.58 1901   0.10  -0.10     0.00
  MONTH TO DATE    2.35                      1.92   0.43     1.17
  SINCE MAR 1      7.82                      8.27  -0.45     7.24
  SINCE JAN 1     11.71                     15.46  -3.75    11.27

SNOWFALL (IN)
  YESTERDAY        0.0          MM      MM   0.0             0.0
  MONTH TO DATE    0.0                       0.0             0.0
  SINCE MAR 1      0.0                       0.1             0.0
  SINCE JUL 1      0.0                       1.5              T

DEGREE DAYS
 HEATING
  YESTERDAY        0                         0      0        0
  MONTH TO DATE    5                        18    -13        0
  SINCE MAR 1    408                       450    -42      461
  SINCE JUL 1   2254                      2549   -295     2185

 COOLING
  YESTERDAY       15                         8      7       15
  MONTH TO DATE  203                       127     76      227
  SINCE MAR 1    322                       218    104      286
  SINCE JAN 1    331                       222    109      346
..................................................................


WIND (MPH)
  HIGHEST WIND SPEED    12   HIGHEST WIND DIRECTION    SW (240)
  HIGHEST GUST SPEED    15   HIGHEST GUST DIRECTION    NW (330)
  AVERAGE WIND SPEED     2.8


SKY COVER
  AVERAGE SKY COVER 0.1


WEATHER CONDITIONS
 THE FOLLOWING WEATHER WAS RECORDED YESTERDAY.
  FOG
  HAZE


RELATIVE HUMIDITY (PERCENT)
 HIGHEST    93           400 AM
 LOWEST     26           500 PM
 AVERAGE    60

..........................................................


THE COLUMBIA METRO AIRPORT SC CLIMATE NORMALS FOR TODAY
                         NORMAL    RECORD    YEAR
 MAXIMUM TEMPERATURE (F)   85       100      1941
 MINIMUM TEMPERATURE (F)   62        41      1954


SUNRISE AND SUNSET
MAY 22 2019...........SUNRISE   619 AM EDT   SUNSET   824 PM EDT
MAY 23 2019...........SUNRISE   618 AM EDT   SUNSET   825 PM EDT


-  INDICATES NEGATIVE NUMBERS.
R  INDICATES RECORD WAS SET OR TIED.
MM INDICATES DATA IS MISSING.
T  INDICATES TRACE AMOUNT.




$$
