000
CDUS41 KCLE 270529
CLICAK


CLIMATE REPORT
NATIONAL WEATHER SERVICE CLEVELAND OH
129 AM EDT MON MAY 27 2019


...................................

...THE AKRON CANTON OH CLIMATE SUMMARY FOR MAY 26 2019...

CLIMATE NORMAL PERIOD 1981 TO 2010
CLIMATE RECORD PERIOD 1887 TO 2019


WEATHER ITEM   OBSERVED TIME   RECORD YEAR NORMAL DEPARTURE LAST
                VALUE   (LST)  VALUE       VALUE  FROM      YEAR
                                                  NORMAL
..................................................................
TEMPERATURE (F)
 YESTERDAY
  MAXIMUM         76    426 PM  89    1939  72      4       79
                                      1914
  MINIMUM         62   1159 PM  32    1961  52     10       62
                                      1925
  AVERAGE         69                        62      7       71

PRECIPITATION (IN)
  YESTERDAY        0.17                      0.15   0.02     0.65
  MONTH TO DATE    2.18                      3.57  -1.39     4.16
  SINCE MAR 1      9.52                     10.10  -0.58    12.81
  SINCE JAN 1     15.97                     15.02   0.95    20.36

SNOWFALL (IN)
  YESTERDAY        0.0                       0.0    0.0      0.0
  MONTH TO DATE    0.0                       0.1   -0.1      0.0
  SINCE MAR 1      4.7                      11.0   -6.3     15.1
  SINCE JUL 1     41.8                      47.5   -5.7     53.3
  SNOW DEPTH       0

DEGREE DAYS
 HEATING
  YESTERDAY        0                         5     -5        0
  MONTH TO DATE  131                       204    -73       28
  SINCE MAR 1   1385                      1536   -151     1576
  SINCE JUL 1   5631                      6080   -449     5722

 COOLING
  YESTERDAY        4                         2      2        6
  MONTH TO DATE   54                        25     29       70
  SINCE MAR 1     59                        31     28       78
  SINCE JAN 1     59                        31     28       81
..................................................................


WIND (MPH)
  HIGHEST WIND SPEED    31   HIGHEST WIND DIRECTION     W (280)
  HIGHEST GUST SPEED    40   HIGHEST GUST DIRECTION     W (270)
  AVERAGE WIND SPEED     6.4


SKY COVER
  POSSIBLE SUNSHINE  MM
  AVERAGE SKY COVER 0.7


WEATHER CONDITIONS
 THE FOLLOWING WEATHER WAS RECORDED YESTERDAY.
  THUNDERSTORM
  LIGHT RAIN
  FOG
  HAZE


RELATIVE HUMIDITY (PERCENT)
 HIGHEST    87           200 AM
 LOWEST     64           200 PM
 AVERAGE    76

..........................................................


THE AKRON CANTON OH CLIMATE NORMALS FOR TODAY
                         NORMAL    RECORD    YEAR
 MAXIMUM TEMPERATURE (F)   72        92      1978
 MINIMUM TEMPERATURE (F)   52        30      1961


SUNRISE AND SUNSET
MAY 27 2019...........SUNRISE   559 AM EDT   SUNSET   847 PM EDT
MAY 28 2019...........SUNRISE   558 AM EDT   SUNSET   848 PM EDT


-  INDICATES NEGATIVE NUMBERS.
R  INDICATES RECORD WAS SET OR TIED.
MM INDICATES DATA IS MISSING.
T  INDICATES TRACE AMOUNT.




$$
