474
CDUS41 KCLE 222118
CLICAK


CLIMATE REPORT
NATIONAL WEATHER SERVICE CLEVELAND OH
516 PM EDT FRI MAR 22 2019


...................................

...THE AKRON CANTON OH CLIMATE SUMMARY FOR MARCH 22 2019...
VALID TODAY AS OF 0500 PM LOCAL TIME.

CLIMATE NORMAL PERIOD 1981 TO 2010
CLIMATE RECORD PERIOD 1887 TO 2019


WEATHER ITEM   OBSERVED TIME   RECORD YEAR NORMAL DEPARTURE LAST
                VALUE   (LST)  VALUE       VALUE  FROM      YEAR
                                                  NORMAL
..................................................................
TEMPERATURE (F)
 TODAY
  MAXIMUM         42    210 PM  83    2012  49     -7       41
  MINIMUM         35    243 PM  10    1906  30      5       21
                                      1888
  AVERAGE         39                        40     -1       31

PRECIPITATION (IN)
  TODAY            0.07                      0.10  -0.03     0.00
  MONTH TO DATE    1.69                      2.02  -0.33     1.76
  SINCE MAR 1      1.69                      2.02  -0.33     1.76
  SINCE JAN 1      8.14                      6.94   1.20     9.31

SNOWFALL (IN)
  TODAY            0.7                       0.2    0.5      0.0
  MONTH TO DATE    4.4                       6.5   -2.1      8.5
  SINCE MAR 1      4.4                       6.5   -2.1      8.5
  SINCE JUL 1     41.5                      43.0   -1.5     46.7
  SNOW DEPTH       0

DEGREE DAYS
 HEATING
  TODAY           26                        25      1       34
  MONTH TO DATE  674                       640     34      717
  SINCE MAR 1    674                       640     34      717
  SINCE JUL 1   4920                      5184   -264     4863

 COOLING
  TODAY            0                         0      0        0
  MONTH TO DATE    0                         0      0        0
  SINCE MAR 1      0                         0      0        0
  SINCE JAN 1      0                         0      0        3
..................................................................


WIND (MPH)
  HIGHEST WIND SPEED    29   HIGHEST WIND DIRECTION     N (340)
  HIGHEST GUST SPEED    36   HIGHEST GUST DIRECTION    NW (330)


SKY COVER
  POSSIBLE SUNSHINE  MM
  AVERAGE SKY COVER 1.0


WEATHER CONDITIONS
 THE FOLLOWING WEATHER WAS RECORDED TODAY.
  LIGHT SNOW
  FOG
  HAZE


RELATIVE HUMIDITY (PERCENT)
 HIGHEST    85          1100 AM
 LOWEST     54           200 PM
 AVERAGE    70

..........................................................


THE AKRON CANTON OH CLIMATE NORMALS FOR TOMORROW
                         NORMAL    RECORD    YEAR
 MAXIMUM TEMPERATURE (F)   50        82      2012
 MINIMUM TEMPERATURE (F)   31         3      1906


SUNRISE AND SUNSET
MARCH 22 2019.........SUNRISE   726 AM EDT   SUNSET   740 PM EDT
MARCH 23 2019.........SUNRISE   724 AM EDT   SUNSET   741 PM EDT


-  INDICATES NEGATIVE NUMBERS.
R  INDICATES RECORD WAS SET OR TIED.
MM INDICATES DATA IS MISSING.
T  INDICATES TRACE AMOUNT.




$$
