000
CDUS45 KABQ 200827
CLICAO


CLIMATE REPORT
NATIONAL WEATHER SERVICE ALBUQUERQUE NM
226 AM MDT MON MAY 20 2019


...................................

...THE CLAYTON  NM CLIMATE SUMMARY FOR MAY 19 2019...

CLIMATE NORMAL PERIOD 1981 TO 2010
CLIMATE RECORD PERIOD 1896 TO 2019


WEATHER ITEM   OBSERVED TIME   RECORD YEAR NORMAL DEPARTURE
                VALUE   (LST)  VALUE       VALUE  FROM
                                                  NORMAL
...............................................................
TEMPERATURE (F)
 YESTERDAY
  MAXIMUM         71    246 PM  94    2008  76     -5
                                      2006
  MINIMUM         34    446 AM  29    1915  48    -14
  AVERAGE         53                        62     -9

PRECIPITATION (IN)
  YESTERDAY        0.00          2.83 2015   0.06  -0.06
  MONTH TO DATE    0.60                      1.04  -0.44
  SINCE MAR 1      3.69                      2.93   0.76
  SINCE JAN 1      4.46                      3.55   0.91

SNOWFALL (IN)
  YESTERDAY        0.0
  MONTH TO DATE    T
  SINCE MAR 1      2.2
  SINCE JUL 1     14.6

DEGREE DAYS
 HEATING
  YESTERDAY       12                         4      8
  MONTH TO DATE  151                       117     34
  SINCE MAR 1   1222                      1146     76
  SINCE JUL 1   5017                      4823    194

 COOLING
  YESTERDAY        0                         2     -2
  MONTH TO DATE   13                        19     -6
  SINCE MAR 1     13                        25    -12
  SINCE JAN 1     13                        25    -12
...............................................................


WIND (MPH)
  HIGHEST WIND SPEED    30   HIGHEST WIND DIRECTION     S (160)
  HIGHEST GUST SPEED    36   HIGHEST GUST DIRECTION     S (170)
  AVERAGE WIND SPEED    11.4


SKY COVER
  AVERAGE SKY COVER 0.0


WEATHER CONDITIONS
 THE FOLLOWING WEATHER WAS RECORDED YESTERDAY.
  NO SIGNIFICANT WEATHER WAS OBSERVED.


RELATIVE HUMIDITY (PERCENT)
 HIGHEST    76           400 AM
 LOWEST     29           500 PM
 AVERAGE    53

..........................................................


THE CLAYTON  NM CLIMATE NORMALS FOR TODAY
                         NORMAL    RECORD    YEAR
 MAXIMUM TEMPERATURE (F)   77        93      2006
                                             1925
 MINIMUM TEMPERATURE (F)   49        29      1915


SUNRISE AND SUNSET
MAY 20 2019...........SUNRISE   542 AM MDT   SUNSET   756 PM MDT
MAY 21 2019...........SUNRISE   542 AM MDT   SUNSET   757 PM MDT


-  INDICATES NEGATIVE NUMBERS.
R  INDICATES RECORD WAS SET OR TIED.
MM INDICATES DATA IS MISSING.
T  INDICATES TRACE AMOUNT.




$$
