000
CDUS45 KABQ 200838
CLICAO


CLIMATE REPORT
NATIONAL WEATHER SERVICE ALBUQUERQUE NM
236 AM MDT WED MAR 20 2019


...................................

...THE CLAYTON  NM CLIMATE SUMMARY FOR MARCH 19 2019...

CLIMATE NORMAL PERIOD 1981 TO 2010
CLIMATE RECORD PERIOD 1896 TO 2019


WEATHER ITEM   OBSERVED TIME   RECORD YEAR NORMAL DEPARTURE
                VALUE   (LST)  VALUE       VALUE  FROM
                                                  NORMAL
...............................................................
TEMPERATURE (F)
 YESTERDAY
  MAXIMUM         53    234 PM  87    2017  59     -6
  MINIMUM         35   1159 PM   6    1965  31      4
                                      1951
  AVERAGE         44                        45     -1

PRECIPITATION (IN)
  YESTERDAY        0.03          0.65 2003   0.03   0.00
  MONTH TO DATE    1.27                      0.56   0.71
  SINCE MAR 1      1.27                      0.56   0.71
  SINCE JAN 1      2.04                      1.18   0.86

SNOWFALL (IN)
  YESTERDAY        0.0
  MONTH TO DATE    2.0
  SINCE MAR 1      2.0
  SINCE JUL 1     14.4

DEGREE DAYS
 HEATING
  YESTERDAY       21                        20      1
  MONTH TO DATE  514                       423     91
  SINCE MAR 1    514                       423     91
  SINCE JUL 1   4309                      4100    209

 COOLING
  YESTERDAY        0                         0      0
  MONTH TO DATE    0                         0      0
  SINCE MAR 1      0                         0      0
  SINCE JAN 1      0                         0      0
...............................................................


WIND (MPH)
  HIGHEST WIND SPEED    25   HIGHEST WIND DIRECTION     N (350)
  HIGHEST GUST SPEED    32   HIGHEST GUST DIRECTION     N (340)
  AVERAGE WIND SPEED    13.8


SKY COVER
  AVERAGE SKY COVER 0.6


WEATHER CONDITIONS
 THE FOLLOWING WEATHER WAS RECORDED YESTERDAY.
  LIGHT RAIN


RELATIVE HUMIDITY (PERCENT)
 HIGHEST    92           900 PM
 LOWEST     36           300 PM
 AVERAGE    64

..........................................................


THE CLAYTON  NM CLIMATE NORMALS FOR TODAY
                         NORMAL    RECORD    YEAR
 MAXIMUM TEMPERATURE (F)   60        84      1916
 MINIMUM TEMPERATURE (F)   31         4      1965


SUNRISE AND SUNSET
MARCH 20 2019.........SUNRISE   656 AM MDT   SUNSET   704 PM MDT
MARCH 21 2019.........SUNRISE   655 AM MDT   SUNSET   705 PM MDT


-  INDICATES NEGATIVE NUMBERS.
R  INDICATES RECORD WAS SET OR TIED.
MM INDICATES DATA IS MISSING.
T  INDICATES TRACE AMOUNT.




$$
