000
CDUS41 KCAR 222027
CLICAR

CLIMATE REPORT
NATIONAL WEATHER SERVICE CARIBOU, ME
425 PM EDT WED MAY 22 2019


...................................

...THE CARIBOU ME CLIMATE SUMMARY FOR MAY 22 2019...
VALID TODAY AS OF 0400 PM LOCAL TIME.

CLIMATE NORMAL PERIOD 1981 TO 2010
CLIMATE RECORD PERIOD 1939 TO 2019


WEATHER ITEM   OBSERVED TIME   RECORD YEAR NORMAL DEPARTURE LAST
                VALUE   (LST)  VALUE       VALUE  FROM      YEAR
                                                  NORMAL
..................................................................
TEMPERATURE (F)
 TODAY
  MAXIMUM         56    243 PM  96    1977  65     -9       76
  MINIMUM         39    100 AM  31    2007  42     -3       34
  AVERAGE         48                        54     -6       55

PRECIPITATION (IN)
  TODAY            0.00          1.29 1990   0.11  -0.11      T
  MONTH TO DATE    2.51                      2.29   0.22     1.47
  SINCE MAR 1      9.07                      7.46   1.61     8.79
  SINCE JAN 1     17.63                     12.38   5.25    16.29

SNOWFALL (IN)
  TODAY            0.0           0.6  1990   0.0    0.0      0.0
  MONTH TO DATE    T                         0.5   -0.5      0.0
  SINCE MAR 1     18.4                      26.2   -7.8     34.9
  SINCE JUL 1    165.4                     108.7   56.7    137.2
  SNOW DEPTH       0

DEGREE DAYS
 HEATING
  TODAY           17                        12      5       10
  MONTH TO DATE  393                       332     61      291
  SINCE MAR 1   2499                      2377    122     2277
  SINCE JUL 1   9329                      9098    231     8480

 COOLING
  TODAY            0                         0      0        0
  MONTH TO DATE    0                         0      0        0
  SINCE MAR 1      0                         0      0        0
  SINCE JAN 1      0                         0      0        0
..................................................................


WIND (MPH)
  HIGHEST WIND SPEED    18   HIGHEST WIND DIRECTION     N (10)
  HIGHEST GUST SPEED    25   HIGHEST GUST DIRECTION    NW (330)
  AVERAGE WIND SPEED    12.4


SKY COVER
  POSSIBLE SUNSHINE  MM
  AVERAGE SKY COVER 0.9


WEATHER CONDITIONS
 THE FOLLOWING WEATHER WAS RECORDED TODAY.
  NO SIGNIFICANT WEATHER WAS OBSERVED.


RELATIVE HUMIDITY (PERCENT)
 HIGHEST    85          1200 AM
 LOWEST     55           200 PM
 AVERAGE    70

..........................................................


THE CARIBOU ME CLIMATE NORMALS FOR TOMORROW
                         NORMAL    RECORD    YEAR
 MAXIMUM TEMPERATURE (F)   65        95      1977
 MINIMUM TEMPERATURE (F)   43        29      1982


SUNRISE AND SUNSET
MAY 22 2019...........SUNRISE   450 AM EDT   SUNSET   808 PM EDT
MAY 23 2019...........SUNRISE   449 AM EDT   SUNSET   810 PM EDT
---------------------------------------------------------------------

THE CARIBOU ME 4 INCH SOIL TEMPERATURES UNDER SOD FOR MAY 22 2019

MAXIMUM SOIL TEMPERATURE (F)...51
MINIMUM SOIL TEMPERATURE (F)...46


-  INDICATES NEGATIVE NUMBERS.
R  INDICATES RECORD WAS SET OR TIED.
MM INDICATES DATA IS MISSING.
T  INDICATES TRACE AMOUNT.




$$
