000
CDUS41 KCAR 230551
CLICAR


CLIMATE REPORT
NATIONAL WEATHER SERVICE CARIBOU, ME
151 AM EDT MON APR 23 2018


...................................

...THE CARIBOU ME CLIMATE SUMMARY FOR APRIL 22 2018...

CLIMATE NORMAL PERIOD 1981 TO 2010
CLIMATE RECORD PERIOD 1939 TO 2018


WEATHER ITEM   OBSERVED TIME   RECORD YEAR NORMAL DEPARTURE LAST
                VALUE   (LST)  VALUE       VALUE  FROM      YEAR
                                                  NORMAL
..................................................................
TEMPERATURE (F)
 YESTERDAY
  MAXIMUM         46    346 PM  70    2016  51     -5       35
  MINIMUM         30    447 AM  18    1947  33     -3       32
  AVERAGE         38                        42     -4       34

PRECIPITATION (IN)
  YESTERDAY        0.00          1.01 1958   0.09  -0.09     0.23
  MONTH TO DATE    2.37                      1.95   0.42     3.12
  SINCE MAR 1      5.07                      4.46   0.61     5.84
  SINCE JAN 1     12.57                      9.38   3.19    11.46

SNOWFALL (IN)
  YESTERDAY        0.0           4.6  1989   0.1   -0.1      1.1
  MONTH TO DATE    8.8                       6.6    2.2      9.4
  SINCE MAR 1     34.9                      24.9   10.0     33.0
  SINCE JUL 1    137.2                     107.4   29.8    129.6
  SNOW DEPTH       4

DEGREE DAYS
 HEATING
  YESTERDAY       27                        23      4       31
  MONTH TO DATE  736                       627    109      566
  SINCE MAR 1   1853                      1881    -28     1949
  SINCE JUL 1   8056                      8602   -546     7930

 COOLING
  YESTERDAY        0                         0      0        0
  MONTH TO DATE    0                         0      0        0
  SINCE MAR 1      0                         0      0        0
  SINCE JAN 1      0                         0      0        0
..................................................................


WIND (MPH)
  HIGHEST WIND SPEED    16   HIGHEST WIND DIRECTION     N (340)
  HIGHEST GUST SPEED    20   HIGHEST GUST DIRECTION    NW (330)
  AVERAGE WIND SPEED     9.0


SKY COVER
  POSSIBLE SUNSHINE  MM
  AVERAGE SKY COVER 0.0


WEATHER CONDITIONS
 THE FOLLOWING WEATHER WAS RECORDED YESTERDAY.
  NO SIGNIFICANT WEATHER WAS OBSERVED.


RELATIVE HUMIDITY (PERCENT)
 HIGHEST    58           500 AM
 LOWEST     25          1200 PM
 AVERAGE    42

..........................................................


THE CARIBOU ME CLIMATE NORMALS FOR TODAY
                         NORMAL    RECORD    YEAR
 MAXIMUM TEMPERATURE (F)   52        77      2007
 MINIMUM TEMPERATURE (F)   33        21      1994


SUNRISE AND SUNSET
APRIL 23 2018.........SUNRISE   530 AM EDT   SUNSET   731 PM EDT
APRIL 24 2018.........SUNRISE   528 AM EDT   SUNSET   733 PM EDT


-  INDICATES NEGATIVE NUMBERS.
R  INDICATES RECORD WAS SET OR TIED.
MM INDICATES DATA IS MISSING.
T  INDICATES TRACE AMOUNT.




$$
