000
CDUS41 KCAR 230546
CLICAR


CLIMATE REPORT
NATIONAL WEATHER SERVICE CARIBOU, ME
146 AM EDT SAT MAR 23 2019


...................................

...THE CARIBOU ME CLIMATE SUMMARY FOR MARCH 22 2019...

CLIMATE NORMAL PERIOD 1981 TO 2010
CLIMATE RECORD PERIOD 1939 TO 2019


WEATHER ITEM   OBSERVED TIME   RECORD YEAR NORMAL DEPARTURE LAST
                VALUE   (LST)  VALUE       VALUE  FROM      YEAR
                                                  NORMAL
..................................................................
TEMPERATURE (F)
 YESTERDAY
  MAXIMUM         37   1139 AM  73    2012  36      1       40
  MINIMUM         31    343 AM  -2    1955  18     13       22
  AVERAGE         34                        27      7       31

PRECIPITATION (IN)
  YESTERDAY        0.62          1.15 1942   0.08   0.54      T
  MONTH TO DATE    1.12                      1.78  -0.66     2.05
  SINCE MAR 1      1.12                      1.78  -0.66     2.05
  SINCE JAN 1      9.68                      6.70   2.98     9.55

SNOWFALL (IN)
  YESTERDAY        0.4          15.5  1942   0.5   -0.1       T
  MONTH TO DATE    6.7                      14.2   -7.5     25.9
  SINCE MAR 1      6.7                      14.2   -7.5     25.9
  SINCE JUL 1    153.7                      96.7   57.0    128.2
  SNOW DEPTH      36

DEGREE DAYS
 HEATING
  YESTERDAY       31                        38     -7       34
  MONTH TO DATE  973                       931     42      826
  SINCE MAR 1    973                       931     42      826
  SINCE JUL 1   7803                      7652    151     7029

 COOLING
  YESTERDAY        0                         0      0        0
  MONTH TO DATE    0                         0      0        0
  SINCE MAR 1      0                         0      0        0
  SINCE JAN 1      0                         0      0        0
..................................................................


WIND (MPH)
  HIGHEST WIND SPEED    23   HIGHEST WIND DIRECTION     N (20)
  HIGHEST GUST SPEED    35   HIGHEST GUST DIRECTION    NE (30)
  AVERAGE WIND SPEED    11.1


SKY COVER
  POSSIBLE SUNSHINE  MM
  AVERAGE SKY COVER 1.0


WEATHER CONDITIONS
 THE FOLLOWING WEATHER WAS RECORDED YESTERDAY.
  RAIN
  LIGHT RAIN
  LIGHT SNOW
  FOG


RELATIVE HUMIDITY (PERCENT)
 HIGHEST    92           200 PM
 LOWEST     48          1200 AM
 AVERAGE    70

..........................................................


THE CARIBOU ME CLIMATE NORMALS FOR TODAY
                         NORMAL    RECORD    YEAR
 MAXIMUM TEMPERATURE (F)   36        60      1979
 MINIMUM TEMPERATURE (F)   18        -6      2008


SUNRISE AND SUNSET
MARCH 23 2019.........SUNRISE   630 AM EDT   SUNSET   649 PM EDT
MARCH 24 2019.........SUNRISE   628 AM EDT   SUNSET   650 PM EDT


-  INDICATES NEGATIVE NUMBERS.
R  INDICATES RECORD WAS SET OR TIED.
MM INDICATES DATA IS MISSING.
T  INDICATES TRACE AMOUNT.




$$
