000
CDAK48 PAFC 221045
CLICDB


CLIMATE REPORT
NATIONAL WEATHER SERVICE ANCHORAGE, AK
244 AM AKDT WED MAY 22 2019


...................................

...THE COLD BAY CLIMATE SUMMARY FOR MAY 21 2019...

CLIMATE NORMAL PERIOD 1981 TO 2010
CLIMATE RECORD PERIOD 1942 TO 2019


WEATHER ITEM   OBSERVED TIME   RECORD YEAR NORMAL DEPARTURE LAST
                VALUE   (LST)  VALUE       VALUE  FROM      YEAR
                                                  NORMAL
..................................................................
TEMPERATURE (F)
 YESTERDAY
  MAXIMUM         52    150 PM  62    1992  47      5       44
  MINIMUM         40   1146 PM  24    1973  36      4       36
  AVERAGE         46                        41      5       40

PRECIPITATION (IN)
  YESTERDAY        0.00          0.88 1978   0.09  -0.09     0.03
  MONTH TO DATE    1.76                      1.67   0.09     2.38
  SINCE DEC 1     23.68                     17.39   6.29    19.19
  SINCE JAN 1     18.97                     12.93   6.04    14.56

SNOWFALL (IN)
  YESTERDAY        0.0           1.2  1970   0.0    0.0      0.0
  MONTH TO DATE    0.0                       1.2   -1.2       T
  SINCE DEC 1     43.3                      60.4  -17.1     39.2
  SINCE JUL 1     46.5                      73.0  -26.5     41.4
  SNOW DEPTH       0

DEGREE DAYS
 HEATING
  YESTERDAY       19                        24     -5       25
  MONTH TO DATE  482                       538    -56      521
  SINCE MAR 1   2176                      2550   -374     2239
  SINCE JUL 1   7520                      8768  -1248     7782

 COOLING
  YESTERDAY        0                         0      0        0
  MONTH TO DATE    0                         0      0        0
  SINCE MAR 1      0                         0      0        0
  SINCE JAN 1      0                         0      0        0
..................................................................


WIND (MPH)
  RESULTANT WIND SPEED   9   RESULTANT WIND DIRECTION  SE (150)
  HIGHEST WIND SPEED    21   HIGHEST WIND DIRECTION    SE (140)
  HIGHEST GUST SPEED    26   HIGHEST GUST DIRECTION     S (160)
  AVERAGE WIND SPEED    10.1



WEATHER CONDITIONS
 THE FOLLOWING WEATHER WAS RECORDED YESTERDAY.
  NO SIGNIFICANT WEATHER WAS OBSERVED.


RELATIVE HUMIDITY (PERCENT)
 HIGHEST    86
 LOWEST     54
 AVERAGE    70

..........................................................


THE COLD BAY CLIMATE NORMALS FOR TODAY
                         NORMAL    RECORD    YEAR
 MAXIMUM TEMPERATURE (F)   47        58      2003
 MINIMUM TEMPERATURE (F)   36        18      1973


SUNRISE AND SUNSET
MAY 22 2019...........SUNRISE   631 AM AKDT  SUNSET  1106 PM AKDT
MAY 23 2019...........SUNRISE   629 AM AKDT  SUNSET  1107 PM AKDT


-  INDICATES NEGATIVE NUMBERS.
R  INDICATES RECORD WAS SET OR TIED.
MM INDICATES DATA IS MISSING.
T  INDICATES TRACE AMOUNT.




$$
