593
CDAK48 PAFC 221300
CLICDB


CLIMATE REPORT
NATIONAL WEATHER SERVICE ANCHORAGE, AK
459 AM AKDT FRI MAR 22 2019


...................................

...THE COLD BAY CLIMATE SUMMARY FOR MARCH 21 2019...

CLIMATE NORMAL PERIOD 1981 TO 2010
CLIMATE RECORD PERIOD 1942 TO 2019


WEATHER ITEM   OBSERVED TIME   RECORD YEAR NORMAL DEPARTURE LAST
                VALUE   (LST)  VALUE       VALUE  FROM      YEAR
                                                  NORMAL
..................................................................
TEMPERATURE (F)
 YESTERDAY
  MAXIMUM         39    412 PM  47    1984  35      4       43
  MINIMUM         31    759 AM   0    1966  25      6       20
  AVERAGE         35                        30      5       32

PRECIPITATION (IN)
  YESTERDAY        0.27          0.53 1965   0.09   0.18     0.00
  MONTH TO DATE    3.63                      1.93   1.70     2.57
  SINCE DEC 1     19.09                     12.53   6.56    13.05
  SINCE JAN 1     14.38                      8.07   6.31     8.42

SNOWFALL (IN)
  YESTERDAY        2.0           4.3  1999   0.4    1.6      0.0
  MONTH TO DATE    7.0                       9.1   -2.1      6.2
  SINCE DEC 1     42.3                      48.7   -6.4     39.2
  SINCE JUL 1     45.5                      61.3  -15.8     41.4
  SNOW DEPTH       0

DEGREE DAYS
 HEATING
  YESTERDAY       30                        35     -5       33
  MONTH TO DATE  648                       735    -87      627
  SINCE MAR 1    648                       735    -87      627
  SINCE JUL 1   5992                      6953   -961     6170

 COOLING
  YESTERDAY        0                         0      0        0
  MONTH TO DATE    0                         0      0        0
  SINCE MAR 1      0                         0      0        0
  SINCE JAN 1      0                         0      0        0
..................................................................


WIND (MPH)
  RESULTANT WIND SPEED  10   RESULTANT WIND DIRECTION  NW (320)
  HIGHEST WIND SPEED    17   HIGHEST WIND DIRECTION     N (340)
  HIGHEST GUST SPEED    21   HIGHEST GUST DIRECTION     N (340)
  AVERAGE WIND SPEED    10.7



WEATHER CONDITIONS
 THE FOLLOWING WEATHER WAS RECORDED YESTERDAY.
  LIGHT RAIN
  LIGHT SNOW
  FOG


RELATIVE HUMIDITY (PERCENT)
 HIGHEST   100
 LOWEST     75
 AVERAGE    88

..........................................................


THE COLD BAY CLIMATE NORMALS FOR TODAY
                         NORMAL    RECORD    YEAR
 MAXIMUM TEMPERATURE (F)   35        48      1979
 MINIMUM TEMPERATURE (F)   25        -3      2012


SUNRISE AND SUNSET
MARCH 22 2019.........SUNRISE   848 AM AKDT  SUNSET   909 PM AKDT
MARCH 23 2019.........SUNRISE   845 AM AKDT  SUNSET   911 PM AKDT


-  INDICATES NEGATIVE NUMBERS.
R  INDICATES RECORD WAS SET OR TIED.
MM INDICATES DATA IS MISSING.
T  INDICATES TRACE AMOUNT.




$$
