000
CDUS45 KSLC 231228
CLICDC


CLIMATE REPORT
NATIONAL WEATHER SERVICE SALT LAKE CITY UT
627 AM MDT SAT MAR 23 2019


...................................

...THE CEDAR CITY UT CLIMATE SUMMARY FOR MARCH 22 2019...

CLIMATE NORMAL PERIOD 1981 TO 2010
CLIMATE RECORD PERIOD 1928 TO 2019


WEATHER ITEM   OBSERVED TIME   RECORD YEAR NORMAL DEPARTURE LAST
                VALUE   (LST)  VALUE       VALUE  FROM      YEAR
                                                  NORMAL
..................................................................
TEMPERATURE (F)
 YESTERDAY
  MAXIMUM         47    321 PM  78    2004  56     -9       60
  MINIMUM         33   1159 PM   0    1957  27      6       46
  AVERAGE         40                        41     -1       53

PRECIPITATION (IN)
  YESTERDAY        0.14          0.37 1980   0.04   0.10     0.04
  MONTH TO DATE    2.56                      0.96   1.60     1.15
  SINCE OCT 1      6.95                      5.93   1.02     3.36
  SINCE JAN 1      3.63                      2.82   0.81     2.81

DEGREE DAYS
 HEATING
  YESTERDAY       25                        24      1       12
  MONTH TO DATE  543                       567    -24      541
  SINCE MAR 1    543                       567    -24      541
  SINCE JUL 1   5010                      5129   -119     4524

 COOLING
  YESTERDAY        0                         0      0        0
  MONTH TO DATE    0                         0      0        0
  SINCE MAR 1      0                         0      0        0
  SINCE JAN 1      0                         0      0        0
..................................................................


WIND (MPH)
  RESULTANT WIND SPEED   6   RESULTANT WIND DIRECTION   S (200)
  HIGHEST WIND SPEED    18   HIGHEST WIND DIRECTION    SW (220)
  HIGHEST GUST SPEED    23   HIGHEST GUST DIRECTION    SW (220)
  AVERAGE WIND SPEED     7.4



WEATHER CONDITIONS
 THE FOLLOWING WEATHER WAS RECORDED YESTERDAY.
  RAIN
  LIGHT RAIN
  LIGHT SNOW
  FOG


RELATIVE HUMIDITY (PERCENT)
 HIGHEST   100          1000 PM
 LOWEST     65           300 PM
 AVERAGE    83

..........................................................


THE CEDAR CITY UT CLIMATE NORMALS FOR TODAY
                         NORMAL    RECORD    YEAR
 MAXIMUM TEMPERATURE (F)   56        74      2004
 MINIMUM TEMPERATURE (F)   27        10      1952


SUNRISE AND SUNSET
MARCH 23 2019.........SUNRISE   732 AM MDT   SUNSET   747 PM MDT
MARCH 24 2019.........SUNRISE   730 AM MDT   SUNSET   748 PM MDT


-  INDICATES NEGATIVE NUMBERS.
R  INDICATES RECORD WAS SET OR TIED.
MM INDICATES DATA IS MISSING.
T  INDICATES TRACE AMOUNT.




$$
