000
CDUS45 KSLC 210039
CLICDC


CLIMATE REPORT
NATIONAL WEATHER SERVICE SALT LAKE CITY UT
639 PM MDT MON MAY 20 2019


...................................

...THE CEDAR CITY UT CLIMATE SUMMARY FOR MAY 20 2019...
VALID TODAY AS OF 0500 PM LOCAL TIME.

CLIMATE NORMAL PERIOD 1981 TO 2010
CLIMATE RECORD PERIOD 1928 TO 2019


WEATHER ITEM   OBSERVED TIME   RECORD YEAR NORMAL DEPARTURE LAST
                VALUE   (LST)  VALUE       VALUE  FROM      YEAR
                                                  NORMAL
..................................................................
TEMPERATURE (F)
 TODAY
  MAXIMUM         51    359 PM  89    2008  74    -23       80
  MINIMUM         32    517 AM  25    1959  40     -8       41
  AVERAGE         42                        57    -15       61

PRECIPITATION (IN)
  TODAY            0.33          0.97 1975   0.02   0.31     0.00
  MONTH TO DATE    1.61                      0.48   1.13     0.41
  SINCE OCT 1     10.69                      7.86   2.83     4.76
  SINCE JAN 1      7.37                      4.75   2.62     4.21

DEGREE DAYS
 HEATING
  TODAY           23                         8     15        4
  MONTH TO DATE  270                       218     52      160
  SINCE MAR 1   1468                      1542    -74     1281
  SINCE JUL 1   5935                      6104   -169     5264

 COOLING
  TODAY            0                         0      0        0
  MONTH TO DATE    0                         0      0        9
  SINCE MAR 1      0                         0      0        9
  SINCE JAN 1      0                         0      0        9
..................................................................


WIND (MPH)
  RESULTANT WIND SPEED   3   RESULTANT WIND DIRECTION   S (190)
  HIGHEST WIND SPEED    17   HIGHEST WIND DIRECTION    SW (220)
  HIGHEST GUST SPEED    21   HIGHEST GUST DIRECTION    SW (220)
  AVERAGE WIND SPEED     5.2



WEATHER CONDITIONS
 THE FOLLOWING WEATHER WAS RECORDED TODAY.
  LIGHT RAIN
  LIGHT SNOW
  FOG


RELATIVE HUMIDITY (PERCENT)
 HIGHEST   100           200 AM
 LOWEST     61           300 PM
 AVERAGE    81

..........................................................


THE CEDAR CITY UT CLIMATE NORMALS FOR TOMORROW
                         NORMAL    RECORD    YEAR
 MAXIMUM TEMPERATURE (F)   74        88      2012
 MINIMUM TEMPERATURE (F)   41        25      1975


SUNRISE AND SUNSET
MAY 20 2019...........SUNRISE   619 AM MDT   SUNSET   839 PM MDT
MAY 21 2019...........SUNRISE   618 AM MDT   SUNSET   840 PM MDT


-  INDICATES NEGATIVE NUMBERS.
R  INDICATES RECORD WAS SET OR TIED.
MM INDICATES DATA IS MISSING.
T  INDICATES TRACE AMOUNT.




$$
