894
CDUS44 KLUB 230626
CLICDS


CLIMATE REPORT
NATIONAL WEATHER SERVICE LUBBOCK, TX
126 AM CDT THU MAY 23 2019


...................................

...THE CHILDRESS CLIMATE SUMMARY FOR MAY 22 2019...

CLIMATE NORMAL PERIOD 1981 TO 2010
CLIMATE RECORD PERIOD 1893 TO 2019


WEATHER ITEM   OBSERVED TIME   RECORD YEAR NORMAL DEPARTURE LAST
                VALUE   (LST)  VALUE       VALUE  FROM      YEAR
                                                  NORMAL
..................................................................
TEMPERATURE (F)
 YESTERDAY
  MAXIMUM         90    207 PM 107    1939  86      4       89
  MINIMUM         52    633 AM  40    1931  60     -8       64
  AVERAGE         71                        73     -2       77

PRECIPITATION (IN)
  YESTERDAY        0.00          3.96 2016   0.12  -0.12     0.00
  MONTH TO DATE    1.51                      2.02  -0.51     4.57
  SINCE MAR 1      7.50                      5.67   1.83     5.25
  SINCE JAN 1      7.69                      7.45   0.24     5.50

SNOWFALL (IN)
  YESTERDAY        0.0          MM      MM   0.0    0.0      0.0
  MONTH TO DATE    0.0                       0.0    0.0      0.0
  SINCE MAR 1      T                         0.6   -0.6       T
  SINCE JUL 1      2.0                       7.0   -5.0      1.0
  SNOW DEPTH       0

DEGREE DAYS
 HEATING
  YESTERDAY        0                         1     -1        0
  MONTH TO DATE   48                        27     21        0
  SINCE MAR 1    636                       555     81      489
  SINCE JUL 1   3316                      3115    201     2930

 COOLING
  YESTERDAY        6                         8     -2       12
  MONTH TO DATE   82                       134    -52      268
  SINCE MAR 1    140                       224    -84      366
  SINCE JAN 1    140                       225    -85      377
..................................................................


WIND (MPH)
  RESULTANT WIND SPEED   8   RESULTANT WIND DIRECTION   S (190)
  HIGHEST WIND SPEED    24   HIGHEST WIND DIRECTION     S (190)
  HIGHEST GUST SPEED    30   HIGHEST GUST DIRECTION     S (190)
  AVERAGE WIND SPEED    11.9


SKY COVER
  AVERAGE SKY COVER 0.0


WEATHER CONDITIONS
 THE FOLLOWING WEATHER WAS RECORDED YESTERDAY.
  HAZE


RELATIVE HUMIDITY (PERCENT)
 HIGHEST    82          1100 PM
 LOWEST     22           200 PM
 AVERAGE    52

..........................................................


THE CHILDRESS CLIMATE NORMALS FOR TODAY
                         NORMAL    RECORD    YEAR
 MAXIMUM TEMPERATURE (F)   86       111      2000
 MINIMUM TEMPERATURE (F)   61        44      1893


SUNRISE AND SUNSET
MAY 23 2019...........SUNRISE   634 AM CDT   SUNSET   842 PM CDT
MAY 24 2019...........SUNRISE   633 AM CDT   SUNSET   843 PM CDT


-  INDICATES NEGATIVE NUMBERS.
R  INDICATES RECORD WAS SET OR TIED.
MM INDICATES DATA IS MISSING.
T  INDICATES TRACE AMOUNT.




$$
