000
CDUS44 KLUB 192240
CLICDS


CLIMATE REPORT
NATIONAL WEATHER SERVICE LUBBOCK, TX
540 PM CDT TUE MAR 19 2019


...................................

...THE CHILDRESS CLIMATE SUMMARY FOR MARCH 19 2019...
VALID TODAY AS OF 0500 PM LOCAL TIME.

CLIMATE NORMAL PERIOD 1981 TO 2010
CLIMATE RECORD PERIOD 1893 TO 2019


WEATHER ITEM   OBSERVED TIME   RECORD YEAR NORMAL DEPARTURE LAST
                VALUE   (LST)  VALUE       VALUE  FROM      YEAR
                                                  NORMAL
..................................................................
TEMPERATURE (F)
 TODAY
  MAXIMUM         71    359 PM  92    2017  68      3       61
  MINIMUM         39    536 AM  19    1965  41     -2       42
                                      1906
  AVERAGE         55                        54      1       52

PRECIPITATION (IN)
  TODAY            0.00          1.06 2012   0.05  -0.05     0.00
  MONTH TO DATE    1.04                      0.89   0.15     0.09
  SINCE MAR 1      1.04                      0.89   0.15     0.09
  SINCE JAN 1      1.23                      2.67  -1.44     0.34

SNOWFALL (IN)
  TODAY            0.0          MM      MM   0.0    0.0      0.0
  MONTH TO DATE    T                         0.3   -0.3      0.0
  SINCE MAR 1      T                         0.3   -0.3      0.0
  SINCE JUL 1      2.0                       6.7   -4.7      1.0
  SNOW DEPTH       0

DEGREE DAYS
 HEATING
  TODAY           10                        11     -1       13
  MONTH TO DATE  368                       258    110      197
  SINCE MAR 1    368                       258    110      197
  SINCE JUL 1   3048                      2818    230     2638

 COOLING
  TODAY            0                         1     -1        0
  MONTH TO DATE    0                         4     -4       10
  SINCE MAR 1      0                         4     -4       10
  SINCE JAN 1      0                         5     -5       21
..................................................................


WIND (MPH)
  RESULTANT WIND SPEED  11   RESULTANT WIND DIRECTION   S (200)
  HIGHEST WIND SPEED    22   HIGHEST WIND DIRECTION    SW (210)
  HIGHEST GUST SPEED    27   HIGHEST GUST DIRECTION    SW (230)
  AVERAGE WIND SPEED    12.2


SKY COVER
  AVERAGE SKY COVER 0.0


WEATHER CONDITIONS
 THE FOLLOWING WEATHER WAS RECORDED TODAY.
  NO SIGNIFICANT WEATHER WAS OBSERVED.


RELATIVE HUMIDITY (PERCENT)
 HIGHEST    70           500 AM
 LOWEST     25           400 PM
 AVERAGE    48

..........................................................


THE CHILDRESS CLIMATE NORMALS FOR TOMORROW
                         NORMAL    RECORD    YEAR
 MAXIMUM TEMPERATURE (F)   69       100      1907
 MINIMUM TEMPERATURE (F)   41        13      1965
                                             1906


SUNRISE AND SUNSET
MARCH 19 2019.........SUNRISE   746 AM CDT   SUNSET   752 PM CDT
MARCH 20 2019.........SUNRISE   745 AM CDT   SUNSET   753 PM CDT


-  INDICATES NEGATIVE NUMBERS.
R  INDICATES RECORD WAS SET OR TIED.
MM INDICATES DATA IS MISSING.
T  INDICATES TRACE AMOUNT.




$$
