000
CDUS46 KEKA 271218
CLICEC


CLIMATE REPORT
NATIONAL WEATHER SERVICE EUREKA CA
518 AM PDT MON MAY 27 2019


...................................

...THE CRESCENT CITY CA CLIMATE SUMMARY FOR MAY 26 2019...

CLIMATE NORMAL PERIOD 1981 TO 2010
CLIMATE RECORD PERIOD 1894 TO 2019


WEATHER ITEM   OBSERVED TIME   RECORD YEAR NORMAL DEPARTURE LAST
                VALUE   (LST)  VALUE       VALUE  FROM      YEAR
                                                  NORMAL
..................................................................
TEMPERATURE (F)
 YESTERDAY
  MAXIMUM         58   1212 PM  77    1934  59     -1       60
  MINIMUM         48    406 AM  35    1922  48      0       48
  AVERAGE         53                        53      0       54

PRECIPITATION (IN)
  YESTERDAY        0.00          2.15 1960   0.07  -0.07     0.00
  MONTH TO DATE    3.28                      2.55   0.73     0.48
  SINCE OCT 1     55.81                     60.12  -4.31    45.08
  SINCE JAN 1     42.51                     34.88   7.63    31.06

SNOWFALL (IN)
  YESTERDAY        0.0          MM      MM  MM     MM        0.0
  MONTH TO DATE    0.0                      MM     MM        0.0
  SINCE MAR 1      0.0                      MM     MM        0.0
  SINCE JUL 1      0.0                      MM     MM        0.0
  SNOW DEPTH       0

DEGREE DAYS
 HEATING
  YESTERDAY       12                        12      0       11
  MONTH TO DATE  319                       337    -18      274
  SINCE MAR 1   1246                      1321    -75     1097
  SINCE JUL 1   4234                      4494   -260     3900

 COOLING
  YESTERDAY        0                         0      0        0
  MONTH TO DATE    0                         0      0        0
  SINCE MAR 1      0                         0      0        0
  SINCE JAN 1      0                         0      0        0
..................................................................


WIND (MPH)
  HIGHEST WIND SPEED    20   HIGHEST WIND DIRECTION     N (340)
  HIGHEST GUST SPEED    27   HIGHEST GUST DIRECTION    NW (330)
  AVERAGE WIND SPEED    10.4


SKY COVER
  AVERAGE SKY COVER 0.5


WEATHER CONDITIONS
 THE FOLLOWING WEATHER WAS RECORDED YESTERDAY.
  FOG


RELATIVE HUMIDITY (PERCENT)
 HIGHEST    96
 LOWEST     72
 AVERAGE    84

..........................................................


THE CRESCENT CITY CA CLIMATE NORMALS FOR TODAY
                         NORMAL    RECORD    YEAR
 MAXIMUM TEMPERATURE (F)   59        82      1922
 MINIMUM TEMPERATURE (F)   48        35      1920


SUNRISE AND SUNSET
MAY 27 2019...........SUNRISE   547 AM PDT   SUNSET   841 PM PDT
MAY 28 2019...........SUNRISE   547 AM PDT   SUNSET   842 PM PDT


-  INDICATES NEGATIVE NUMBERS.
R  INDICATES RECORD WAS SET OR TIED.
MM INDICATES DATA IS MISSING.
T  INDICATES TRACE AMOUNT.




$$
