000
CDUS46 KEKA 230020
CLICEC


CLIMATE REPORT
NATIONAL WEATHER SERVICE EUREKA CA
519 PM PDT FRI MAR 22 2019


...................................

...THE CRESCENT CITY CA CLIMATE SUMMARY FOR MARCH 22 2019...
VALID TODAY AS OF 0500 PM LOCAL TIME.

CLIMATE NORMAL PERIOD 1981 TO 2010
CLIMATE RECORD PERIOD 1894 TO 2019


WEATHER ITEM   OBSERVED TIME   RECORD YEAR NORMAL DEPARTURE LAST
                VALUE   (LST)  VALUE       VALUE  FROM      YEAR
                                                  NORMAL
..................................................................
TEMPERATURE (F)
 TODAY
  MAXIMUM         53    359 PM  76    1925  55     -2       56
                                      1915
  MINIMUM         42    133 AM  29    1936  42      0       41
                                      1933
  AVERAGE         48                        49     -1       49

PRECIPITATION (IN)
  TODAY            0.46          3.15 1998   0.28   0.18     1.46
  MONTH TO DATE    1.88                      5.30  -3.42     9.45
  SINCE OCT 1     41.91                     49.81  -7.90    37.28
  SINCE JAN 1     28.61                     24.57   4.04    23.26

SNOWFALL (IN)
  TODAY           MM            MM      MM  MM     MM       MM
  MONTH TO DATE    0.0                      MM     MM        0.0
  SINCE MAR 1      0.0                      MM     MM        0.0
  SINCE JUL 1      0.0                      MM     MM        0.0
  SNOW DEPTH       0

..................................................................


WIND (MPH)
  HIGHEST WIND SPEED    29   HIGHEST WIND DIRECTION     S (160)
  HIGHEST GUST SPEED    37   HIGHEST GUST DIRECTION    SE (150)
  AVERAGE WIND SPEED    14.6


SKY COVER
  AVERAGE SKY COVER 0.8


WEATHER CONDITIONS
 THE FOLLOWING WEATHER WAS RECORDED TODAY.
  HEAVY RAIN
  RAIN
  LIGHT RAIN
  FOG


RELATIVE HUMIDITY (PERCENT)
 HIGHEST   100
 LOWEST     74
 AVERAGE    87

..........................................................


THE CRESCENT CITY CA CLIMATE NORMALS FOR TOMORROW
                         NORMAL    RECORD    YEAR
 MAXIMUM TEMPERATURE (F)   55        80      1926
 MINIMUM TEMPERATURE (F)   42        31      1933
                                             1923
                                             1898


SUNRISE AND SUNSET
MARCH 22 2019.........SUNRISE   717 AM PDT   SUNSET   731 PM PDT
MARCH 23 2019.........SUNRISE   715 AM PDT   SUNSET   732 PM PDT


-  INDICATES NEGATIVE NUMBERS.
R  INDICATES RECORD WAS SET OR TIED.
MM INDICATES DATA IS MISSING.
T  INDICATES TRACE AMOUNT.




$$
