341
CDUS44 KMRX 240845
CLICHA


CLIMATE REPORT
NATIONAL WEATHER SERVICE MORRISTOWN TN
444 AM EDT TUE APR 24 2018


...................................

...THE CHATTANOOGA  ASOS CLIMATE SUMMARY FOR APRIL 23 2018...

CLIMATE NORMAL PERIOD 1981 TO 2010
CLIMATE RECORD PERIOD 1879 TO 2018


WEATHER ITEM   OBSERVED TIME   RECORD YEAR NORMAL DEPARTURE LAST
                VALUE   (LST)  VALUE       VALUE  FROM      YEAR
                                                  NORMAL
..................................................................
TEMPERATURE (F)
 YESTERDAY
  MAXIMUM         65    205 PM  91    1925  75    -10       64
  MINIMUM         57   1159 PM  34    1986  50      7       56
                                      1982
  AVERAGE         61                        62     -1       60

PRECIPITATION (IN)
  YESTERDAY        1.63          3.96 1899   0.14   1.49     1.87
  MONTH TO DATE    6.19                      3.07   3.12     9.17
  SINCE MAR 1      8.92                      8.05   0.87    13.30
  SINCE JAN 1     19.79                     17.80   1.99    21.73

SNOWFALL (IN)
  YESTERDAY        0.0                       0.0    0.0      0.0
  MONTH TO DATE    0.0                       0.1   -0.1      0.0
  SINCE MAR 1      T                         1.3   -1.3       T
  SINCE JUL 1      0.8                       3.9   -3.1      0.3
  SNOW DEPTH       0

DEGREE DAYS
 HEATING
  YESTERDAY        4                         4      0        5
  MONTH TO DATE  195                       151     44       53
  SINCE MAR 1    617                       555     62      381
  SINCE JUL 1   3015                      3177   -162     2192

 COOLING
  YESTERDAY        0                         2     -2        0
  MONTH TO DATE   14                        26    -12       70
  SINCE MAR 1     18                        33    -15       89
  SINCE JAN 1     43                        33     10       89
..................................................................


WIND (MPH)
  HIGHEST WIND SPEED    13   HIGHEST WIND DIRECTION     N (350)
  HIGHEST GUST SPEED    17   HIGHEST GUST DIRECTION    SE (120)
  AVERAGE WIND SPEED     5.8


SKY COVER
  POSSIBLE SUNSHINE  MM
  AVERAGE SKY COVER 1.0


WEATHER CONDITIONS
 THE FOLLOWING WEATHER WAS RECORDED YESTERDAY.
  HEAVY RAIN
  RAIN
  LIGHT RAIN
  FOG
  HAZE


RELATIVE HUMIDITY (PERCENT)
 HIGHEST    93          1200 AM
 LOWEST     78          1100 AM
 AVERAGE    86

..........................................................


THE CHATTANOOGA  ASOS CLIMATE NORMALS FOR TODAY
                         NORMAL    RECORD    YEAR
 MAXIMUM TEMPERATURE (F)   75        92      1925
 MINIMUM TEMPERATURE (F)   51        34      1986
                                             1982
                                             1910


SUNRISE AND SUNSET
APRIL 24 2018.........SUNRISE   658 AM EDT   SUNSET   821 PM EDT
APRIL 25 2018.........SUNRISE   657 AM EDT   SUNSET   821 PM EDT


-  INDICATES NEGATIVE NUMBERS.
R  INDICATES RECORD WAS SET OR TIED.
MM INDICATES DATA IS MISSING.
T  INDICATES TRACE AMOUNT.




$$
