000
CDUS44 KMRX 230821
CLICHA


CLIMATE REPORT
NATIONAL WEATHER SERVICE MORRISTOWN TN
421 AM EDT THU MAY 23 2019


...................................

...THE CHATTANOOGA  ASOS CLIMATE SUMMARY FOR MAY 22 2019...

CLIMATE NORMAL PERIOD 1981 TO 2010
CLIMATE RECORD PERIOD 1879 TO 2019


WEATHER ITEM   OBSERVED TIME   RECORD YEAR NORMAL DEPARTURE LAST
                VALUE   (LST)  VALUE       VALUE  FROM      YEAR
                                                  NORMAL
..................................................................
TEMPERATURE (F)
 YESTERDAY
  MAXIMUM         92    225 PM  96    1941  81     11       85
  MINIMUM         68    550 AM  42    1993  59      9       70
                                      1883
  AVERAGE         80                        70     10       78

PRECIPITATION (IN)
  YESTERDAY        0.00          2.17 1955   0.11  -0.11      T
  MONTH TO DATE    5.84                      2.98   2.86     1.11
  SINCE MAR 1     16.16                     11.95   4.21    10.43
  SINCE JAN 1     34.47                     21.70  12.77    21.30

SNOWFALL (IN)
  YESTERDAY        0.0                       0.0    0.0      0.0
  MONTH TO DATE    0.0                       0.0    0.0      0.0
  SINCE MAR 1      0.0                       1.3   -1.3       T
  SINCE JUL 1      0.1                       3.9   -3.8      0.8
  SNOW DEPTH       0

DEGREE DAYS
 HEATING
  YESTERDAY        0                         1     -1        0
  MONTH TO DATE   12                        35    -23        1
  SINCE MAR 1    533                       613    -80      655
  SINCE JUL 1   2901                      3235   -334     3053

 COOLING
  YESTERDAY       15                         6      9       13
  MONTH TO DATE  162                        86     76      201
  SINCE MAR 1    233                       132    101      219
  SINCE JAN 1    239                       132    107      244
..................................................................


WIND (MPH)
  HIGHEST WIND SPEED    20   HIGHEST WIND DIRECTION     S (200)
  HIGHEST GUST SPEED    23   HIGHEST GUST DIRECTION     S (190)
  AVERAGE WIND SPEED     5.4


SKY COVER
  POSSIBLE SUNSHINE  MM
  AVERAGE SKY COVER 0.3


WEATHER CONDITIONS
 THE FOLLOWING WEATHER WAS RECORDED YESTERDAY.
  NO SIGNIFICANT WEATHER WAS OBSERVED.


RELATIVE HUMIDITY (PERCENT)
 HIGHEST    90           500 AM
 LOWEST     36           300 PM
 AVERAGE    63

..........................................................


THE CHATTANOOGA  ASOS CLIMATE NORMALS FOR TODAY
                         NORMAL    RECORD    YEAR
 MAXIMUM TEMPERATURE (F)   82        93      1953
                                             1941
 MINIMUM TEMPERATURE (F)   59        41      1889


SUNRISE AND SUNSET
MAY 23 2019...........SUNRISE   632 AM EDT   SUNSET   843 PM EDT
MAY 24 2019...........SUNRISE   631 AM EDT   SUNSET   844 PM EDT


-  INDICATES NEGATIVE NUMBERS.
R  INDICATES RECORD WAS SET OR TIED.
MM INDICATES DATA IS MISSING.
T  INDICATES TRACE AMOUNT.




$$
