102
CDUS44 KMRX 192115
CLICHA


CLIMATE REPORT
NATIONAL WEATHER SERVICE MORRISTOWN TN
515 PM EDT TUE MAR 19 2019


...................................

...THE CHATTANOOGA  ASOS CLIMATE SUMMARY FOR MARCH 19 2019...
VALID TODAY AS OF 0500 PM LOCAL TIME.

CLIMATE NORMAL PERIOD 1981 TO 2010
CLIMATE RECORD PERIOD 1879 TO 2019


WEATHER ITEM   OBSERVED TIME   RECORD YEAR NORMAL DEPARTURE LAST
                VALUE   (LST)  VALUE       VALUE  FROM      YEAR
                                                  NORMAL
..................................................................
TEMPERATURE (F)
 TODAY
  MAXIMUM         58    345 PM  86    1982  65     -7       60
  MINIMUM         36    727 AM  18    1923  41     -5       54
  AVERAGE         47                        53     -6       57

PRECIPITATION (IN)
  TODAY            0.00          1.73 1881   0.16  -0.16     0.85
  MONTH TO DATE    5.30                      3.05   2.25     2.04
  SINCE MAR 1      5.30                      3.05   2.25     2.04
  SINCE JAN 1     23.61                     12.80  10.81    12.91

SNOWFALL (IN)
  TODAY            0.0                       0.1   -0.1      0.0
  MONTH TO DATE    0.0                       0.9   -0.9       T
  SINCE MAR 1      0.0                       0.9   -0.9       T
  SINCE JUL 1      0.1                       3.5   -3.4      0.8
  SNOW DEPTH       0

DEGREE DAYS
 HEATING
  TODAY           18                        12      6        8
  MONTH TO DATE  298                       277     21      274
  SINCE MAR 1    298                       277     21      274
  SINCE JUL 1   2666                      2899   -233     2672

 COOLING
  TODAY            0                         0      0        0
  MONTH TO DATE    2                         0      2        2
  SINCE MAR 1      2                         0      2        2
  SINCE JAN 1      8                         0      8       27
..................................................................


WIND (MPH)
  HIGHEST WIND SPEED    10   HIGHEST WIND DIRECTION    NW (330)
  HIGHEST GUST SPEED    13   HIGHEST GUST DIRECTION    NE (30)
  AVERAGE WIND SPEED     5.0


SKY COVER
  POSSIBLE SUNSHINE  MM
  AVERAGE SKY COVER 0.2


WEATHER CONDITIONS
 THE FOLLOWING WEATHER WAS RECORDED TODAY.
  NO SIGNIFICANT WEATHER WAS OBSERVED.


RELATIVE HUMIDITY (PERCENT)
 HIGHEST    52           600 AM
 LOWEST     19           300 PM
 AVERAGE    36

..........................................................


THE CHATTANOOGA  ASOS CLIMATE NORMALS FOR TOMORROW
                         NORMAL    RECORD    YEAR
 MAXIMUM TEMPERATURE (F)   65        85      2012
                                             1948
 MINIMUM TEMPERATURE (F)   42        18      1923


SUNRISE AND SUNSET
MARCH 19 2019.........SUNRISE   746 AM EDT   SUNSET   752 PM EDT
MARCH 20 2019.........SUNRISE   745 AM EDT   SUNSET   752 PM EDT


-  INDICATES NEGATIVE NUMBERS.
R  INDICATES RECORD WAS SET OR TIED.
MM INDICATES DATA IS MISSING.
T  INDICATES TRACE AMOUNT.




$$
