000
CDUS41 KLWX 232130
CLICHO


CLIMATE REPORT
NATIONAL WEATHER SERVICE BALTIMORE MD/WASHINGTON DC
529 PM EDT MON APR 23 2018


...................................

...THE CHARLOTTESVILLE VA CLIMATE SUMMARY FOR APRIL 23 2018...
VALID TODAY AS OF 0500 PM LOCAL TIME.

CLIMATE NORMAL PERIOD 1981 TO 2010
CLIMATE RECORD PERIOD 1998 TO 2018


WEATHER ITEM   OBSERVED TIME   RECORD YEAR NORMAL DEPARTURE LAST
                VALUE   (LST)  VALUE       VALUE  FROM      YEAR
                                                  NORMAL
..................................................................
TEMPERATURE (F)
 TODAY
  MAXIMUM         70    319 PM  MM      MM  70      0       58
  MINIMUM         44    603 AM  MM      MM  45     -1       49
  AVERAGE         57                        57      0       54

PRECIPITATION (IN)
  TODAY            0.00                      0.12  -0.12     0.05
  MONTH TO DATE    2.15                      2.62  -0.47     1.75
  SINCE MAR 1      3.96                      6.28  -2.32     4.48
  SINCE JAN 1      9.82                     11.75  -1.93     7.72

DEGREE DAYS
 HEATING
  TODAY            8                                        11
  MONTH TO DATE  271                                       102
  SINCE MAR 1    930                                       606
  SINCE JUL 1   3813                                      2979

 COOLING
  TODAY            0                                         0
  MONTH TO DATE   16                                        50
  SINCE MAR 1     16                                        54
  SINCE JAN 1     21                                        55
..................................................................


WIND (MPH)
  HIGHEST WIND SPEED    17   HIGHEST WIND DIRECTION    SE (150)
  HIGHEST GUST SPEED    24   HIGHEST GUST DIRECTION    SE (150)
  AVERAGE WIND SPEED     6.2


SKY COVER
  POSSIBLE SUNSHINE  MM
  AVERAGE SKY COVER 0.2


WEATHER CONDITIONS
 THE FOLLOWING WEATHER WAS RECORDED TODAY.
  NO SIGNIFICANT WEATHER WAS OBSERVED.


RELATIVE HUMIDITY (PERCENT)
 HIGHEST    76           600 AM
 LOWEST     37           300 PM
 AVERAGE    57

..........................................................


THE CHARLOTTESVILLE VA CLIMATE NORMALS FOR TOMORROW
                         NORMAL    RECORD    YEAR
 MAXIMUM TEMPERATURE (F)   70        MM        MM
 MINIMUM TEMPERATURE (F)   45        MM        MM


SUNRISE AND SUNSET
APRIL 23 2018.........SUNRISE   627 AM EDT   SUNSET   757 PM EDT
APRIL 24 2018.........SUNRISE   626 AM EDT   SUNSET   758 PM EDT


-  INDICATES NEGATIVE NUMBERS.
R  INDICATES RECORD WAS SET OR TIED.
MM INDICATES DATA IS MISSING.
T  INDICATES TRACE AMOUNT.




$$
