000
CDUS41 KLWX 230528
CLICHO


CLIMATE REPORT
NATIONAL WEATHER SERVICE BALTIMORE MD/WASHINGTON DC
128 AM EDT THU MAY 23 2019


...................................

...THE CHARLOTTESVILLE VA CLIMATE SUMMARY FOR MAY 22 2019...

CLIMATE NORMAL PERIOD 1981 TO 2010
CLIMATE RECORD PERIOD 1998 TO 2019


WEATHER ITEM   OBSERVED TIME   NORMAL DEPARTURE LAST
                VALUE   (LST)  VALUE  FROM      YEAR
                                      NORMAL
......................................................
TEMPERATURE (F)
 YESTERDAY
  MAXIMUM         78    412 PM  76      2       84
  MINIMUM         53    521 AM  53      0       67
  AVERAGE         66            65      1       76

PRECIPITATION (IN)
  YESTERDAY        0.00          0.14  -0.14     0.24
  MONTH TO DATE    2.21          2.64  -0.43     4.58
  SINCE MAR 1      9.02          9.66  -0.64    10.18
  SINCE JAN 1     15.46         15.13   0.33    16.04

DEGREE DAYS
 HEATING
  YESTERDAY        0             3     -3        0
  MONTH TO DATE   28           103    -75        3
  SINCE MAR 1    743          1003   -260      970
  SINCE JUL 1   3701          4415   -714     3853

 COOLING
  YESTERDAY        1             2     -1       11
  MONTH TO DATE  116            35     81      152
  SINCE MAR 1    159            56    103      168
  SINCE JAN 1    159            56    103      173
......................................................


WIND (MPH)
  HIGHEST WIND SPEED    13   HIGHEST WIND DIRECTION    SE (150)
  HIGHEST GUST SPEED    16   HIGHEST GUST DIRECTION    SE (150)
  AVERAGE WIND SPEED     3.3


SKY COVER
  POSSIBLE SUNSHINE  MM
  AVERAGE SKY COVER 0.1


WEATHER CONDITIONS
 THE FOLLOWING WEATHER WAS RECORDED YESTERDAY.
  NO SIGNIFICANT WEATHER WAS OBSERVED.


RELATIVE HUMIDITY (PERCENT)
 HIGHEST    83           200 AM
 LOWEST     43           300 PM
 AVERAGE    63

..........................................................


THE CHARLOTTESVILLE VA CLIMATE NORMALS FOR TODAY
                         NORMAL    RECORD    YEAR
 MAXIMUM TEMPERATURE (F)   76        MM        MM
 MINIMUM TEMPERATURE (F)   54        MM        MM


SUNRISE AND SUNSET
MAY 23 2019...........SUNRISE   557 AM EDT   SUNSET   824 PM EDT
MAY 24 2019...........SUNRISE   557 AM EDT   SUNSET   825 PM EDT


-  INDICATES NEGATIVE NUMBERS.
R  INDICATES RECORD WAS SET OR TIED.
MM INDICATES DATA IS MISSING.
T  INDICATES TRACE AMOUNT.




$$
