000
CDUS42 KCHS 190622
CLICHS


CLIMATE REPORT
NATIONAL WEATHER SERVICE CHARLESTON SC
221 AM EDT SUN MAY 19 2019


...................................

...THE NORTH CHARLESTON SC CLIMATE SUMMARY FOR MAY 18 2019...

CLIMATE NORMAL PERIOD 1981 TO 2010
CLIMATE RECORD PERIOD 1938 TO 2019


WEATHER ITEM   OBSERVED TIME   RECORD YEAR NORMAL DEPARTURE LAST
                VALUE   (LST)  VALUE       VALUE  FROM      YEAR
                                                  NORMAL
..................................................................
TEMPERATURE (F)
 YESTERDAY
  MAXIMUM         92    211 PM  96    1960  84      8       80
  MINIMUM         69    454 AM  50    1973  63      6       73
  AVERAGE         81                        73      8       77

PRECIPITATION (IN)
  YESTERDAY        0.00          1.10 1980   0.09  -0.09     0.11
  MONTH TO DATE    0.85                      1.62  -0.77     1.10
  SINCE MAR 1      4.56                      8.24  -3.68     7.44
  SINCE JAN 1      6.92                     14.91  -7.99    11.61

DEGREE DAYS
 HEATING
  YESTERDAY        0                         0      0        0
  MONTH TO DATE    1                         8     -7        0
  SINCE MAR 1    298                       335    -37      378
  SINCE JUL 1   1566                      1971   -405     1826

 COOLING
  YESTERDAY       16                         8      8       12
  MONTH TO DATE  172                       115     57      173
  SINCE MAR 1    308                       226     82      266
  SINCE JAN 1    324                       233     91      328
..................................................................


WIND (MPH)
  HIGHEST WIND SPEED    15   HIGHEST WIND DIRECTION     S (160)
  HIGHEST GUST SPEED    22   HIGHEST GUST DIRECTION    SE (140)
  AVERAGE WIND SPEED     7.2


SKY COVER
  POSSIBLE SUNSHINE  MM
  AVERAGE SKY COVER 0.2


WEATHER CONDITIONS
 THE FOLLOWING WEATHER WAS RECORDED YESTERDAY.
  NO SIGNIFICANT WEATHER WAS OBSERVED.


RELATIVE HUMIDITY (PERCENT)
 HIGHEST    97           600 AM
 LOWEST     44          1200 PM
 AVERAGE    71

..........................................................


THE NORTH CHARLESTON SC CLIMATE NORMALS FOR TODAY
                         NORMAL    RECORD    YEAR
 MAXIMUM TEMPERATURE (F)   84        96      1996
 MINIMUM TEMPERATURE (F)   63        43      1976


SUNRISE AND SUNSET
MAY 19 2019...........SUNRISE   619 AM EDT   SUNSET   815 PM EDT
MAY 20 2019...........SUNRISE   618 AM EDT   SUNSET   816 PM EDT


-  INDICATES NEGATIVE NUMBERS.
R  INDICATES RECORD WAS SET OR TIED.
MM INDICATES DATA IS MISSING.
T  INDICATES TRACE AMOUNT.




$$
