000
CDUS42 KCHS 180603
CLICHS


CLIMATE REPORT
NATIONAL WEATHER SERVICE CHARLESTON SC
203 AM EDT MON MAR 18 2019


...................................

...THE NORTH CHARLESTON SC CLIMATE SUMMARY FOR MARCH 17 2019...

CLIMATE NORMAL PERIOD 1981 TO 2010
CLIMATE RECORD PERIOD 1938 TO 2019


WEATHER ITEM   OBSERVED TIME   RECORD YEAR NORMAL DEPARTURE LAST
                VALUE   (LST)  VALUE       VALUE  FROM      YEAR
                                                  NORMAL
..................................................................
TEMPERATURE (F)
 YESTERDAY
  MAXIMUM         62    330 PM  89    1945  70     -8       74
  MINIMUM         45   1116 PM  28    2017  47     -2       48
                                      1954
  AVERAGE         54                        58     -4       61

PRECIPITATION (IN)
  YESTERDAY        0.00          3.16 1983   0.12  -0.12     0.06
  MONTH TO DATE    0.63                      2.01  -1.38     0.85
  SINCE MAR 1      0.63                      2.01  -1.38     0.85
  SINCE JAN 1      2.99                      8.68  -5.69     5.02

SNOWFALL (IN)
  YESTERDAY        0.0                       0.0    0.0
  SINCE MAR 1      0.0                       0.0    0.0
  SINCE JUL 1      0.0                       0.5   -0.5

DEGREE DAYS
 HEATING
  YESTERDAY       11                         8      3        4
  MONTH TO DATE  118                       156    -38      185
  SINCE MAR 1    118                       156    -38      185
  SINCE JUL 1   1386                      1792   -406     1633

 COOLING
  YESTERDAY        0                         1     -1        0
  MONTH TO DATE   15                        15      0        7
  SINCE MAR 1     15                        15      0        7
  SINCE JAN 1     31                        22      9       69
..................................................................


WIND (MPH)
  HIGHEST WIND SPEED    13   HIGHEST WIND DIRECTION    NE (30)
  HIGHEST GUST SPEED    19   HIGHEST GUST DIRECTION    NE (30)
  AVERAGE WIND SPEED     5.4


SKY COVER
  POSSIBLE SUNSHINE  MM
  AVERAGE SKY COVER 0.8


WEATHER CONDITIONS
 THE FOLLOWING WEATHER WAS RECORDED YESTERDAY.
  NO SIGNIFICANT WEATHER WAS OBSERVED.


RELATIVE HUMIDITY (PERCENT)
 HIGHEST    65           700 AM
 LOWEST     27           300 PM
 AVERAGE    46

..........................................................


THE NORTH CHARLESTON SC CLIMATE NORMALS FOR TODAY
                         NORMAL    RECORD    YEAR
 MAXIMUM TEMPERATURE (F)   70        90      1963
 MINIMUM TEMPERATURE (F)   47        28      1941


SUNRISE AND SUNSET
MARCH 18 2019.........SUNRISE   727 AM EDT   SUNSET   730 PM EDT
MARCH 19 2019.........SUNRISE   725 AM EDT   SUNSET   731 PM EDT


-  INDICATES NEGATIVE NUMBERS.
R  INDICATES RECORD WAS SET OR TIED.
MM INDICATES DATA IS MISSING.
T  INDICATES TRACE AMOUNT.




$$
