000
CDUS43 KDVN 230736
CLICID


CLIMATE REPORT
NATIONAL WEATHER SERVICE QUAD CITIES IA IL
235 AM CDT MON APR 23 2018


...................................

...THE CEDAR RAPIDS IA CLIMATE SUMMARY FOR APRIL 22 2018...

CLIMATE NORMAL PERIOD 1981 TO 2010
CLIMATE RECORD PERIOD 1891 TO 2018


WEATHER ITEM   OBSERVED TIME   RECORD YEAR NORMAL DEPARTURE LAST
                VALUE   (LST)  VALUE       VALUE  FROM      YEAR
                                                  NORMAL
..................................................................
TEMPERATURE (F)
 YESTERDAY
  MAXIMUM         69    422 PM  95    1980  63      6       65
  MINIMUM         43    249 AM  22    1986  40      3       37
  AVERAGE         56                        52      4       51

PRECIPITATION (IN)
  YESTERDAY        0.00         MM      MM   0.12  -0.12     0.00
  MONTH TO DATE    0.43                      2.12  -1.69     2.50
  SINCE MAR 1      2.33                      4.22  -1.89     4.75
  SINCE JAN 1      4.36                      6.36  -2.00     6.92

DEGREE DAYS
 HEATING
  YESTERDAY        9                        14     -5       14
  MONTH TO DATE  619                       386    233      250
  SINCE MAR 1   1532                      1267    265     1106
  SINCE JUL 1   6587                      6550     37     5382

 COOLING
  YESTERDAY        0                         0      0        0
  MONTH TO DATE    0                         0      0        9
  SINCE MAR 1      0                         0      0        9
  SINCE JAN 1      0                         0      0        9
..................................................................


WIND (MPH)
  HIGHEST WIND SPEED    23   HIGHEST WIND DIRECTION     E (80)
  HIGHEST GUST SPEED    28   HIGHEST GUST DIRECTION     E (80)
  AVERAGE WIND SPEED    13.2


SKY COVER
  POSSIBLE SUNSHINE  MM
  AVERAGE SKY COVER 0.0


WEATHER CONDITIONS
 THE FOLLOWING WEATHER WAS RECORDED YESTERDAY.
  NO SIGNIFICANT WEATHER WAS OBSERVED.


RELATIVE HUMIDITY (PERCENT)
 HIGHEST    65          1200 AM
 LOWEST     20           100 PM
 AVERAGE    43

..........................................................


THE CEDAR RAPIDS IA CLIMATE NORMALS FOR TODAY
                         NORMAL    RECORD    YEAR
 MAXIMUM TEMPERATURE (F)   64        90      1925
 MINIMUM TEMPERATURE (F)   41        20      1927


SUNRISE AND SUNSET
APRIL 23 2018.........SUNRISE   614 AM CDT   SUNSET   757 PM CDT
APRIL 24 2018.........SUNRISE   613 AM CDT   SUNSET   758 PM CDT


-  INDICATES NEGATIVE NUMBERS.
R  INDICATES RECORD WAS SET OR TIED.
MM INDICATES DATA IS MISSING.
T  INDICATES TRACE AMOUNT.




$$
