508
CDUS43 KDVN 190900
CLICID


CLIMATE REPORT
NATIONAL WEATHER SERVICE QUAD CITIES IA IL
359 AM CDT SUN MAY 19 2019


...................................

...THE CEDAR RAPIDS IA CLIMATE SUMMARY FOR MAY 18 2019...

CLIMATE NORMAL PERIOD 1981 TO 2010
CLIMATE RECORD PERIOD 1891 TO 2019


WEATHER ITEM   OBSERVED TIME   RECORD YEAR NORMAL DEPARTURE LAST
                VALUE   (LST)  VALUE       VALUE  FROM      YEAR
                                                  NORMAL
..................................................................
TEMPERATURE (F)
 YESTERDAY
  MAXIMUM         75    130 PM  92    1964  72      3       79
                                      1934
  MINIMUM         47    524 AM  32    1945  50     -3       55
  AVERAGE         61                        61      0       67

PRECIPITATION (IN)
  YESTERDAY        2.02R         1.50 1918   0.14   1.88     0.00
  MONTH TO DATE    3.74                      2.36   1.38     2.45
  SINCE MAR 1      9.27                      7.51   1.76     4.78
  SINCE JAN 1     11.98                      9.65   2.33     6.81

DEGREE DAYS
 HEATING
  YESTERDAY        4                         6     -2        0
  MONTH TO DATE  207                       141     66       33
  SINCE MAR 1   1695                      1503    192     1643
  SINCE JUL 1   7232                      6786    446     6698

 COOLING
  YESTERDAY        0                         1     -1        2
  MONTH TO DATE    8                        13     -5       42
  SINCE MAR 1      9                        20    -11       44
  SINCE JAN 1      9                        20    -11       44
..................................................................


WIND (MPH)
  HIGHEST WIND SPEED    23   HIGHEST WIND DIRECTION     S (160)
  HIGHEST GUST SPEED    30   HIGHEST GUST DIRECTION     S (160)
  AVERAGE WIND SPEED    13.5


SKY COVER
  POSSIBLE SUNSHINE  MM
  AVERAGE SKY COVER 0.6


WEATHER CONDITIONS
 THE FOLLOWING WEATHER WAS RECORDED YESTERDAY.
  THUNDERSTORM
  HEAVY RAIN
  RAIN
  LIGHT RAIN
  FOG


RELATIVE HUMIDITY (PERCENT)
 HIGHEST   100           900 AM
 LOWEST     79           200 PM
 AVERAGE    90

..........................................................


THE CEDAR RAPIDS IA CLIMATE NORMALS FOR TODAY
                         NORMAL    RECORD    YEAR
 MAXIMUM TEMPERATURE (F)   72        93      1975
 MINIMUM TEMPERATURE (F)   50        33      1929


SUNRISE AND SUNSET
MAY 19 2019...........SUNRISE   543 AM CDT   SUNSET   824 PM CDT
MAY 20 2019...........SUNRISE   542 AM CDT   SUNSET   825 PM CDT


-  INDICATES NEGATIVE NUMBERS.
R  INDICATES RECORD WAS SET OR TIED.
MM INDICATES DATA IS MISSING.
T  INDICATES TRACE AMOUNT.




$$
