000
CDUS43 KDVN 180916
CLICID


CLIMATE REPORT
NATIONAL WEATHER SERVICE QUAD CITIES IA IL
413 AM CDT MON MAR 18 2019


...................................

...THE CEDAR RAPIDS IA CLIMATE SUMMARY FOR MARCH 17 2019...

CLIMATE NORMAL PERIOD 1981 TO 2010
CLIMATE RECORD PERIOD 1891 TO 2019


WEATHER ITEM   OBSERVED TIME   RECORD YEAR NORMAL DEPARTURE LAST
                VALUE   (LST)  VALUE       VALUE  FROM      YEAR
                                                  NORMAL
..................................................................
TEMPERATURE (F)
 YESTERDAY
  MAXIMUM         39   1256 PM  82    2012  47     -8       47
  MINIMUM         18    645 AM  -2    1902  27     -9       26
  AVERAGE         29                        37     -8       37

PRECIPITATION (IN)
  YESTERDAY       MM             0.75 1966   0.07  MM        0.02
  MONTH TO DATE    1.19                      1.07   0.12     1.04
  SINCE MAR 1      1.19                      1.07   0.12     1.04
  SINCE JAN 1      3.90                      3.21   0.69     3.07

DEGREE DAYS
 HEATING
  YESTERDAY       36                        28      8       28
  MONTH TO DATE  684                       535    149      514
  SINCE MAR 1    684                       535    149      514
  SINCE JUL 1   6221                      5818    403     5569

 COOLING
  YESTERDAY        0                         0      0        0
  MONTH TO DATE    0                         0      0        0
  SINCE MAR 1      0                         0      0        0
  SINCE JAN 1      0                         0      0        0
..................................................................


WIND (MPH)
  HIGHEST WIND SPEED    17   HIGHEST WIND DIRECTION    NW (320)
  HIGHEST GUST SPEED    23   HIGHEST GUST DIRECTION    NW (300)
  AVERAGE WIND SPEED     7.8


SKY COVER
  POSSIBLE SUNSHINE  MM
  AVERAGE SKY COVER 0.4


WEATHER CONDITIONS
 THE FOLLOWING WEATHER WAS RECORDED YESTERDAY.
  FOG W/VISIBILITY <= 1/4 MILE


RELATIVE HUMIDITY (PERCENT)
 HIGHEST   100           600 AM
 LOWEST     70           100 PM
 AVERAGE    85

..........................................................


THE CEDAR RAPIDS IA CLIMATE NORMALS FOR TODAY
                         NORMAL    RECORD    YEAR
 MAXIMUM TEMPERATURE (F)   48        82      2012
 MINIMUM TEMPERATURE (F)   28         2      1941
                                             1923


SUNRISE AND SUNSET
MARCH 18 2019.........SUNRISE   714 AM CDT   SUNSET   717 PM CDT
MARCH 19 2019.........SUNRISE   712 AM CDT   SUNSET   718 PM CDT


-  INDICATES NEGATIVE NUMBERS.
R  INDICATES RECORD WAS SET OR TIED.
MM INDICATES DATA IS MISSING.
T  INDICATES TRACE AMOUNT.




$$
