000
CDUS41 KRLX 250731
CLICKB


CLIMATE REPORT
NATIONAL WEATHER SERVICE CHARLESTON WV
330 AM EDT SAT MAY 25 2019


...................................

...THE CLARKSBURG WV CLIMATE SUMMARY FOR MAY 24 2019...

CLIMATE NORMAL PERIOD 1981 TO 2010
CLIMATE RECORD PERIOD 1922 TO 2019


WEATHER ITEM   OBSERVED TIME   RECORD YEAR NORMAL DEPARTURE LAST
                VALUE   (LST)  VALUE       VALUE  FROM      YEAR
                                                  NORMAL
..................................................................
TEMPERATURE (F)
 YESTERDAY
  MAXIMUM         82    406 PM  95    1941  74      8       84
  MINIMUM         62   1147 PM  32    1963  53      9       50
  AVERAGE         72                        64      8       67

PRECIPITATION (IN)
  YESTERDAY        0.00          1.83 1968   0.16  -0.16     0.00
  MONTH TO DATE    2.20                      3.25  -1.05     3.76
  SINCE JAN 1     16.33                     17.43  -1.10    22.93

DEGREE DAYS
 HEATING
  YESTERDAY        0                         4     -4        0
  MONTH TO DATE   60                       139    -79       27
  SINCE MAR 1    950                      1240   -290     1320
  SINCE JUL 1   4366                      5201   -835     4917

 COOLING
  YESTERDAY        7                         2      5        2
  MONTH TO DATE   91                        29     62      121
  SINCE MAR 1    116                        38     78      141
  SINCE JAN 1    116                        38     78      147
..................................................................


WIND (MPH)
  HIGHEST WIND SPEED    15   HIGHEST WIND DIRECTION    NW (300)
  HIGHEST GUST SPEED    19   HIGHEST GUST DIRECTION     W (290)
  AVERAGE WIND SPEED     4.6


SKY COVER
  AVERAGE SKY COVER 0.2


WEATHER CONDITIONS
 THE FOLLOWING WEATHER WAS RECORDED YESTERDAY.
  NO SIGNIFICANT WEATHER WAS OBSERVED.


RELATIVE HUMIDITY (PERCENT)
 HIGHEST    84           400 AM
 LOWEST     39           100 PM
 AVERAGE    62

..........................................................


THE CLARKSBURG WV CLIMATE NORMALS FOR TODAY
                         NORMAL    RECORD    YEAR
 MAXIMUM TEMPERATURE (F)   75        91      1939
 MINIMUM TEMPERATURE (F)   53        32      2013


SUNRISE AND SUNSET
MAY 25 2019...........SUNRISE   600 AM EDT   SUNSET   836 PM EDT
MAY 26 2019...........SUNRISE   559 AM EDT   SUNSET   837 PM EDT


-  INDICATES NEGATIVE NUMBERS.
R  INDICATES RECORD WAS SET OR TIED.
MM INDICATES DATA IS MISSING.
T  INDICATES TRACE AMOUNT.




$$
