000
CDUS41 KRLX 222124
CLICKB


CLIMATE REPORT
NATIONAL WEATHER SERVICE CHARLESTON WV
523 PM EDT FRI MAR 22 2019


...................................

...THE CLARKSBURG WV CLIMATE SUMMARY FOR MARCH 22 2019...
VALID TODAY AS OF 0500 PM LOCAL TIME.

CLIMATE NORMAL PERIOD 1981 TO 2010
CLIMATE RECORD PERIOD 1922 TO 2019


WEATHER ITEM   OBSERVED TIME   RECORD YEAR NORMAL DEPARTURE LAST
                VALUE   (LST)  VALUE       VALUE  FROM      YEAR
                                                  NORMAL
..................................................................
TEMPERATURE (F)
 TODAY
  MAXIMUM         46    324 PM  84    2012  54     -8       43
  MINIMUM         36    344 PM  12    1986  33      3       25
  AVERAGE         41                        44     -3       34

PRECIPITATION (IN)
  TODAY            0.06          1.12 1945   0.13  -0.07     0.00
  MONTH TO DATE    1.16                      2.71  -1.55     1.28
  SINCE MAR 1      1.16                      2.71  -1.55     1.28
  SINCE JAN 1      9.76                      9.30   0.46    11.43

DEGREE DAYS
 HEATING
  TODAY           24                        21      3       31
  MONTH TO DATE  538                       546     -8      640
  SINCE MAR 1    538                       546     -8      640
  SINCE JUL 1   3954                      4507   -553     4237

 COOLING
  TODAY            0                         0      0        0
  MONTH TO DATE    0                         0      0        0
  SINCE MAR 1      0                         0      0        0
  SINCE JAN 1      0                         0      0        6
..................................................................


WIND (MPH)
  HIGHEST WIND SPEED    32   HIGHEST WIND DIRECTION     N (340)
  HIGHEST GUST SPEED    41   HIGHEST GUST DIRECTION    NW (300)
  AVERAGE WIND SPEED    13.3


SKY COVER
  POSSIBLE SUNSHINE  MM
  AVERAGE SKY COVER 0.9


WEATHER CONDITIONS
 THE FOLLOWING WEATHER WAS RECORDED TODAY.
  THUNDERSTORM
  HEAVY RAIN
  LIGHT RAIN
  LIGHT SNOW
  FOG


RELATIVE HUMIDITY (PERCENT)
 HIGHEST    76          1200 AM
 LOWEST     60           500 AM
 AVERAGE    68

..........................................................


THE CLARKSBURG WV CLIMATE NORMALS FOR TOMORROW
                         NORMAL    RECORD    YEAR
 MAXIMUM TEMPERATURE (F)   55        84      1938
 MINIMUM TEMPERATURE (F)   34        14      1959


SUNRISE AND SUNSET
MARCH 22 2019.........SUNRISE   722 AM EDT   SUNSET   735 PM EDT
MARCH 23 2019.........SUNRISE   720 AM EDT   SUNSET   736 PM EDT


-  INDICATES NEGATIVE NUMBERS.
R  INDICATES RECORD WAS SET OR TIED.
MM INDICATES DATA IS MISSING.
T  INDICATES TRACE AMOUNT.




$$
