000
CDUS44 KHGX 240717
CLICLL


CLIMATE REPORT
NATIONAL WEATHER SERVICE HOUSTON/GALVESTON TX
217 AM CDT TUE APR 24 2018


...................................

...THE COLLEGE STATION CLIMATE SUMMARY FOR APRIL 23 2018...

CLIMATE NORMAL PERIOD 1981 TO 2010
CLIMATE RECORD PERIOD 1902 TO 2018


WEATHER ITEM   OBSERVED TIME   RECORD YEAR NORMAL DEPARTURE LAST
                VALUE   (LST)  VALUE       VALUE  FROM      YEAR
                                                  NORMAL
..................................................................
TEMPERATURE (F)
 YESTERDAY
  MAXIMUM         78    430 PM  95    1891  81     -3       74
  MINIMUM         49    607 AM  43    1907  60    -11       50
  AVERAGE         64                        70     -6       62

PRECIPITATION (IN)
  YESTERDAY        0.00          3.41 1957   0.09  -0.09     0.00
  MONTH TO DATE    1.48                      1.90  -0.42     2.74
  SINCE MAR 1      7.64                      5.07   2.57     4.50
  SINCE JAN 1     10.56                     11.16  -0.60    11.50

SNOWFALL (IN)
  YESTERDAY        0.0
  MONTH TO DATE    0.0
  SINCE JUL 1      5.0

DEGREE DAYS
 HEATING
  YESTERDAY        1                         1      0        3
  MONTH TO DATE   71                        43     28       11
  SINCE MAR 1    151                       215    -64       77
  SINCE JUL 1   1518                      1602    -84      846

 COOLING
  YESTERDAY        0                         6     -6        0
  MONTH TO DATE   59                       104    -45      131
  SINCE MAR 1    161                       163     -2      272
  SINCE JAN 1    207                       191     16      403
..................................................................


WIND (MPH)
  HIGHEST WIND SPEED    18   HIGHEST WIND DIRECTION     N (340)
  HIGHEST GUST SPEED    25   HIGHEST GUST DIRECTION     W (290)
  AVERAGE WIND SPEED     7.6


SKY COVER
  AVERAGE SKY COVER 0.0


WEATHER CONDITIONS
 THE FOLLOWING WEATHER WAS RECORDED YESTERDAY.
  NO SIGNIFICANT WEATHER WAS OBSERVED.


RELATIVE HUMIDITY (PERCENT)
 HIGHEST    93           300 AM
 LOWEST     40           500 PM
 AVERAGE    67

..........................................................


THE COLLEGE STATION CLIMATE NORMALS FOR TODAY
                         NORMAL    RECORD    YEAR
 MAXIMUM TEMPERATURE (F)   81        93      2011
                                             1891
 MINIMUM TEMPERATURE (F)   60        39      1887


SUNRISE AND SUNSET
APRIL 24 2018.........SUNRISE   648 AM CDT   SUNSET   759 PM CDT
APRIL 25 2018.........SUNRISE   647 AM CDT   SUNSET   800 PM CDT


-  INDICATES NEGATIVE NUMBERS.
R  INDICATES RECORD WAS SET OR TIED.
MM INDICATES DATA IS MISSING.
T  INDICATES TRACE AMOUNT.




$$
