000
CDUS44 KHGX 240744
CLICLL


CLIMATE REPORT
NATIONAL WEATHER SERVICE HOUSTON/GALVESTON TX
243 AM CDT SUN MAR 24 2019


...................................

...THE COLLEGE STATION CLIMATE SUMMARY FOR MARCH 23 2019...

CLIMATE NORMAL PERIOD 1981 TO 2010
CLIMATE RECORD PERIOD 1902 TO 2019


WEATHER ITEM   OBSERVED TIME   RECORD YEAR NORMAL DEPARTURE LAST
                VALUE   (LST)  VALUE       VALUE  FROM      YEAR
                                                  NORMAL
..................................................................
TEMPERATURE (F)
 YESTERDAY
  MAXIMUM         76    417 PM  92    1936  74      2       81
  MINIMUM         58    458 AM  30    1968  53      5       58
  AVERAGE         67                        63      4       70

PRECIPITATION (IN)
  YESTERDAY        T             2.35 1984   0.11  -0.11     0.00
  MONTH TO DATE    1.22                      2.35  -1.13     1.17
  SINCE MAR 1      1.22                      2.35  -1.13     1.17
  SINCE JAN 1      8.15                      8.44  -0.29     4.09

SNOWFALL (IN)
  YESTERDAY        0.0
  MONTH TO DATE    0.0
  SINCE JUL 1      T

DEGREE DAYS
 HEATING
  YESTERDAY        0                         4     -4        0
  MONTH TO DATE  185                       143     42       78
  SINCE MAR 1    185                       143     42       78
  SINCE JUL 1   1631                      1530    101     1445

 COOLING
  YESTERDAY        2                         2      0        5
  MONTH TO DATE   34                        37     -3       57
  SINCE MAR 1     34                        37     -3       57
  SINCE JAN 1     63                        65     -2      103
..................................................................


WIND (MPH)
  HIGHEST WIND SPEED    24   HIGHEST WIND DIRECTION     S (160)
  HIGHEST GUST SPEED    30   HIGHEST GUST DIRECTION    SE (150)
  AVERAGE WIND SPEED    11.5


SKY COVER
  AVERAGE SKY COVER 0.6


WEATHER CONDITIONS
 THE FOLLOWING WEATHER WAS RECORDED YESTERDAY.
  FOG
  HAZE


RELATIVE HUMIDITY (PERCENT)
 HIGHEST    93           300 AM
 LOWEST     54           400 PM
 AVERAGE    74

..........................................................


THE COLLEGE STATION CLIMATE NORMALS FOR TODAY
                         NORMAL    RECORD    YEAR
 MAXIMUM TEMPERATURE (F)   74        88      1920
 MINIMUM TEMPERATURE (F)   53        31      2006
                                             1952


SUNRISE AND SUNSET
MARCH 24 2019.........SUNRISE   725 AM CDT   SUNSET   739 PM CDT
MARCH 25 2019.........SUNRISE   723 AM CDT   SUNSET   740 PM CDT


-  INDICATES NEGATIVE NUMBERS.
R  INDICATES RECORD WAS SET OR TIED.
MM INDICATES DATA IS MISSING.
T  INDICATES TRACE AMOUNT.




$$
