306
CDUS44 KHGX 260738
CLICLL


CLIMATE REPORT
NATIONAL WEATHER SERVICE HOUSTON/GALVESTON TX
237 AM CDT SUN MAY 26 2019


...................................

...THE COLLEGE STATION CLIMATE SUMMARY FOR MAY 25 2019...

CLIMATE NORMAL PERIOD 1981 TO 2010
CLIMATE RECORD PERIOD 1902 TO 2019


WEATHER ITEM   OBSERVED TIME   RECORD YEAR NORMAL DEPARTURE LAST
                VALUE   (LST)  VALUE       VALUE  FROM      YEAR
                                                  NORMAL
..................................................................
TEMPERATURE (F)
 YESTERDAY
  MAXIMUM         92    322 PM  97    2011  88      4       92
  MINIMUM         73    444 AM  55    1947  69      4       71
  AVERAGE         83                        78      5       82

PRECIPITATION (IN)
  YESTERDAY        0.00          2.31 2015   0.15  -0.15     0.00
  MONTH TO DATE    6.64                      3.45   3.19     2.08
  SINCE MAR 1     13.44                      9.28   4.16     9.72
  SINCE JAN 1     20.37                     15.37   5.00    12.64

SNOWFALL (IN)
  YESTERDAY        0.0
  MONTH TO DATE    0.0
  SINCE JUL 1      T

DEGREE DAYS
 HEATING
  YESTERDAY        0                         0      0        0
  MONTH TO DATE    1                         0      1        0
  SINCE MAR 1    254                       219     35      154
  SINCE JUL 1   1700                      1606     94     1521

 COOLING
  YESTERDAY       18                        13      5       17
  MONTH TO DATE  281                       265     16      329
  SINCE MAR 1    484                       476      8      515
  SINCE JAN 1    513                       504      9      561
..................................................................


WIND (MPH)
  HIGHEST WIND SPEED    20   HIGHEST WIND DIRECTION    SE (150)
  HIGHEST GUST SPEED    26   HIGHEST GUST DIRECTION    SE (150)
  AVERAGE WIND SPEED    11.3


SKY COVER
  AVERAGE SKY COVER 0.4


WEATHER CONDITIONS
 THE FOLLOWING WEATHER WAS RECORDED YESTERDAY.
  NO SIGNIFICANT WEATHER WAS OBSERVED.


RELATIVE HUMIDITY (PERCENT)
 HIGHEST   100           400 AM
 LOWEST     41           300 PM
 AVERAGE    71

..........................................................


THE COLLEGE STATION CLIMATE NORMALS FOR TODAY
                         NORMAL    RECORD    YEAR
 MAXIMUM TEMPERATURE (F)   88        97      1996
                                             1904
 MINIMUM TEMPERATURE (F)   69        56      1934


SUNRISE AND SUNSET
MAY 26 2019...........SUNRISE   625 AM CDT   SUNSET   820 PM CDT
MAY 27 2019...........SUNRISE   625 AM CDT   SUNSET   820 PM CDT


-  INDICATES NEGATIVE NUMBERS.
R  INDICATES RECORD WAS SET OR TIED.
MM INDICATES DATA IS MISSING.
T  INDICATES TRACE AMOUNT.




$$
