000
CDUS42 KGSP 210721 RRB
CLICLT

CLIMATE REPORT
NATIONAL WEATHER SERVICE GREENVILLE-SPARTANBURG SC
243 AM EDT THU MAR 21 2019


...................................

...THE CHARLOTTE NC CLIMATE SUMMARY FOR MARCH 20 2019...

CLIMATE NORMAL PERIOD 1981 TO 2010
CLIMATE RECORD PERIOD 1878 TO 2019


WEATHER ITEM   OBSERVED TIME   RECORD YEAR NORMAL DEPARTURE LAST
                VALUE   (LST)  VALUE       VALUE  FROM      YEAR
                                                  NORMAL
..................................................................
TEMPERATURE (F)
 YESTERDAY
  MAXIMUM         62    433 PM  85    1948  64     -2       65
  MINIMUM         29    446 AM  23    1923  40    -11       41
  AVERAGE         46                        52     -6       53

PRECIPITATION (IN)
  YESTERDAY        0.05          2.11 1895   0.12  -0.07     0.86
  MONTH TO DATE    2.65                      2.67  -0.02     3.48
  SINCE MAR 1      2.65                      2.67  -0.02     3.48
  SINCE JAN 1     13.19                      9.40   3.79     9.08

SNOWFALL (IN)
  YESTERDAY        0.0           1.3  1915   0.0    0.0      0.0
  MONTH TO DATE    T                         0.5   -0.5      0.2
  SINCE MAR 1      T                         0.5   -0.5      0.2
  SINCE JUL 1      2.9                       4.2   -1.3      4.2
  SNOW DEPTH       0

DEGREE DAYS
 HEATING
  YESTERDAY       19                        13      6       12
  MONTH TO DATE  321                       309     12      328
  SINCE MAR 1    321                       309     12      328
  SINCE JUL 1   2617                      3008   -391     2620

 COOLING
  YESTERDAY        0                         0      0        0
  MONTH TO DATE    0                         0      0        0
  SINCE MAR 1      0                         0      0        0
  SINCE JAN 1      7                         0      7       31
..................................................................


WIND (MPH)
  HIGHEST WIND SPEED    17   HIGHEST WIND DIRECTION     N (10)
  HIGHEST GUST SPEED    26   HIGHEST GUST DIRECTION     E (90)
  AVERAGE WIND SPEED     8.0


SKY COVER
  POSSIBLE SUNSHINE  MM
  AVERAGE SKY COVER 0.4


WEATHER CONDITIONS
 THE FOLLOWING WEATHER WAS RECORDED YESTERDAY.
  LIGHT RAIN
  FOG


RELATIVE HUMIDITY (PERCENT)
 HIGHEST    86          1000 PM
 LOWEST     25           200 PM
 AVERAGE    56

..........................................................


THE CHARLOTTE NC CLIMATE NORMALS FOR TODAY
                         NORMAL    RECORD    YEAR
 MAXIMUM TEMPERATURE (F)   65        87      1935
 MINIMUM TEMPERATURE (F)   41        18      1965


SUNRISE AND SUNSET
MARCH 21 2019.........SUNRISE   726 AM EDT   SUNSET   736 PM EDT
MARCH 22 2019.........SUNRISE   725 AM EDT   SUNSET   737 PM EDT


-  INDICATES NEGATIVE NUMBERS.
R  INDICATES RECORD WAS SET OR TIED.
MM INDICATES DATA IS MISSING.
T  INDICATES TRACE AMOUNT.




$$
