000
CDUS42 KGSP 192039
CLICLT

CLIMATE REPORT
NATIONAL WEATHER SERVICE GREENVILLE-SPARTANBURG SC
433 PM EDT SUN MAY 19 2019


...................................

...THE CHARLOTTE NC CLIMATE SUMMARY FOR MAY 19 2019...
VALID TODAY AS OF 400 PM LOCAL TIME.

CLIMATE NORMAL PERIOD 1981 TO 2010
CLIMATE RECORD PERIOD 1878 TO 2019


WEATHER ITEM   OBSERVED TIME   RECORD YEAR NORMAL DEPARTURE LAST
                VALUE   (LST)  VALUE       VALUE  FROM      YEAR
                                                  NORMAL
..................................................................
TEMPERATURE (F)
 TODAY
  MAXIMUM         89    244 PM  95    1962  80      9       84
  MINIMUM         69    522 AM  40    2009  57     12       69
  AVERAGE         79                        68     11       77

PRECIPITATION (IN)
  TODAY            0.00          2.40 1886   0.10  -0.10      T
  MONTH TO DATE    2.48                      1.87   0.61     1.39
  SINCE MAR 1     10.94                      8.92   2.02    10.63
  SINCE JAN 1     21.48                     15.65   5.83    16.23

SNOWFALL (IN)
  TODAY            0.0           0.0    MM   0.0    0.0      0.0
  MONTH TO DATE    0.0                       0.0    0.0      0.0
  SINCE MAR 1      0.1                       0.6   -0.5      0.2
  SINCE JUL 1      3.0                       4.3   -1.3      4.2
  SNOW DEPTH       0

DEGREE DAYS
 HEATING
  TODAY            0                         1     -1        0
  MONTH TO DATE   12                        43    -31        0
  SINCE MAR 1    570                       676   -106      683
  SINCE JUL 1   2866                      3375   -509     2975

 COOLING
  TODAY           14                         4     10       12
  MONTH TO DATE  133                        56     77      143
  SINCE MAR 1    200                        93    107      159
  SINCE JAN 1    207                        93    114      190
..................................................................


WIND (MPH)
  HIGHEST WIND SPEED    17   HIGHEST WIND DIRECTION     S (170)
  HIGHEST GUST SPEED    23   HIGHEST GUST DIRECTION    SW (220)
  AVERAGE WIND SPEED     8.6


SKY COVER
  POSSIBLE SUNSHINE  MM
  AVERAGE SKY COVER 0.2


WEATHER CONDITIONS
 THE FOLLOWING WEATHER WAS RECORDED TODAY.
  FOG
  HAZE


RELATIVE HUMIDITY (PERCENT)
 HIGHEST    84           400 AM
 LOWEST     43           200 PM
 AVERAGE    64

..........................................................


THE CHARLOTTE NC CLIMATE NORMALS FOR TOMORROW
                         NORMAL    RECORD    YEAR
 MAXIMUM TEMPERATURE (F)   80        95      1964
 MINIMUM TEMPERATURE (F)   57        40      2002


SUNRISE AND SUNSET
MAY 19 2019...........SUNRISE   617 AM EDT   SUNSET   824 PM EDT
MAY 20 2019...........SUNRISE   616 AM EDT   SUNSET   825 PM EDT


-  INDICATES NEGATIVE NUMBERS.
R  INDICATES RECORD WAS SET OR TIED.
MM INDICATES DATA IS MISSING.
T  INDICATES TRACE AMOUNT.




$$
