000
CDUS42 KGSP 262049
CLICLT

CLIMATE REPORT
NATIONAL WEATHER SERVICE GREENVILLE-SPARTANBURG SC
446 PM EDT THU APR 26 2018

..................................

...THE CHARLOTTE NC CLIMATE SUMMARY FOR APRIL 26 2018...
VALID TODAY AS OF 330 PM LOCAL STANDARD TIME.

CLIMATE NORMAL PERIOD 1981 TO 2010
CLIMATE RECORD PERIOD 1878 TO 2018

WEATHER ITEM   OBSERVED TIME   RECORD YEAR NORMAL DEPARTURE LAST
                VALUE   (LST)  VALUE       VALUE  FROM      YEAR
                                                  NORMAL
..................................................................
TEMPERATURE (F)
 TODAY
  MAXIMUM         72    108 PM  92    1915  75     -3       81
  MINIMUM         57    607 AM  34    1910  50      7       54
  AVERAGE         65                        62      3       68

PRECIPITATION (IN)
  TODAY            0.00          2.34 1979   0.10  -0.10     0.00
  MONTH TO DATE    4.75                      2.66   2.09     5.54
  SINCE MAR 1      8.96                      6.67   2.29     8.25
  SINCE JAN 1     14.56                     13.40   1.16    15.16

SNOWFALL (IN)
  TODAY            0.0           0.0    MM   0.0    0.0      0.0
  MONTH TO DATE    T                         0.1   -0.1      0.0
  SINCE MAR 1      0.2                       0.7   -0.5      1.1
  SINCE JUL 1      4.2                       4.4   -0.2      2.2
  SNOW DEPTH       0

DEGREE DAYS
 HEATING
  TODAY            0                         4     -4        0
  MONTH TO DATE  173                       183    -10       85
  SINCE MAR 1    659                       616     43      468
  SINCE JUL 1   2951                      3315   -364     2366

 COOLING
  TODAY            0                         2     -2        3
  MONTH TO DATE   14                        28    -14       67
  SINCE MAR 1     16                        33    -17       85
  SINCE JAN 1     47                        33     14       90
..................................................................

WIND (MPH)
  HIGHEST WIND SPEED    12   HIGHEST WIND DIRECTION    SE (130)
  HIGHEST GUST SPEED    20   HIGHEST GUST DIRECTION    SE (120)
  AVERAGE WIND SPEED     5.5

SKY COVER
  POSSIBLE SUNSHINE  MM
  AVERAGE SKY COVER 0.9

WEATHER CONDITIONS
 THE FOLLOWING WEATHER WAS RECORDED TODAY.
  NO SIGNIFICANT WEATHER WAS OBSERVED.

RELATIVE HUMIDITY (PERCENT)
 HIGHEST    86          1200 AM
 LOWEST     49          1200 PM
 AVERAGE    68

..........................................................

THE CHARLOTTE NC CLIMATE NORMALS FOR TOMORROW
                         NORMAL    RECORD    YEAR
 MAXIMUM TEMPERATURE (F)   75        90      1989
                                             1981
 MINIMUM TEMPERATURE (F)   50        37      1976
                                             1972

SUNRISE AND SUNSET
APRIL 26 2018.........SUNRISE   638 AM EDT   SUNSET   806 PM EDT
APRIL 27 2018.........SUNRISE   637 AM EDT   SUNSET   806 PM EDT

-  INDICATES NEGATIVE NUMBERS.
R  INDICATES RECORD WAS SET OR TIED.
MM INDICATES DATA IS MISSING.
T  INDICATES TRACE AMOUNT.

$$

JMP
