000
CDUS46 KLOX 230120
CLICMA


CLIMATE REPORT
NATIONAL WEATHER SERVICE LOS ANGELES/OXNARD CA
620 PM PDT FRI MAR 22 2019


...................................

...THE CAMARILLO CLIMATE SUMMARY FOR MARCH 22 2019...
VALID TODAY AS OF 0600 PM LOCAL TIME.

CLIMATE NORMAL PERIOD 1981 TO 2010
CLIMATE RECORD PERIOD 1923 TO 2019


WEATHER ITEM   OBSERVED TIME   RECORD YEAR NORMAL DEPARTURE LAST
                VALUE   (LST)  VALUE       VALUE  FROM      YEAR
                                                  NORMAL
..................................................................
TEMPERATURE (F)
 TODAY
  MAXIMUM         66    246 PM  88    2008  66      0       63
                                      1926
  MINIMUM         47    616 AM  33    1935  48     -1       57
  AVERAGE         57                        57      0       60

PRECIPITATION (IN)
  TODAY            0.00          1.26 1978   0.03  -0.03     0.92
  MONTH TO DATE    2.56                      2.34   0.22     4.67
  SINCE OCT 1     15.48                     13.52   1.96     5.90
  SINCE JAN 1     12.94                      9.52   3.42     5.83

SNOWFALL (IN)
  TODAY            0.0
  MONTH TO DATE    0.0
  SINCE MAR 1      0.0
  SINCE JUL 1      0.0

DEGREE DAYS
 HEATING
  TODAY            8                         8      0        5
  MONTH TO DATE  135                       205    -70      165
  SINCE MAR 1    135                       205    -70      165
  SINCE JUL 1   1053                      1541   -488      840

 COOLING
  TODAY            0                         0      0        0
  MONTH TO DATE    2                         0      2        0
  SINCE MAR 1      2                         0      2        0
  SINCE JAN 1      4                         9     -5       42
..................................................................


WIND (MPH)
  HIGHEST WIND SPEED    15   HIGHEST WIND DIRECTION    SW (210)
  HIGHEST GUST SPEED    20   HIGHEST GUST DIRECTION    SW (210)
  AVERAGE WIND SPEED     5.8


SKY COVER
  POSSIBLE SUNSHINE  MM
  AVERAGE SKY COVER 0.4


WEATHER CONDITIONS
 THE FOLLOWING WEATHER WAS RECORDED TODAY.
  NO SIGNIFICANT WEATHER WAS OBSERVED.


RELATIVE HUMIDITY (PERCENT)
 HIGHEST    80           500 AM
 LOWEST     52           400 PM
 AVERAGE    66

..........................................................


THE CAMARILLO CLIMATE NORMALS FOR TOMORROW
                         NORMAL    RECORD    YEAR
 MAXIMUM TEMPERATURE (F)   66        91      1926
 MINIMUM TEMPERATURE (F)   48        34      1936
                                             1935


SUNRISE AND SUNSET
MARCH 22 2019.........SUNRISE   658 AM PDT   SUNSET   709 PM PDT
MARCH 23 2019.........SUNRISE   656 AM PDT   SUNSET   710 PM PDT


-  INDICATES NEGATIVE NUMBERS.
R  INDICATES RECORD WAS SET OR TIED.
MM INDICATES DATA IS MISSING.
T  INDICATES TRACE AMOUNT.




$$
