000
CDUS46 KLOX 210910
CLICMA


CLIMATE REPORT
NATIONAL WEATHER SERVICE LOS ANGELES/OXNARD CA
209 AM PDT SAT APR 21 2018


...................................

...THE CAMARILLO AIRPORT CA CLIMATE SUMMARY FOR APRIL 20 2018...

CLIMATE NORMAL PERIOD 1981 TO 2010
CLIMATE RECORD PERIOD 1923 TO 2018


WEATHER ITEM   OBSERVED TIME   RECORD YEAR NORMAL DEPARTURE LAST
                VALUE   (LST)  VALUE       VALUE  FROM      YEAR
                                                  NORMAL
..................................................................
TEMPERATURE (F)
 YESTERDAY
  MAXIMUM         72   1209 PM  96    2009  69      3       78
  MINIMUM         45    533 AM  37    1928  48     -3       50
  AVERAGE         59                        59      0       64

PRECIPITATION (IN)
  YESTERDAY        0.00          1.14 1983   0.03  -0.03     0.00
  MONTH TO DATE    0.03                      0.46  -0.43     0.13
  SINCE OCT 1      5.94                     14.29  -8.35    19.36
  SINCE JAN 1      5.87                     10.29  -4.42    14.70

SNOWFALL (IN)
  YESTERDAY        0.0
  MONTH TO DATE    0.0
  SINCE MAR 1      0.0
  SINCE JUL 1      0.0

DEGREE DAYS
 HEATING
  YESTERDAY        6                         7     -1        1
  MONTH TO DATE   86                       145    -59       89
  SINCE MAR 1    320                       422   -102      251
  SINCE JUL 1    995                      1758   -763     1239

 COOLING
  YESTERDAY        0                         0      0        0
  MONTH TO DATE   10                         0     10        1
  SINCE MAR 1     10                         4      6        5
  SINCE JAN 1     52                        13     39        6
..................................................................


WIND (MPH)
  HIGHEST WIND SPEED    17   HIGHEST WIND DIRECTION     S (200)
  HIGHEST GUST SPEED    20   HIGHEST GUST DIRECTION    SW (210)
  AVERAGE WIND SPEED     4.6


SKY COVER
  POSSIBLE SUNSHINE  MM
  AVERAGE SKY COVER 0.0


WEATHER CONDITIONS
 THE FOLLOWING WEATHER WAS RECORDED YESTERDAY.
  NO SIGNIFICANT WEATHER WAS OBSERVED.


RELATIVE HUMIDITY (PERCENT)
 HIGHEST    80           100 AM
 LOWEST     35          1100 AM
 AVERAGE    58

..........................................................


THE CAMARILLO AIRPORT CA CLIMATE NORMALS FOR TODAY
                         NORMAL    RECORD    YEAR
 MAXIMUM TEMPERATURE (F)   70        91      2017
                                             1987
 MINIMUM TEMPERATURE (F)   48        33      1925


SUNRISE AND SUNSET
APRIL 21 2018.........SUNRISE   618 AM PDT   SUNSET   733 PM PDT
APRIL 22 2018.........SUNRISE   617 AM PDT   SUNSET   734 PM PDT


-  INDICATES NEGATIVE NUMBERS.
R  INDICATES RECORD WAS SET OR TIED.
MM INDICATES DATA IS MISSING.
T  INDICATES TRACE AMOUNT.




$$
