000
CDUS46 KLOX 220901
CLICMA


CLIMATE REPORT
NATIONAL WEATHER SERVICE LOS ANGELES/OXNARD CA
201 AM PDT WED MAY 22 2019


...................................

...THE CAMARILLO AIRPORT CA CLIMATE SUMMARY FOR MAY 21 2019...

CLIMATE NORMAL PERIOD 1981 TO 2010
CLIMATE RECORD PERIOD 1923 TO 2019


WEATHER ITEM   OBSERVED TIME   RECORD YEAR NORMAL DEPARTURE LAST
                VALUE   (LST)  VALUE       VALUE  FROM      YEAR
                                                  NORMAL
..................................................................
TEMPERATURE (F)
 YESTERDAY
  MAXIMUM         69    117 PM  85    2005  71     -2       66
                                      1942
  MINIMUM         50    246 AM  37    1933  53     -3       55
  AVERAGE         60                        62     -2       61

PRECIPITATION (IN)
  YESTERDAY        0.00          0.89 2006   0.00   0.00     0.00
  MONTH TO DATE    1.06                      0.29   0.77      T
  SINCE OCT 1     16.54                     14.91   1.63     5.94
  SINCE JAN 1     14.00                     10.91   3.09     5.87

SNOWFALL (IN)
  YESTERDAY        0.0
  MONTH TO DATE    0.0
  SINCE MAR 1      0.0
  SINCE JUL 1      0.0

DEGREE DAYS
 HEATING
  YESTERDAY        5                         4      1        4
  MONTH TO DATE   77                        94    -17      112
  SINCE MAR 1    336                       578   -242      476
  SINCE JUL 1   1254                      1914   -660     1151

 COOLING
  YESTERDAY        0                         0      0        0
  MONTH TO DATE    0                         0      0        0
  SINCE MAR 1     25                        11     14       10
  SINCE JAN 1     27                        20      7       52
..................................................................


WIND (MPH)
  HIGHEST WIND SPEED    35   HIGHEST WIND DIRECTION     W (280)
  HIGHEST GUST SPEED    47   HIGHEST GUST DIRECTION     W (250)
  AVERAGE WIND SPEED    14.4


SKY COVER
  POSSIBLE SUNSHINE  MM
  AVERAGE SKY COVER 0.3


WEATHER CONDITIONS
 THE FOLLOWING WEATHER WAS RECORDED YESTERDAY.
  NO SIGNIFICANT WEATHER WAS OBSERVED.


RELATIVE HUMIDITY (PERCENT)
 HIGHEST    89           100 AM
 LOWEST     44           100 PM
 AVERAGE    67

..........................................................


THE CAMARILLO AIRPORT CA CLIMATE NORMALS FOR TODAY
                         NORMAL    RECORD    YEAR
 MAXIMUM TEMPERATURE (F)   71        92      1930
 MINIMUM TEMPERATURE (F)   53        36      1933


SUNRISE AND SUNSET
MAY 22 2019...........SUNRISE   550 AM PDT   SUNSET   756 PM PDT
MAY 23 2019...........SUNRISE   549 AM PDT   SUNSET   757 PM PDT


-  INDICATES NEGATIVE NUMBERS.
R  INDICATES RECORD WAS SET OR TIED.
MM INDICATES DATA IS MISSING.
T  INDICATES TRACE AMOUNT.




$$
