000
CDUS41 KILN 172056
CLICMH


CLIMATE REPORT
NATIONAL WEATHER SERVICE WILMINGTON OH
456 PM EDT MON JUN 17 2019


...................................

...THE COLUMBUS OH CLIMATE SUMMARY FOR JUNE 17 2019...
VALID TODAY AS OF 0400 PM LOCAL TIME.

CLIMATE NORMAL PERIOD 1981 TO 2010
CLIMATE RECORD PERIOD 1869 TO 2019


WEATHER ITEM   OBSERVED TIME   RECORD YEAR NORMAL DEPARTURE LAST
                VALUE   (LST)  VALUE       VALUE  FROM      YEAR
                                                  NORMAL
..................................................................
TEMPERATURE (F)
 TODAY
  MAXIMUM         77    333 PM  97    1994  82     -5       92
                                      1957
                                      1936
  MINIMUM         67    717 AM  44    1980  62      5       70
  AVERAGE         72                        72      0       81

PRECIPITATION (IN)
  TODAY            T             1.48 1973   0.14  -0.14     0.00
  MONTH TO DATE    2.16                      2.33  -0.17     3.22
  SINCE JUN 1      2.16                      2.33  -0.17     3.22
  SINCE JAN 1     23.42                     17.90   5.52    23.60

SNOWFALL (IN)
  TODAY            0.0           0.0    MM   0.0    0.0      0.0
  MONTH TO DATE    0.0                       0.0    0.0      0.0
  SINCE JUN 1      0.0                       0.0    0.0      0.0
  SINCE JUL 1     27.4                      26.7    0.7     30.7
  SNOW DEPTH       0

DEGREE DAYS
 HEATING
  TODAY            0                         0      0        0
  MONTH TO DATE   16                        18     -2        8
  SINCE JUN 1     16                        18     -2        8
  SINCE JUL 1   5166                      5245    -79     5200

 COOLING
  TODAY            7                         8     -1       16
  MONTH TO DATE   74                       100    -26      130
  SINCE JUN 1     74                       100    -26      130
  SINCE JAN 1    197                       182     15      369
..................................................................


WIND (MPH)
  HIGHEST WIND SPEED    15   HIGHEST WIND DIRECTION    SW (240)
  HIGHEST GUST SPEED    17   HIGHEST GUST DIRECTION    SW (220)
  AVERAGE WIND SPEED     5.4


SKY COVER
  POSSIBLE SUNSHINE  MM
  AVERAGE SKY COVER 0.9


WEATHER CONDITIONS
 THE FOLLOWING WEATHER WAS RECORDED TODAY.
  LIGHT RAIN


RELATIVE HUMIDITY (PERCENT)
 HIGHEST    93           400 AM
 LOWEST     74           100 PM
 AVERAGE    84

..........................................................


THE COLUMBUS OH CLIMATE NORMALS FOR TOMORROW
                         NORMAL    RECORD    YEAR
 MAXIMUM TEMPERATURE (F)   83        99      1944
 MINIMUM TEMPERATURE (F)   62        47      1986
                                             1965
                                             1959


SUNRISE AND SUNSET
JUNE 17 2019..........SUNRISE   602 AM EDT   SUNSET   903 PM EDT
JUNE 18 2019..........SUNRISE   602 AM EDT   SUNSET   903 PM EDT


-  INDICATES NEGATIVE NUMBERS.
R  INDICATES RECORD WAS SET OR TIED.
MM INDICATES DATA IS MISSING.
T  INDICATES TRACE AMOUNT.




$$
