000
CDUS41 KILN 262115
CLICMH


CLIMATE REPORT
NATIONAL WEATHER SERVICE WILMINGTON OH
514 PM EDT TUE MAR 26 2019


...................................

...THE COLUMBUS OH CLIMATE SUMMARY FOR MARCH 26 2019...
VALID TODAY AS OF 0500 PM LOCAL TIME.

CLIMATE NORMAL PERIOD 1981 TO 2010
CLIMATE RECORD PERIOD 1869 TO 2019


WEATHER ITEM   OBSERVED TIME   RECORD YEAR NORMAL DEPARTURE LAST
                VALUE   (LST)  VALUE       VALUE  FROM      YEAR
                                                  NORMAL
..................................................................
TEMPERATURE (F)
 TODAY
  MAXIMUM         49    333 PM  80    1907  55     -6       58
  MINIMUM         25    648 AM  13    2001  36    -11       34
  AVERAGE         37                        46     -9       46

PRECIPITATION (IN)
  TODAY            0.00          1.55 1949   0.11  -0.11     0.00
  MONTH TO DATE    3.23                      2.46   0.77     1.20
  SINCE MAR 1      3.23                      2.46   0.77     1.20
  SINCE JAN 1     11.81                      7.44   4.37     8.84

SNOWFALL (IN)
  TODAY            0.0           2.3  1930   0.0    0.0      0.0
  MONTH TO DATE    2.0                       3.8   -1.8      3.2
  SINCE MAR 1      2.0                       3.8   -1.8      3.2
  SINCE JUL 1     27.4                      25.2    2.2     27.8
  SNOW DEPTH       0

DEGREE DAYS
 HEATING
  TODAY           28                        19      9       19
  MONTH TO DATE  729                       624    105      730
  SINCE MAR 1    729                       624    105      730
  SINCE JUL 1   4653                      4619     34     4577

 COOLING
  TODAY            0                         0      0        0
  MONTH TO DATE    0                         0      0        0
  SINCE MAR 1      0                         0      0        0
  SINCE JAN 1      0                         0      0        4
..................................................................


WIND (MPH)
  HIGHEST WIND SPEED    17   HIGHEST WIND DIRECTION    NE (40)
  HIGHEST GUST SPEED    22   HIGHEST GUST DIRECTION    NE (60)
  AVERAGE WIND SPEED     9.4


SKY COVER
  POSSIBLE SUNSHINE  MM
  AVERAGE SKY COVER 0.0


WEATHER CONDITIONS
 THE FOLLOWING WEATHER WAS RECORDED TODAY.
  NO SIGNIFICANT WEATHER WAS OBSERVED.


RELATIVE HUMIDITY (PERCENT)
 HIGHEST    55           600 AM
 LOWEST     29           400 PM
 AVERAGE    42

..........................................................


THE COLUMBUS OH CLIMATE NORMALS FOR TOMORROW
                         NORMAL    RECORD    YEAR
 MAXIMUM TEMPERATURE (F)   56        81      2007
                                             1950
                                             1910
 MINIMUM TEMPERATURE (F)   36        15      1955
                                             1894


SUNRISE AND SUNSET
MARCH 26 2019.........SUNRISE   726 AM EDT   SUNSET   750 PM EDT
MARCH 27 2019.........SUNRISE   724 AM EDT   SUNSET   751 PM EDT


-  INDICATES NEGATIVE NUMBERS.
R  INDICATES RECORD WAS SET OR TIED.
MM INDICATES DATA IS MISSING.
T  INDICATES TRACE AMOUNT.




$$
