000
CDUS43 KILX 240627
CLICMI


CLIMATE REPORT
NATIONAL WEATHER SERVICE LINCOLN IL
127 AM CDT SUN MAR 24 2019


...................................

...THE CHAMPAIGN IL AIRPORT CLIMATE SUMMARY FOR MARCH 23 2019...

CLIMATE NORMAL PERIOD 1981 TO 2010
CLIMATE RECORD PERIOD 9999 TO 9999


WEATHER ITEM   OBSERVED TIME   RECORD YEAR NORMAL DEPARTURE LAST
                VALUE   (LST)  VALUE       VALUE  FROM      YEAR
                                                  NORMAL
..................................................................
TEMPERATURE (F)
 YESTERDAY
  MAXIMUM         55    329 PM  MM      MM  54      1       51
  MINIMUM         22    548 AM  MM      MM  33    -11       31
  AVERAGE         39                        43     -4       41

PRECIPITATION (IN)
  YESTERDAY        T            MM      MM   0.10  -0.10     0.00
  MONTH TO DATE    1.89                      1.89   0.00     0.75
  SINCE MAR 1      1.89                      1.89   0.00     0.75
  SINCE JAN 1      5.25                      5.96  -0.71     7.49

DEGREE DAYS
 HEATING
  YESTERDAY       26                        22      4       24
  MONTH TO DATE  708                       595    113      650
  SINCE MAR 1    708                       595    113      650
  SINCE JUL 1   5233                      5097    136     4895

 COOLING
  YESTERDAY        0                         0      0        0
  MONTH TO DATE    0                         0      0        0
  SINCE MAR 1      0                         0      0        0
  SINCE JAN 1      0                         0      0        0
..................................................................


WIND (MPH)
  HIGHEST WIND SPEED    12   HIGHEST WIND DIRECTION    SE (150)
  HIGHEST GUST SPEED    20   HIGHEST GUST DIRECTION     E (110)
  AVERAGE WIND SPEED     6.3


SKY COVER
  POSSIBLE SUNSHINE  MM
  AVERAGE SKY COVER 0.1


WEATHER CONDITIONS
 THE FOLLOWING WEATHER WAS RECORDED YESTERDAY.
  LIGHT RAIN


RELATIVE HUMIDITY (PERCENT)
 HIGHEST    88           400 AM
 LOWEST     26           400 PM
 AVERAGE    57

..........................................................


THE CHAMPAIGN IL AIRPORT CLIMATE NORMALS FOR TODAY
                         NORMAL    RECORD    YEAR
 MAXIMUM TEMPERATURE (F)   55        MM        MM
 MINIMUM TEMPERATURE (F)   33        MM        MM


SUNRISE AND SUNSET
MARCH 24 2019.........SUNRISE   650 AM CDT   SUNSET   709 PM CDT
MARCH 25 2019.........SUNRISE   649 AM CDT   SUNSET   710 PM CDT


-  INDICATES NEGATIVE NUMBERS.
R  INDICATES RECORD WAS SET OR TIED.
MM INDICATES DATA IS MISSING.
T  INDICATES TRACE AMOUNT.




$$
