000
CDUS43 KILX 260645
CLICMI


CLIMATE REPORT
NATIONAL WEATHER SERVICE LINCOLN IL
144 AM CDT SUN MAY 26 2019


...................................

...THE CHAMPAIGN IL AIRPORT CLIMATE SUMMARY FOR MAY 25 2019...

CLIMATE NORMAL PERIOD 1981 TO 2010
CLIMATE RECORD PERIOD 9999 TO 9999


WEATHER ITEM   OBSERVED TIME   RECORD YEAR NORMAL DEPARTURE LAST
                VALUE   (LST)  VALUE       VALUE  FROM      YEAR
                                                  NORMAL
..................................................................
TEMPERATURE (F)
 YESTERDAY
  MAXIMUM         86    318 PM  MM      MM  78      8       92
  MINIMUM         70    506 AM  MM      MM  54     16       63
  AVERAGE         78                        66     12       78

PRECIPITATION (IN)
  YESTERDAY        0.00         MM      MM   0.14  -0.14     0.61
  MONTH TO DATE    3.89                      3.73   0.16     2.28
  SINCE MAR 1     12.67                     10.27   2.40     7.07
  SINCE JAN 1     16.03                     14.34   1.69    13.81

DEGREE DAYS
 HEATING
  YESTERDAY        0                         3     -3        0
  MONTH TO DATE  136                       129      7        3
  SINCE MAR 1   1374                      1291     83     1422
  SINCE JUL 1   5899                      5793    106     5667

 COOLING
  YESTERDAY       13                         4      9       13
  MONTH TO DATE   65                        56      9      140
  SINCE MAR 1     68                        67      1      143
  SINCE JAN 1     68                        67      1      143
..................................................................


WIND (MPH)
  HIGHEST WIND SPEED    29   HIGHEST WIND DIRECTION     W (260)
  HIGHEST GUST SPEED    40   HIGHEST GUST DIRECTION     W (270)
  AVERAGE WIND SPEED    13.6


SKY COVER
  POSSIBLE SUNSHINE  MM
  AVERAGE SKY COVER 0.3


WEATHER CONDITIONS
 THE FOLLOWING WEATHER WAS RECORDED YESTERDAY.
  NO SIGNIFICANT WEATHER WAS OBSERVED.


RELATIVE HUMIDITY (PERCENT)
 HIGHEST    84           500 AM
 LOWEST     51           200 PM
 AVERAGE    68

..........................................................


THE CHAMPAIGN IL AIRPORT CLIMATE NORMALS FOR TODAY
                         NORMAL    RECORD    YEAR
 MAXIMUM TEMPERATURE (F)   79        MM        MM
 MINIMUM TEMPERATURE (F)   55        MM        MM


SUNRISE AND SUNSET
MAY 26 2019...........SUNRISE   530 AM CDT   SUNSET   811 PM CDT
MAY 27 2019...........SUNRISE   529 AM CDT   SUNSET   812 PM CDT


-  INDICATES NEGATIVE NUMBERS.
R  INDICATES RECORD WAS SET OR TIED.
MM INDICATES DATA IS MISSING.
T  INDICATES TRACE AMOUNT.




$$
