867
CDUS43 KTOP 192133
CLICNK


CLIMATE REPORT
NATIONAL WEATHER SERVICE TOPEKA KS
432 PM CDT SUN MAY 19 2019


...................................

...THE CONCORDIA KS CLIMATE SUMMARY FOR MAY 19 2019...
VALID TODAY AS OF 430 PM LOCAL TIME.

CLIMATE NORMAL PERIOD 1981 TO 2010
CLIMATE RECORD PERIOD 1885 TO 2019


WEATHER ITEM   OBSERVED TIME   RECORD YEAR NORMAL DEPARTURE LAST
                VALUE   (LST)  VALUE       VALUE  FROM      YEAR
                                                  NORMAL
..................................................................
TEMPERATURE (F)
 TODAY
  MAXIMUM         66    230 PM  99    1933  75     -9       77
  MINIMUM         52    736 AM  34    1894  53     -1       56
  AVERAGE         59                        64     -5       67

PRECIPITATION (IN)
  TODAY            0.24          3.61 2011   0.15   0.09     0.22
  MONTH TO DATE    5.51                      2.44   3.07     3.64
  SINCE MAR 1      9.47                      6.90   2.57     5.21
  SINCE JAN 1     11.34                      8.27   3.07     6.20

SNOWFALL (IN)
  TODAY           MM             T    1898   0.0   MM        0.0
  MONTH TO DATE    0.0                       0.0    0.0      0.0
  SINCE JAN 1     32.3                      13.7   18.6      9.8
  SINCE JUL 1     48.2                      20.2   28.0     11.6
  SNOW DEPTH      MM

DEGREE DAYS
 HEATING
  TODAY            6                         3      3        0
  MONTH TO DATE  118                       102     16        1
  SINCE MAR 1   1198                      1159     39     1214
  SINCE JUL 1   5781                      5366    415     5299

 COOLING
  TODAY            0                         2     -2        2
  MONTH TO DATE   45                        28     17       83
  SINCE MAR 1     59                        45     14       92
  SINCE JAN 1     59                        45     14       92
..................................................................


WIND (MPH)
  HIGHEST WIND SPEED    24   HIGHEST WIND DIRECTION     N (340)
  HIGHEST GUST SPEED    34   HIGHEST GUST DIRECTION     N (340)
  AVERAGE WIND SPEED    14.9



WEATHER CONDITIONS
 THE FOLLOWING WEATHER WAS RECORDED TODAY.
  HEAVY RAIN
  RAIN
  FOG


RELATIVE HUMIDITY (PERCENT)
 HIGHEST    93           100 AM
 LOWEST     44           300 PM
 AVERAGE    69

..........................................................


THE CONCORDIA KS CLIMATE NORMALS FOR TOMORROW
                         NORMAL    RECORD    YEAR
 MAXIMUM TEMPERATURE (F)   75        98      1956
 MINIMUM TEMPERATURE (F)   53        33      1931


SUNRISE AND SUNSET
MAY 19 2019...........SUNRISE   613 AM CDT   SUNSET   841 PM CDT
MAY 20 2019...........SUNRISE   612 AM CDT   SUNSET   842 PM CDT


-  INDICATES NEGATIVE NUMBERS.
R  INDICATES RECORD WAS SET OR TIED.
MM INDICATES DATA IS MISSING.
T  INDICATES TRACE AMOUNT.




$$
