000
CDUS43 KICT 180641
CLICNU


CLIMATE REPORT
NATIONAL WEATHER SERVICE WICHITA KS
139 AM CDT MON MAR 18 2019


...................................

...THE CHANUTE KS CLIMATE SUMMARY FOR MARCH 17 2019...

CLIMATE NORMAL PERIOD 1981 TO 2010
CLIMATE RECORD PERIOD 1894 TO 2019


WEATHER ITEM   OBSERVED TIME   RECORD YEAR NORMAL DEPARTURE LAST
                VALUE   (LST)  VALUE       VALUE  FROM      YEAR
                                                  NORMAL
..................................................................
TEMPERATURE (F)
 YESTERDAY
  MAXIMUM         63    415 PM  84    1994  59      4       58
  MINIMUM         33    559 AM  12    1941  37     -4       35
  AVERAGE         48                        48      0       47

PRECIPITATION (IN)
  YESTERDAY        0.00          1.50 1987   0.10  -0.10     0.00
  MONTH TO DATE    1.53                      1.58  -0.05     0.01
  SINCE MAR 1      1.53                      1.58  -0.05     0.01
  SINCE JAN 1      4.39                      4.74  -0.35     2.62

DEGREE DAYS
 HEATING
  YESTERDAY       17                        18     -1       18
  MONTH TO DATE  441                       345     96      307
  SINCE MAR 1    441                       345     96      307
  SINCE JUL 1   4110                      3917    193     3653

 COOLING
  YESTERDAY        0                         0      0        0
  MONTH TO DATE    0                         0      0        0
  SINCE MAR 1      0                         0      0        0
  SINCE JAN 1      0                         0      0        0
..................................................................


WIND (MPH)
  HIGHEST WIND SPEED    10   HIGHEST WIND DIRECTION     N (350)
  HIGHEST GUST SPEED    14   HIGHEST GUST DIRECTION     E (80)
  AVERAGE WIND SPEED     5.2


SKY COVER
  POSSIBLE SUNSHINE  MM
  AVERAGE SKY COVER 0.2


WEATHER CONDITIONS
 THE FOLLOWING WEATHER WAS RECORDED YESTERDAY.
  NO SIGNIFICANT WEATHER WAS OBSERVED.


RELATIVE HUMIDITY (PERCENT)
 HIGHEST    82           200 AM
 LOWEST     23           500 PM
 AVERAGE    53

..........................................................


THE CHANUTE KS CLIMATE NORMALS FOR TODAY
                         NORMAL    RECORD    YEAR
 MAXIMUM TEMPERATURE (F)   59        88      1921
 MINIMUM TEMPERATURE (F)   37         6      1923


SUNRISE AND SUNSET
MARCH 18 2019.........SUNRISE   729 AM CDT   SUNSET   732 PM CDT
MARCH 19 2019.........SUNRISE   727 AM CDT   SUNSET   733 PM CDT


-  INDICATES NEGATIVE NUMBERS.
R  INDICATES RECORD WAS SET OR TIED.
MM INDICATES DATA IS MISSING.
T  INDICATES TRACE AMOUNT.




$$
