000
CDUS43 KICT 190638
CLICNU


CLIMATE REPORT
NATIONAL WEATHER SERVICE WICHITA KS
137 AM CDT SUN MAY 19 2019


...................................

...THE CHANUTE KS CLIMATE SUMMARY FOR MAY 18 2019...

CLIMATE NORMAL PERIOD 1981 TO 2010
CLIMATE RECORD PERIOD 1894 TO 2019


WEATHER ITEM   OBSERVED TIME   RECORD YEAR NORMAL DEPARTURE LAST
                VALUE   (LST)  VALUE       VALUE  FROM      YEAR
                                                  NORMAL
..................................................................
TEMPERATURE (F)
 YESTERDAY
  MAXIMUM         76    844 AM  91    1956  76      0       82
  MINIMUM         58   1159 PM  40    2002  56      2       60
  AVERAGE         67                        66      1       71

PRECIPITATION (IN)
  YESTERDAY        0.86          3.14 1940   0.20   0.66     0.01
  MONTH TO DATE    7.28                      3.09   4.19     4.69
  SINCE MAR 1     14.90                     10.53   4.37     7.28
  SINCE JAN 1     17.76                     13.69   4.07     9.89

DEGREE DAYS
 HEATING
  YESTERDAY        0                         2     -2        0
  MONTH TO DATE   64                        59      5        0
  SINCE MAR 1    850                       889    -39      941
  SINCE JUL 1   4519                      4461     58     4287

 COOLING
  YESTERDAY        2                         3     -1        6
  MONTH TO DATE   55                        41     14      142
  SINCE MAR 1     95                        72     23      151
  SINCE JAN 1     95                        72     23      151
..................................................................


WIND (MPH)
  HIGHEST WIND SPEED    29   HIGHEST WIND DIRECTION     S (170)
  HIGHEST GUST SPEED    41   HIGHEST GUST DIRECTION    SW (230)
  AVERAGE WIND SPEED    12.4


SKY COVER
  POSSIBLE SUNSHINE  MM
  AVERAGE SKY COVER 0.7


WEATHER CONDITIONS
 THE FOLLOWING WEATHER WAS RECORDED YESTERDAY.
  THUNDERSTORM
  HEAVY RAIN
  RAIN
  LIGHT RAIN
  FOG


RELATIVE HUMIDITY (PERCENT)
 HIGHEST    90           900 PM
 LOWEST     68          1200 AM
 AVERAGE    79

..........................................................


THE CHANUTE KS CLIMATE NORMALS FOR TODAY
                         NORMAL    RECORD    YEAR
 MAXIMUM TEMPERATURE (F)   77        94      1911
 MINIMUM TEMPERATURE (F)   57        41      1968


SUNRISE AND SUNSET
MAY 19 2019...........SUNRISE   609 AM CDT   SUNSET   828 PM CDT
MAY 20 2019...........SUNRISE   609 AM CDT   SUNSET   829 PM CDT


-  INDICATES NEGATIVE NUMBERS.
R  INDICATES RECORD WAS SET OR TIED.
MM INDICATES DATA IS MISSING.
T  INDICATES TRACE AMOUNT.




$$
