353
CDUS41 KGYX 222046
CLICON


CLIMATE REPORT
NATIONAL WEATHER SERVICE GRAY ME
446 PM EDT FRI MAR 22 2019


...................................

...THE CONCORD NH CLIMATE SUMMARY FOR MARCH 22 2019...
VALID TODAY AS OF 0400 PM LOCAL TIME.

CLIMATE NORMAL PERIOD 1981 TO 2010
CLIMATE RECORD PERIOD 1868 TO 2019


WEATHER ITEM   OBSERVED TIME   RECORD YEAR NORMAL DEPARTURE LAST
                VALUE   (LST)  VALUE       VALUE  FROM      YEAR
                                                  NORMAL
..................................................................
TEMPERATURE (F)
 TODAY
  MAXIMUM         40    233 PM  84    2012  46     -6       47
  MINIMUM         35    807 AM  -4    1875  25     10       34
  AVERAGE         38                        35      3       41

PRECIPITATION (IN)
  TODAY            0.19          2.48 2001   0.11   0.08      T
  MONTH TO DATE    1.24                      2.26  -1.02     2.49
  SINCE MAR 1      1.24                      2.26  -1.02     2.49
  SINCE JAN 1      8.69                      7.58   1.11     9.25

SNOWFALL (IN)
  TODAY           MM             6.9  1998   0.3   MM         T
  MONTH TO DATE    8.9                       8.6    0.3     28.4
  SINCE MAR 1      8.9                       8.6    0.3     28.4
  SINCE JUL 1     52.5                      56.1   -3.6     85.9
  SNOW DEPTH       4

DEGREE DAYS
 HEATING
  TODAY           27                        30     -3       24
  MONTH TO DATE  798                       737     61      732
  SINCE MAR 1    798                       737     61      732
  SINCE JUL 1   6006                      5997      9     5529

 COOLING
  TODAY            0                         0      0        0
  MONTH TO DATE    0                         0      0        0
  SINCE MAR 1      0                         0      0        0
  SINCE JAN 1      0                         0      0        0
..................................................................


WIND (MPH)
  HIGHEST WIND SPEED    22   HIGHEST WIND DIRECTION    NE (30)
  HIGHEST GUST SPEED    27   HIGHEST GUST DIRECTION     N (20)
  AVERAGE WIND SPEED     9.0


SKY COVER
  POSSIBLE SUNSHINE  MM
  AVERAGE SKY COVER 1.0


WEATHER CONDITIONS
 THE FOLLOWING WEATHER WAS RECORDED TODAY.
  LIGHT RAIN
  FOG


RELATIVE HUMIDITY (PERCENT)
 HIGHEST   100           900 AM
 LOWEST     85          1200 AM
 AVERAGE    93

..........................................................


THE CONCORD NH CLIMATE NORMALS FOR TOMORROW
                         NORMAL    RECORD    YEAR
 MAXIMUM TEMPERATURE (F)   46        80      1938
 MINIMUM TEMPERATURE (F)   25       -10      1875


SUNRISE AND SUNSET
MARCH 22 2019.........SUNRISE   646 AM EDT   SUNSET   700 PM EDT
MARCH 23 2019.........SUNRISE   644 AM EDT   SUNSET   702 PM EDT


-  INDICATES NEGATIVE NUMBERS.
R  INDICATES RECORD WAS SET OR TIED.
MM INDICATES DATA IS MISSING.
T  INDICATES TRACE AMOUNT.




$$
