000
CDUS41 KGYX 250801
CLICON


CLIMATE REPORT
NATIONAL WEATHER SERVICE GRAY ME
401 AM EDT SAT MAY 25 2019


...................................

...THE CONCORD NH CLIMATE SUMMARY FOR MAY 24 2019...

CLIMATE NORMAL PERIOD 1981 TO 2010
CLIMATE RECORD PERIOD 1868 TO 2019


WEATHER ITEM   OBSERVED TIME   RECORD YEAR NORMAL DEPARTURE LAST
                VALUE   (LST)  VALUE       VALUE  FROM      YEAR
                                                  NORMAL
..................................................................
TEMPERATURE (F)
 YESTERDAY
  MAXIMUM         69   1218 PM  91    2007  71     -2       77
                                      1991
                                      1977
  MINIMUM         44   1154 PM  29    1971  45     -1       47
                                      1965
  AVERAGE         57                        58     -1       62

PRECIPITATION (IN)
  YESTERDAY        0.00          2.04 1979   0.13  -0.13     0.00
  MONTH TO DATE    2.20                      2.77  -0.57     0.72
  SINCE MAR 1      8.94                      9.45  -0.51     7.62
  SINCE JAN 1     16.39                     14.77   1.62    14.38

SNOWFALL (IN)
  YESTERDAY        0.0           0.0  2002   0.0    0.0      0.0
                                      2001
                                      2000
  MONTH TO DATE    0.0                       0.2   -0.2      0.0
  SINCE MAR 1      9.2                      14.1   -4.9     30.4
  SINCE JUL 1     52.8                      61.6   -8.8     87.9
  SNOW DEPTH       0

DEGREE DAYS
 HEATING
  YESTERDAY        8                         8      0        3
  MONTH TO DATE  276                       258     18      141
  SINCE MAR 1   1892                      1845     47     1805
  SINCE JUL 1   7100                      7105     -5     6602

 COOLING
  YESTERDAY        0                         1     -1        0
  MONTH TO DATE    8                         7      1       22
  SINCE MAR 1     11                         9      2       22
  SINCE JAN 1     11                         9      2       22
..................................................................


WIND (MPH)
  RESULTANT WIND SPEED   9   RESULTANT WIND DIRECTION  NW (330)
  HIGHEST WIND SPEED    31   HIGHEST WIND DIRECTION    NW (320)
  HIGHEST GUST SPEED    45   HIGHEST GUST DIRECTION    NW (320)
  AVERAGE WIND SPEED    10.3


SKY COVER
  AVERAGE SKY COVER 0.6


WEATHER CONDITIONS
 THE FOLLOWING WEATHER WAS RECORDED YESTERDAY.
  FOG


RELATIVE HUMIDITY (PERCENT)
 HIGHEST   100          1200 AM
 LOWEST     48          1200 PM
 AVERAGE    74

..........................................................


THE CONCORD NH CLIMATE NORMALS FOR TODAY
                         NORMAL    RECORD    YEAR
 MAXIMUM TEMPERATURE (F)   72        93      2007
 MINIMUM TEMPERATURE (F)   46        24      1956


SUNRISE AND SUNSET
MAY 25 2019...........SUNRISE   513 AM EDT   SUNSET   813 PM EDT
MAY 26 2019...........SUNRISE   513 AM EDT   SUNSET   814 PM EDT


-  INDICATES NEGATIVE NUMBERS.
R  INDICATES RECORD WAS SET OR TIED.
MM INDICATES DATA IS MISSING.
T  INDICATES TRACE AMOUNT.




$$
