000
CDUS45 KPUB 260040
CLICOS


CLIMATE REPORT
NATIONAL WEATHER SERVICE PUEBLO
640 PM MDT SAT MAY 25 2019


...................................

...THE COLORADO SPRINGS CO CLIMATE SUMMARY FOR MAY 25 2019...
VALID TODAY AS OF 0500 PM LOCAL TIME.

CLIMATE NORMAL PERIOD 1981 TO 2010
CLIMATE RECORD PERIOD 1872 TO 2019


WEATHER ITEM   OBSERVED TIME   RECORD YEAR NORMAL DEPARTURE LAST
                VALUE   (LST)  VALUE       VALUE  FROM      YEAR
                                                  NORMAL
..................................................................
TEMPERATURE (F)
 TODAY
  MAXIMUM         72    459 PM  92    1964  72      0       88
  MINIMUM         42    221 AM  30    1950  45     -3       50
  AVERAGE         57                        58     -1       69

PRECIPITATION (IN)
  TODAY            0.00          1.29 1996   0.07  -0.07     0.00
  MONTH TO DATE    2.38                      1.55   0.83     0.35
  SINCE MAR 1      4.64                      3.97   0.67     2.03
  SINCE JAN 1      5.20                      4.63   0.57     2.59

SNOWFALL (IN)
  TODAY            0.0           0.8  1950   0.0    0.0      0.0
  MONTH TO DATE    5.1                       0.7    4.4       T
  SINCE MAR 1     17.9                      13.7    4.2      8.4
  SINCE JUL 1     36.2                      37.7   -1.5     21.6
  SNOW DEPTH       0

DEGREE DAYS
 HEATING
  TODAY            8                         7      1        0
  MONTH TO DATE  355                       254    101      108
  SINCE MAR 1   1675                      1613     62     1334
  SINCE JUL 1   6041                      6176   -135     5318

 COOLING
  TODAY            0                         1     -1        4
  MONTH TO DATE    1                         1      0       16
  SINCE MAR 1      1                         2     -1       16
  SINCE JAN 1      1                         2     -1       16
..................................................................


WIND (MPH)
  HIGHEST WIND SPEED    20   HIGHEST WIND DIRECTION    SE (130)
  HIGHEST GUST SPEED    27   HIGHEST GUST DIRECTION    SW (230)
  AVERAGE WIND SPEED     9.0


SKY COVER
  POSSIBLE SUNSHINE  MM
  AVERAGE SKY COVER 0.2


WEATHER CONDITIONS
 THE FOLLOWING WEATHER WAS RECORDED TODAY.
  NO SIGNIFICANT WEATHER WAS OBSERVED.


RELATIVE HUMIDITY (PERCENT)
 HIGHEST    57           200 AM
 LOWEST     24           200 PM
 AVERAGE    41

..........................................................


THE COLORADO SPRINGS CO CLIMATE NORMALS FOR TOMORROW
                         NORMAL    RECORD    YEAR
 MAXIMUM TEMPERATURE (F)   72        91      2018
 MINIMUM TEMPERATURE (F)   46        28      1950


SUNRISE AND SUNSET
MAY 25 2019...........SUNRISE   539 AM MDT   SUNSET   813 PM MDT
MAY 26 2019...........SUNRISE   539 AM MDT   SUNSET   814 PM MDT


-  INDICATES NEGATIVE NUMBERS.
R  INDICATES RECORD WAS SET OR TIED.
MM INDICATES DATA IS MISSING.
T  INDICATES TRACE AMOUNT.




$$
