000
CDUS43 KLSX 232229
CLICOU


CLIMATE REPORT
NATIONAL WEATHER SERVICE ST LOUIS MO
528 PM CDT SAT MAR 23 2019


...................................

...THE COLUMBIA ASOS CLIMATE SUMMARY FOR MARCH 23 2019...
VALID TODAY AS OF 0500 PM LOCAL TIME.

CLIMATE NORMAL PERIOD 1981 TO 2010
CLIMATE RECORD PERIOD 1890 TO 2019


WEATHER ITEM   OBSERVED TIME   RECORD YEAR NORMAL DEPARTURE LAST
                VALUE   (LST)  VALUE       VALUE  FROM      YEAR
                                                  NORMAL
..................................................................
TEMPERATURE (F)
 TODAY
  MAXIMUM         63    255 PM  88    1910  58      5       50
  MINIMUM         40    609 AM   8    1974  36      4       45
  AVERAGE         52                        47      5       48

PRECIPITATION (IN)
  TODAY            0.00          1.63 1936   0.10  -0.10     0.05
  MONTH TO DATE    2.44                      2.06   0.38     2.20
  SINCE MAR 1      2.44                      2.06   0.38     2.20
  SINCE JAN 1      6.41                      6.23   0.18     7.41

SNOWFALL (IN)
  TODAY            0.0           6.1  1974   0.0    0.0      0.0
  MONTH TO DATE    2.2                       1.5    0.7      0.3
  SINCE MAR 1      2.2                       1.5    0.7      0.3
  SINCE JUL 1     28.3                      17.6   10.7      3.5
  SNOW DEPTH       0

DEGREE DAYS
 HEATING
  TODAY           13                        18     -5       17
  MONTH TO DATE  596                       503     93      505
  SINCE MAR 1    596                       503     93      505
  SINCE JUL 1   4578                      4449    129     4144

 COOLING
  TODAY            0                         0      0        0
  MONTH TO DATE    0                         0      0        0
  SINCE MAR 1      0                         0      0        0
  SINCE JAN 1      0                         0      0        0
..................................................................


WIND (MPH)
  HIGHEST WIND SPEED    20   HIGHEST WIND DIRECTION    SE (140)
  HIGHEST GUST SPEED    26   HIGHEST GUST DIRECTION    SE (130)
  AVERAGE WIND SPEED    11.6


SKY COVER
  AVERAGE SKY COVER 0.2



RELATIVE HUMIDITY (PERCENT)
 HIGHEST    70           500 AM
 LOWEST     36           200 PM
 AVERAGE    53

..........................................................


THE COLUMBIA ASOS CLIMATE NORMALS FOR TOMORROW
                         NORMAL    RECORD    YEAR
 MAXIMUM TEMPERATURE (F)   58        89      1929
 MINIMUM TEMPERATURE (F)   37         0      1974


SUNRISE AND SUNSET
MARCH 23 2019.........SUNRISE   708 AM CDT   SUNSET   724 PM CDT
MARCH 24 2019.........SUNRISE   706 AM CDT   SUNSET   725 PM CDT


-  INDICATES NEGATIVE NUMBERS.
R  INDICATES RECORD WAS SET OR TIED.
MM INDICATES DATA IS MISSING.
T  INDICATES TRACE AMOUNT.




$$
