000
CDUS45 KRIW 250746
CLICPR


CLIMATE REPORT
NATIONAL WEATHER SERVICE RIVERTON WY
145 AM MDT TUE JUN 25 2019


...................................

...THE CASPER WY CLIMATE SUMMARY FOR JUNE 24 2019...

CLIMATE NORMAL PERIOD 1981 TO 2010
CLIMATE RECORD PERIOD 1939 TO 2019


WEATHER ITEM   OBSERVED TIME   RECORD YEAR NORMAL DEPARTURE LAST
                VALUE   (LST)  VALUE       VALUE  FROM      YEAR
                                                  NORMAL
..................................................................
TEMPERATURE (F)
 YESTERDAY
  MAXIMUM         76    508 PM 102    1988  83     -7       66
  MINIMUM         46   1159 PM  37    2017  48     -2       49
  AVERAGE         61                        65     -4       58

PRECIPITATION (IN)
  YESTERDAY        0.00          0.58 1958   0.05  -0.05     0.12
  MONTH TO DATE    0.96                      1.34  -0.38     1.47
  SINCE JUN 1      0.96                      1.34  -0.38     1.47
  SINCE JAN 1      8.38                      6.55   1.83     7.66

SNOWFALL (IN)
  YESTERDAY        0.0                       0.0    0.0      0.0
  MONTH TO DATE    0.0                       0.1   -0.1      0.0
  SINCE JUN 1      0.0                       0.1   -0.1      0.0
  SINCE JUL 1     78.5                      74.9    3.6     71.7
  SNOW DEPTH       0

DEGREE DAYS
 HEATING
  YESTERDAY        4                         2      2        7
  MONTH TO DATE  156                       124     32       75
  SINCE JUN 1    156                       124     32       75
  SINCE JUL 1   7943                      7568    375     7413

 COOLING
  YESTERDAY        0                         3     -3        0
  MONTH TO DATE    3                        34    -31       39
  SINCE JUN 1      3                        34    -31       39
  SINCE JAN 1      3                        38    -35       41
..................................................................


WIND (MPH)
  HIGHEST WIND SPEED    25   HIGHEST WIND DIRECTION     W (270)
  HIGHEST GUST SPEED    39   HIGHEST GUST DIRECTION     W (260)
  AVERAGE WIND SPEED    10.9


SKY COVER
  POSSIBLE SUNSHINE  MM
  AVERAGE SKY COVER 0.1


WEATHER CONDITIONS
 THE FOLLOWING WEATHER WAS RECORDED YESTERDAY.
  NO SIGNIFICANT WEATHER WAS OBSERVED.


RELATIVE HUMIDITY (PERCENT)
 HIGHEST    93          1100 PM
 LOWEST     19           500 PM
 AVERAGE    56

..........................................................


THE CASPER WY CLIMATE NORMALS FOR TODAY
                         NORMAL    RECORD    YEAR
 MAXIMUM TEMPERATURE (F)   83       100      2012
 MINIMUM TEMPERATURE (F)   49        38      1993


SUNRISE AND SUNSET
JUNE 25 2019..........SUNRISE   528 AM MDT   SUNSET   849 PM MDT
JUNE 26 2019..........SUNRISE   529 AM MDT   SUNSET   849 PM MDT


-  INDICATES NEGATIVE NUMBERS.
R  INDICATES RECORD WAS SET OR TIED.
MM INDICATES DATA IS MISSING.
T  INDICATES TRACE AMOUNT.




$$
