000
CDUS45 KRIW 270030
CLICPR


CLIMATE REPORT
NATIONAL WEATHER SERVICE RIVERTON WY
629 PM MDT TUE MAR 26 2019


...................................

...THE CASPER WY CLIMATE SUMMARY FOR MARCH 26 2019...
VALID TODAY AS OF 0500 PM LOCAL TIME.

CLIMATE NORMAL PERIOD 1981 TO 2010
CLIMATE RECORD PERIOD 1939 TO 2019


WEATHER ITEM   OBSERVED TIME   RECORD YEAR NORMAL DEPARTURE LAST
                VALUE   (LST)  VALUE       VALUE  FROM      YEAR
                                                  NORMAL
..................................................................
TEMPERATURE (F)
 TODAY
  MAXIMUM         63        MM  74    2004  51     12       36
  MINIMUM         36    300 AM -12    1965  25     11       19
  AVERAGE         50                        38     12       28

PRECIPITATION (IN)
  TODAY            0.00          0.98 1958   0.03  -0.03     0.02
  MONTH TO DATE    1.41                      0.66   0.75     0.59
  SINCE MAR 1      1.41                      0.66   0.75     0.59
  SINCE JAN 1      2.19                      1.74   0.45     1.89

SNOWFALL (IN)
  TODAY            0.0                       0.4   -0.4      0.4
  MONTH TO DATE   24.0                       8.9   15.1      2.0
  SINCE MAR 1     24.0                       8.9   15.1      2.0
  SINCE JUL 1     63.2                      58.3    4.9     61.5
  SNOW DEPTH       0

DEGREE DAYS
 HEATING
  TODAY           15                        27    -12       37
  MONTH TO DATE  946                       792    154      754
  SINCE MAR 1    946                       792    154      754
  SINCE JUL 1   6433                      6240    193     6218

 COOLING
  TODAY            0                         0      0        0
  MONTH TO DATE    0                         0      0        0
  SINCE MAR 1      0                         0      0        0
  SINCE JAN 1      0                         0      0        0
..................................................................


WIND (MPH)
  HIGHEST WIND SPEED    24   HIGHEST WIND DIRECTION    SW (220)
  HIGHEST GUST SPEED    37   HIGHEST GUST DIRECTION    SW (210)
  AVERAGE WIND SPEED    16.0


SKY COVER
  POSSIBLE SUNSHINE  MM
  AVERAGE SKY COVER 0.0


WEATHER CONDITIONS
 THE FOLLOWING WEATHER WAS RECORDED TODAY.
  LIGHT RAIN


RELATIVE HUMIDITY (PERCENT)
 HIGHEST    56           300 AM
 LOWEST     25           400 PM
 AVERAGE    41

..........................................................


THE CASPER WY CLIMATE NORMALS FOR TOMORROW
                         NORMAL    RECORD    YEAR
 MAXIMUM TEMPERATURE (F)   51        73      1986
                                             1946
 MINIMUM TEMPERATURE (F)   25        -6      2009


SUNRISE AND SUNSET
MARCH 26 2019.........SUNRISE   659 AM MDT   SUNSET   725 PM MDT
MARCH 27 2019.........SUNRISE   657 AM MDT   SUNSET   726 PM MDT


-  INDICATES NEGATIVE NUMBERS.
R  INDICATES RECORD WAS SET OR TIED.
MM INDICATES DATA IS MISSING.
T  INDICATES TRACE AMOUNT.




$$
